-- Table structure for table `boosted_doctors`
--

CREATE TABLE `boosted_doctors` (
  `id` bigint unsigned NOT NULL AUTO_INCREMENT,
  `doctor_id` bigint unsigned NOT NULL,
  `doctor_institution_id` bigint unsigned DEFAULT NULL,
  `priority` smallint unsigned NOT NULL DEFAULT '0',
  `price_minor` bigint unsigned NOT NULL DEFAULT '0',
  `placement` enum('homepage','speciality','location','top_listing') COLLATE utf8mb4_unicode_ci NOT NULL DEFAULT 'top_listing',
  `target_value` varchar(255) COLLATE utf8mb4_unicode_ci DEFAULT NULL,
  `sponsored_label` varchar(255) COLLATE utf8mb4_unicode_ci NOT NULL DEFAULT 'Sponsored',
  `starts_at` timestamp NOT NULL,
  `ends_at` timestamp NOT NULL,
  `active` tinyint(1) NOT NULL DEFAULT '1',
  `created_at` timestamp NULL DEFAULT NULL,
  `updated_at` timestamp NULL DEFAULT NULL,
  `status` enum('pending','approved','rejected','cancelled','expired') COLLATE utf8mb4_unicode_ci NOT NULL DEFAULT 'pending',
  `owner_user_id` bigint unsigned DEFAULT NULL,
  `order_reference` varchar(255) COLLATE utf8mb4_unicode_ci DEFAULT NULL,
  `payment_status` varchar(255) COLLATE utf8mb4_unicode_ci NOT NULL DEFAULT 'not_required',
  `rejection_reason` text COLLATE utf8mb4_unicode_ci,
  `approved_by` bigint unsigned DEFAULT NULL,
  `approved_at` timestamp NULL DEFAULT NULL,
  PRIMARY KEY (`id`),
  UNIQUE KEY `boosted_doctors_order_reference_unique` (`order_reference`),
  KEY `boosted_doctors_doctor_id_foreign` (`doctor_id`),
  KEY `boosted_doctors_doctor_institution_id_foreign` (`doctor_institution_id`),
  KEY `boosted_doctors_active_starts_at_ends_at_priority_index` (`active`,`starts_at`,`ends_at`,`priority`),
  KEY `boosted_doctors_owner_user_id_foreign` (`owner_user_id`),
  KEY `boosted_doctors_approved_by_foreign` (`approved_by`),
  KEY `boosted_doctors_status_index` (`status`),
  CONSTRAINT `boosted_doctors_approved_by_foreign` FOREIGN KEY (`approved_by`) REFERENCES `users` (`id`) ON DELETE SET NULL,
  CONSTRAINT `boosted_doctors_doctor_id_foreign` FOREIGN KEY (`doctor_id`) REFERENCES `doctors` (`id`) ON DELETE CASCADE,
  CONSTRAINT `boosted_doctors_doctor_institution_id_foreign` FOREIGN KEY (`doctor_institution_id`) REFERENCES `doctor_institutions` (`id`) ON DELETE CASCADE,
  CONSTRAINT `boosted_doctors_owner_user_id_foreign` FOREIGN KEY (`owner_user_id`) REFERENCES `users` (`id`) ON DELETE SET NULL
) ENGINE=InnoDB AUTO_INCREMENT=2 DEFAULT CHARSET=utf8mb4 COLLATE=utf8mb4_unicode_ci;

--
-- Dumping data for table `boosted_doctors`
--

INSERT INTO `boosted_doctors` VALUES (1,20,NULL,10,0,'homepage',NULL,'Sponsored / Promoted','2026-08-13 02:49:00','2026-09-12 02:49:00',1,'2026-08-13 08:49:34','2026-08-13 08:49:34','approved',1,'PROMO-K3NOWMHBWNYL','not_required',NULL,1,'2026-08-13 08:49:34');

--
-- Table structure for table `boosted_institutions`
--

CREATE TABLE `boosted_institutions` (
  `id` bigint unsigned NOT NULL AUTO_INCREMENT,
  `institution_id` bigint unsigned NOT NULL,
  `priority` smallint unsigned NOT NULL DEFAULT '0',
  `price_minor` bigint unsigned NOT NULL DEFAULT '0',
  `placement` enum('homepage','location','top_listing') COLLATE utf8mb4_unicode_ci NOT NULL DEFAULT 'top_listing',
  `target_value` varchar(255) COLLATE utf8mb4_unicode_ci DEFAULT NULL,
  `sponsored_label` varchar(255) COLLATE utf8mb4_unicode_ci NOT NULL DEFAULT 'Sponsored',
  `starts_at` timestamp NOT NULL,
  `ends_at` timestamp NOT NULL,
  `active` tinyint(1) NOT NULL DEFAULT '1',
  `created_at` timestamp NULL DEFAULT NULL,
  `updated_at` timestamp NULL DEFAULT NULL,
  `status` enum('pending','approved','rejected','cancelled','expired') COLLATE utf8mb4_unicode_ci NOT NULL DEFAULT 'pending',
  `owner_user_id` bigint unsigned DEFAULT NULL,
  `order_reference` varchar(255) COLLATE utf8mb4_unicode_ci DEFAULT NULL,
  `payment_status` varchar(255) COLLATE utf8mb4_unicode_ci NOT NULL DEFAULT 'not_required',
  `rejection_reason` text COLLATE utf8mb4_unicode_ci,
  `approved_by` bigint unsigned DEFAULT NULL,
  `approved_at` timestamp NULL DEFAULT NULL,
  PRIMARY KEY (`id`),
  UNIQUE KEY `boosted_institutions_order_reference_unique` (`order_reference`),
  KEY `boosted_institutions_institution_id_foreign` (`institution_id`),
  KEY `boosted_institutions_active_starts_at_ends_at_priority_index` (`active`,`starts_at`,`ends_at`,`priority`),
  KEY `boosted_institutions_owner_user_id_foreign` (`owner_user_id`),
  KEY `boosted_institutions_approved_by_foreign` (`approved_by`),
  KEY `boosted_institutions_status_index` (`status`),
  CONSTRAINT `boosted_institutions_approved_by_foreign` FOREIGN KEY (`approved_by`) REFERENCES `users` (`id`) ON DELETE SET NULL,
  CONSTRAINT `boosted_institutions_institution_id_foreign` FOREIGN KEY (`institution_id`) REFERENCES `institutions` (`id`) ON DELETE CASCADE,
  CONSTRAINT `boosted_institutions_owner_user_id_foreign` FOREIGN KEY (`owner_user_id`) REFERENCES `users` (`id`) ON DELETE SET NULL
) ENGINE=InnoDB DEFAULT CHARSET=utf8mb4 COLLATE=utf8mb4_unicode_ci;

--
-- Dumping data for table `boosted_institutions`
--


--
-- Table structure for table `cms_pages`
--

CREATE TABLE `cms_pages` (
  `id` bigint unsigned NOT NULL AUTO_INCREMENT,
  `slug` varchar(255) COLLATE utf8mb4_unicode_ci NOT NULL,
  `title_bn` varchar(255) COLLATE utf8mb4_unicode_ci NOT NULL,
  `title_en` varchar(255) COLLATE utf8mb4_unicode_ci NOT NULL,
  `content_bn` longtext COLLATE utf8mb4_unicode_ci NOT NULL,
  `content_en` longtext COLLATE utf8mb4_unicode_ci NOT NULL,
  `meta_description_bn` varchar(320) COLLATE utf8mb4_unicode_ci DEFAULT NULL,
  `meta_description_en` varchar(320) COLLATE utf8mb4_unicode_ci DEFAULT NULL,
  `show_in_footer` tinyint(1) NOT NULL DEFAULT '1',
  `active` tinyint(1) NOT NULL DEFAULT '1',
  `sort_order` smallint unsigned NOT NULL DEFAULT '0',
  `created_at` timestamp NULL DEFAULT NULL,
  `updated_at` timestamp NULL DEFAULT NULL,
  `seo_title_bn` varchar(255) COLLATE utf8mb4_unicode_ci DEFAULT NULL,
  `seo_title_en` varchar(255) COLLATE utf8mb4_unicode_ci DEFAULT NULL,
  `og_title_bn` varchar(255) COLLATE utf8mb4_unicode_ci DEFAULT NULL,
  `og_title_en` varchar(255) COLLATE utf8mb4_unicode_ci DEFAULT NULL,
  `og_description_bn` varchar(320) COLLATE utf8mb4_unicode_ci DEFAULT NULL,
  `og_description_en` varchar(320) COLLATE utf8mb4_unicode_ci DEFAULT NULL,
  `featured_image` varchar(255) COLLATE utf8mb4_unicode_ci DEFAULT NULL,
  `og_image` varchar(255) COLLATE utf8mb4_unicode_ci DEFAULT NULL,
  `canonical_url` varchar(255) COLLATE utf8mb4_unicode_ci DEFAULT NULL,
  `is_indexable` tinyint(1) NOT NULL DEFAULT '1',
  `follow_links` tinyint(1) NOT NULL DEFAULT '1',
  `footer_section` varchar(255) COLLATE utf8mb4_unicode_ci NOT NULL DEFAULT 'company',
  `footer_label_bn` varchar(255) COLLATE utf8mb4_unicode_ci DEFAULT NULL,
  `footer_label_en` varchar(255) COLLATE utf8mb4_unicode_ci DEFAULT NULL,
  PRIMARY KEY (`id`),
  UNIQUE KEY `cms_pages_slug_unique` (`slug`)
) ENGINE=InnoDB AUTO_INCREMENT=5 DEFAULT CHARSET=utf8mb4 COLLATE=utf8mb4_unicode_ci;

--
-- Dumping data for table `cms_pages`
--

INSERT INTO `cms_pages` VALUES (1,'about','আমাদের সম্পর্কে','About us','DocCarex কী\n\nDocCarex বাংলাদেশভিত্তিক একটি স্বাস্থ্যসেবা খোঁজা ও সিরিয়াল সমন্বয় প্ল্যাটফর্ম। এটি হাসপাতাল বা চিকিৎসা কর্তৃপক্ষ নয়। DocCarex-এর যাচাইকৃত তথ্য কাঠামো ব্যবহার করে রোগীদের বিশেষত্ব, স্বাস্থ্য সমস্যা, প্রতিষ্ঠান ও সক্রিয় লোকেশন অনুযায়ী চিকিৎসক খুঁজতে সাহায্য করে।\n\nকেন তৈরি\n\nসঠিক চিকিৎসক ও চেম্বারের তথ্য খুঁজতে সময় কমানো, পছন্দের তারিখে সিরিয়াল অনুরোধ দেওয়া এবং অনুমোদনের অবস্থা এক জায়গায় দেখাই এর উদ্দেশ্য। রোগী নিজে অথবা অনুমোদিত এজেন্টের সহায়তায় অনুরোধ করতে পারেন। দায়িত্বপ্রাপ্ত চিকিৎসক, সহকারী বা রিসেপশন সময় নির্ধারণ করে নিশ্চিত করেন।\n\nআমাদের দৃষ্টিভঙ্গি\n\nপর্যায়ক্রমে আরও সক্রিয় জেলা, প্রতিষ্ঠান এবং নিরাপদ ডিজিটাল সেবা যুক্ত করে সহজলভ্য healthcare discovery গড়ে তোলা। DocCarex-এর তথ্য শিক্ষামূলক ও সমন্বয়মূলক; জরুরি অবস্থা, রোগ নির্ণয় বা চিকিৎসার জন্য সরাসরি নিবন্ধিত চিকিৎসক/জরুরি সেবার সহায়তা নিন।','What DocCarex is\n\nDocCarex is a Bangladesh-based healthcare discovery and appointment-coordination platform. It is not a hospital or medical authority. Using the verified DocCarex data structure, it helps people find doctors by specialty, health concern, institution and active location.\n\nWhy it exists\n\nThe platform reduces the effort needed to find reliable doctor and chamber information, request an appointment for a preferred date and track approval in one place. Patients may request directly or through an authorized agent. An assigned doctor, assistant or reception user confirms the visit time.\n\nOur direction\n\nWe aim to expand active locations and verified providers gradually while improving secure digital coordination. DocCarex content supports discovery and education; for emergencies, diagnosis or treatment, contact a registered clinician or emergency service.','DocCarex কী  DocCarex বাংলাদেশভিত্তিক একটি স্বাস্থ্যসেবা খোঁজা ও সিরিয়াল সমন্বয় প্ল্যাটফর্ম। এটি হাসপাতাল বা চিকিৎসা কর্তৃপক্ষ নয়। DocCarex-এর যাচাইকৃত তথ্য কাঠামো ব্যবহার করে রোগীদের বিশেষত্ব, স্বাস্থ্য সমস্যা, প্রতিষ্ঠান ও সক্রিয় লোকেশন অনুযায়ী চিকিৎসক খুঁজতে সাহায্য করে।  কেন তৈরি  সঠিক চ','What DocCarex is  DocCarex is a Bangladesh-based healthcare discovery and appointment-coordination platform. It is not a hospital or medical authority. Using the verified DocCarex data structure, it helps people find doctors by specialty, health concern, institution and active location.  Why',1,1,1,'2026-08-13 06:03:15','2026-08-13 09:23:04','আমাদের সম্পর্কে — DocCarex','About us — DocCarex',NULL,NULL,NULL,NULL,NULL,NULL,NULL,1,1,'company',NULL,NULL),(2,'contact','যোগাযোগ','Contact us','DocCarex সহায়তা\n\nঅফিসিয়াল ফোন: 01781385581\n\nসিরিয়াল অনুরোধ, অ্যাকাউন্ট ব্যবহার অথবা প্ল্যাটফর্ম-সংক্রান্ত সহায়তার জন্য যোগাযোগ ফর্ম ব্যবহার করুন। ইমেইল, ঠিকানা, ব্যবসার সময় এবং WhatsApp নম্বর Super Admin-এর General Settings থেকে প্রকাশিত হয়।\n\nজরুরি চিকিৎসা সহায়তার জন্য এই যোগাযোগ মাধ্যম ব্যবহার করবেন না; নিকটস্থ জরুরি বিভাগে যোগাযোগ করুন।','DocCarex support\n\nOfficial phone: 01781385581\n\nUse the contact form for appointment requests, account use or platform support. Email, address, business hours and WhatsApp details are published from Super Admin General Settings.\n\nDo not use this channel for medical emergencies; contact the nearest emergency service.','DocCarex সহায়তা  অফিসিয়াল ফোন: 01781385581  সিরিয়াল অনুরোধ, অ্যাকাউন্ট ব্যবহার অথবা প্ল্যাটফর্ম-সংক্রান্ত সহায়তার জন্য যোগাযোগ ফর্ম ব্যবহার করুন। ইমেইল, ঠিকানা, ব্যবসার সময় এবং WhatsApp নম্বর Super Admin-এর General Settings থেকে প্রকাশিত হয়।  জরুরি চিকিৎসা সহায়তার জন্য এই যোগাযোগ মাধ্যম ব্যবহার ক','DocCarex support  Official phone: 01781385581  Use the contact form for appointment requests, account use or platform support. Email, address, business hours and WhatsApp details are published from Super Admin General Settings.  Do not use this channel for medical emergencies; contact the nearest',1,1,2,'2026-08-13 06:03:15','2026-08-13 09:23:04','যোগাযোগ — DocCarex','Contact us — DocCarex',NULL,NULL,NULL,NULL,NULL,NULL,NULL,1,1,'company',NULL,NULL),(3,'privacy','গোপনীয়তা নীতি','Privacy policy','সর্বশেষ হালনাগাদ: ১৩ আগস্ট ২০২৬\n\nDocCarex অ্যাকাউন্টের নাম, মোবাইল/ইমেইল, OTP যাচাই তথ্য, রোগীর বয়স/লিঙ্গ, সিরিয়াল ও প্রতিষ্ঠান নির্বাচন, agent linkage, notification, review, contact message এবং অনুমোদিত prescription তথ্য প্রক্রিয়া করে। খোঁজ ও সক্রিয় location filter ব্যবহারের তথ্য সেবা পরিচালনা ও নিরাপত্তায় ব্যবহৃত হতে পারে।\n\nOTP ও credential নিরাপদ hash/encryption ব্যবস্থায় রাখা হয়; prescription ও account data role-based access control দিয়ে সীমাবদ্ধ। SMS, email, WhatsApp, Maps এবং AI guidance চালু থাকলে সংশ্লিষ্ট provider-এ প্রয়োজনীয় সীমিত তথ্য পাঠানো হতে পারে। AI guidance রোগ নির্ণয় নয়।\n\nSession cookie authentication ও প্রয়োজনীয় security cookie ব্যবহৃত হয়। Analytics চালু করা হলে সেটিংসে প্রকাশযোগ্য তথ্য সংরক্ষিত হবে। প্রয়োজনের অতিরিক্ত তথ্য অনির্দিষ্টকাল রাখার লক্ষ্য নেই; আইনি, নিরাপত্তা ও লেনদেনের প্রয়োজন অনুযায়ী retention প্রযোজ্য।\n\nব্যবহারকারী তথ্য সংশোধন বা account সহায়তার জন্য 01781385581 নম্বরে যোগাযোগ করতে পারেন। শিশুদের তথ্য অভিভাবকের দায়িত্বে প্রদান করতে হবে। নীতি পরিবর্তন হলে এই পৃষ্ঠার তারিখ হালনাগাদ হবে।','Last updated: 13 August 2026\n\nDocCarex processes account name, mobile/email, OTP verification records, patient age/gender, appointment and institution choices, agent links, notifications, reviews, contact messages and authorized prescription data. Search and active-location filters may be processed to operate and secure the service.\n\nOTP and credentials use secure hashing/encryption controls; prescriptions and account data are restricted through role-based authorization. When enabled, limited necessary information may be sent to configured SMS, email, WhatsApp, Maps or AI-guidance providers. AI guidance is not a diagnosis.\n\nThe service uses session and essential security cookies. If analytics is enabled, applicable disclosures will be managed in settings. Data is retained only as reasonably required for service, security, legal and transaction records.\n\nUsers may request correction or account support through 01781385581. Information about children must be supplied under guardian responsibility. The date on this page will change when this policy is materially updated.','সর্বশেষ হালনাগাদ: ১৩ আগস্ট ২০২৬  DocCarex অ্যাকাউন্টের নাম, মোবাইল/ইমেইল, OTP যাচাই তথ্য, রোগীর বয়স/লিঙ্গ, সিরিয়াল ও প্রতিষ্ঠান নির্বাচন, agent linkage, notification, review, contact message এবং অনুমোদিত prescription তথ্য প্রক্রিয়া করে। খোঁজ ও সক্রিয় location filter ব্যবহারের তথ্য সেবা পরিচালনা ও','Last updated: 13 August 2026  DocCarex processes account name, mobile/email, OTP verification records, patient age/gender, appointment and institution choices, agent links, notifications, reviews, contact messages and authorized prescription data. Search and active-location filters may be process',1,1,3,'2026-08-13 06:03:15','2026-08-13 09:23:04','গোপনীয়তা নীতি — DocCarex','Privacy policy — DocCarex',NULL,NULL,NULL,NULL,NULL,NULL,NULL,1,1,'company',NULL,NULL),(4,'terms','ব্যবহারের শর্তাবলি','Terms of service','সর্বশেষ হালনাগাদ: ১৩ আগস্ট ২০২৬\n\nDocCarex চিকিৎসক, হাসপাতাল ও স্বাস্থ্যসেবা খোঁজা এবং সিরিয়াল সমন্বয়ের প্রযুক্তি প্ল্যাটফর্ম; এটি চিকিৎসা প্রদানকারী নয়। OTP বা staff credential ব্যবহারকারীকে গোপন রাখতে হবে।\n\nসিরিয়াল প্রথমে অনুরোধ; দায়িত্বপ্রাপ্ত manager অনুমোদন ও সময় নির্ধারণ না করা পর্যন্ত নিশ্চিত নয়। প্রতিষ্ঠান/চিকিৎসক নিজ সেবা, ফি ও চিকিৎসার জন্য দায়ী। রোগীকে সঠিক তথ্য দেওয়া, সময় মানা এবং cancellation/reschedule/no-show নিয়ম অনুসরণ করতে হবে। Agent রোগীর অনুমতিতে অনুরোধ করে; বৈধ completed appointment ছাড়া কমিশন হয় না।\n\nCompletion, dispute, review, prescription access, diagnostic booking, pharmacy order, withdrawal এবং promotional listing সংশ্লিষ্ট status, permission ও audit নিয়মে পরিচালিত হয়। Sponsored ফল স্পষ্টভাবে চিহ্নিত। Payment চালু থাকলে প্রদর্শিত provider ও refund নিয়ম প্রযোজ্য হবে।\n\nঅননুমোদিত access, ভুয়া তথ্য, harassment, fraud, scraping বা নিরাপত্তা বিঘ্ন নিষিদ্ধ এবং account suspend হতে পারে। Platform content ও branding অনুমতি ছাড়া ব্যবহার করা যাবে না। Third-party SMS, email, WhatsApp, Maps বা payment service-এর নিজস্ব শর্ত প্রযোজ্য।\n\nDocCarex emergency, নির্দিষ্ট ফলাফল বা সব provider-এর availability নিশ্চয়তা দেয় না। যুক্তিসঙ্গত সীমার মধ্যে প্রযুক্তিগত platform-এর দায় সীমিত। পরিবর্তন এই CMS পৃষ্ঠায় প্রকাশ হবে। যোগাযোগ: 01781385581','Last updated: 13 August 2026\n\nDocCarex is a technology platform for healthcare discovery and appointment coordination; it is not a care provider. Users must keep OTPs and staff credentials confidential.\n\nAn appointment begins as a request and is not confirmed until the assigned manager approves and assigns a time. Providers remain responsible for their services, fees and clinical care. Patients must provide accurate information and follow cancellation, rescheduling and no-show rules. Agents act with patient authorization; commission arises only from valid completed appointments.\n\nCompletion, disputes, reviews, prescription access, diagnostic bookings, pharmacy orders, withdrawals and promoted listings follow configured status, permission and audit controls. Sponsored results are labelled. If payment is enabled, displayed provider and refund rules apply.\n\nUnauthorized access, false information, harassment, fraud, scraping or security disruption is prohibited and may result in suspension. Platform content and branding may not be reused without permission. Third-party SMS, email, WhatsApp, Maps and payment terms may also apply.\n\nDocCarex does not guarantee emergency response, clinical outcomes or continuous provider availability. Liability is limited reasonably to its role as a technology platform. Changes will be published on this CMS page. Contact: 01781385581.','সর্বশেষ হালনাগাদ: ১৩ আগস্ট ২০২৬  DocCarex চিকিৎসক, হাসপাতাল ও স্বাস্থ্যসেবা খোঁজা এবং সিরিয়াল সমন্বয়ের প্রযুক্তি প্ল্যাটফর্ম; এটি চিকিৎসা প্রদানকারী নয়। OTP বা staff credential ব্যবহারকারীকে গোপন রাখতে হবে।  সিরিয়াল প্রথমে অনুরোধ; দায়িত্বপ্রাপ্ত manager অনুমোদন ও সময় নির্ধারণ না করা পর্যন্ত নিশ্চ','Last updated: 13 August 2026  DocCarex is a technology platform for healthcare discovery and appointment coordination; it is not a care provider. Users must keep OTPs and staff credentials confidential.  An appointment begins as a request and is not confirmed until the assigned manager approves a',1,1,4,'2026-08-13 06:03:15','2026-08-13 09:23:04','ব্যবহারের শর্তাবলি — DocCarex','Terms of service — DocCarex',NULL,NULL,NULL,NULL,NULL,NULL,NULL,1,1,'company',NULL,NULL);

--
-- Table structure for table `commission_rules`
--

CREATE TABLE `commission_rules` (
  `id` bigint unsigned NOT NULL AUTO_INCREMENT,
  `scope_type` enum('global','doctor','institution','diagnostic','pharmacy') COLLATE utf8mb4_unicode_ci NOT NULL,
  `scope_id` bigint unsigned DEFAULT NULL,
  `commission_type` enum('fixed','percentage') COLLATE utf8mb4_unicode_ci NOT NULL,
  `fixed_amount_minor` bigint unsigned NOT NULL DEFAULT '0',
  `percentage_basis_points` int unsigned NOT NULL DEFAULT '0',
  `priority` smallint unsigned NOT NULL DEFAULT '0',
  `active` tinyint(1) NOT NULL DEFAULT '1',
  `starts_at` timestamp NULL DEFAULT NULL,
  `ends_at` timestamp NULL DEFAULT NULL,
  `created_at` timestamp NULL DEFAULT NULL,
  `updated_at` timestamp NULL DEFAULT NULL,
  PRIMARY KEY (`id`),
  KEY `commission_rules_scope_type_scope_id_active_index` (`scope_type`,`scope_id`,`active`)
) ENGINE=InnoDB DEFAULT CHARSET=utf8mb4 COLLATE=utf8mb4_unicode_ci;

--
-- Dumping data for table `commission_rules`
--


--
-- Table structure for table `commission_transactions`
--

CREATE TABLE `commission_transactions` (
  `id` bigint unsigned NOT NULL AUTO_INCREMENT,
  `reference` char(36) COLLATE utf8mb4_unicode_ci NOT NULL,
  `appointment_id` bigint unsigned NOT NULL,
  `agent_id` bigint unsigned NOT NULL,
  `base_amount_minor` bigint unsigned NOT NULL DEFAULT '0',
  `amount_minor` bigint unsigned NOT NULL,
  `currency` char(3) COLLATE utf8mb4_unicode_ci NOT NULL DEFAULT 'BDT',
  `status` enum('locked','available','reversed') COLLATE utf8mb4_unicode_ci NOT NULL DEFAULT 'locked',
  `rule_snapshot` json NOT NULL,
  `released_at` timestamp NULL DEFAULT NULL,
  `created_at` timestamp NOT NULL DEFAULT CURRENT_TIMESTAMP,
  PRIMARY KEY (`id`),
  UNIQUE KEY `commission_transactions_reference_unique` (`reference`),
  UNIQUE KEY `commission_transactions_appointment_id_unique` (`appointment_id`),
  KEY `idx_commissions_agent_status_created` (`agent_id`,`status`,`created_at`),
  CONSTRAINT `commission_transactions_agent_id_foreign` FOREIGN KEY (`agent_id`) REFERENCES `users` (`id`),
  CONSTRAINT `commission_transactions_appointment_id_foreign` FOREIGN KEY (`appointment_id`) REFERENCES `appointments` (`id`)
) ENGINE=InnoDB AUTO_INCREMENT=2 DEFAULT CHARSET=utf8mb4 COLLATE=utf8mb4_unicode_ci;

--
-- Dumping data for table `commission_transactions`
--

INSERT INTO `commission_transactions` VALUES (1,'f4fdccaf-9112-498e-ba97-379c1f44ab5c',3,7,50000,10000,'BDT','available','{\"base\": \"doctor_consultation_fee\", \"level_id\": 1, \"level_name\": \"Starter\", \"commission_type\": \"fixed\", \"base_amount_minor\": 50000, \"fixed_amount_minor\": 10000, \"percentage_basis_points\": 0}','2026-08-12 23:41:21','2026-08-12 23:41:21');

--
-- Table structure for table `contact_messages`
--

CREATE TABLE `contact_messages` (
  `id` bigint unsigned NOT NULL AUTO_INCREMENT,
  `name` varchar(120) COLLATE utf8mb4_unicode_ci NOT NULL,
  `email` varchar(255) COLLATE utf8mb4_unicode_ci DEFAULT NULL,
  `phone` varchar(30) COLLATE utf8mb4_unicode_ci DEFAULT NULL,
  `subject` varchar(180) COLLATE utf8mb4_unicode_ci NOT NULL,
  `message` text COLLATE utf8mb4_unicode_ci NOT NULL,
  `ip_hash` varchar(64) COLLATE utf8mb4_unicode_ci NOT NULL,
  `user_agent_hash` varchar(64) COLLATE utf8mb4_unicode_ci DEFAULT NULL,
  `status` enum('new','read','resolved','spam') COLLATE utf8mb4_unicode_ci NOT NULL DEFAULT 'new',
  `resolved_by` bigint unsigned DEFAULT NULL,
  `created_at` timestamp NULL DEFAULT NULL,
  `updated_at` timestamp NULL DEFAULT NULL,
  PRIMARY KEY (`id`),
  KEY `contact_messages_resolved_by_foreign` (`resolved_by`),
  CONSTRAINT `contact_messages_resolved_by_foreign` FOREIGN KEY (`resolved_by`) REFERENCES `users` (`id`) ON DELETE SET NULL
) ENGINE=InnoDB DEFAULT CHARSET=utf8mb4 COLLATE=utf8mb4_unicode_ci;

--
-- Dumping data for table `contact_messages`
--


--
-- Table structure for table `data_imports`
--

CREATE TABLE `data_imports` (
  `id` bigint unsigned NOT NULL AUTO_INCREMENT,
  `source` varchar(255) COLLATE utf8mb4_unicode_ci NOT NULL,
  `mode` enum('database_export','api','sitemap') COLLATE utf8mb4_unicode_ci NOT NULL,
  `status` enum('staged','validating','ready','applied','failed','rolled_back') COLLATE utf8mb4_unicode_ci NOT NULL DEFAULT 'staged',
  `backup_reference` varchar(255) COLLATE utf8mb4_unicode_ci NOT NULL,
  `report` json NOT NULL,
  `started_by` bigint unsigned NOT NULL,
  `activated_by` bigint unsigned DEFAULT NULL,
  `activated_at` timestamp NULL DEFAULT NULL,
  `created_at` timestamp NULL DEFAULT NULL,
  `updated_at` timestamp NULL DEFAULT NULL,
  PRIMARY KEY (`id`),
  KEY `data_imports_started_by_foreign` (`started_by`),
  KEY `data_imports_activated_by_foreign` (`activated_by`),
  CONSTRAINT `data_imports_activated_by_foreign` FOREIGN KEY (`activated_by`) REFERENCES `users` (`id`) ON DELETE SET NULL,
  CONSTRAINT `data_imports_started_by_foreign` FOREIGN KEY (`started_by`) REFERENCES `users` (`id`)
) ENGINE=InnoDB AUTO_INCREMENT=3 DEFAULT CHARSET=utf8mb4 COLLATE=utf8mb4_unicode_ci;

--
-- Dumping data for table `data_imports`
--

INSERT INTO `data_imports` VALUES (1,'doctorghor','sitemap','rolled_back','public-sitemaps-20260813-011743','{\"note\": \"Superseded after correcting DoctorGhor source-ID extraction\", \"found\": {\"doctors\": 40, \"hospitals\": 5}, \"failed\": [], \"updated\": {\"doctors\": 39, \"hospitals\": 0}, \"inserted\": {\"doctors\": 1, \"hospitals\": 5}, \"superseded_by\": 2}',1,1,'2026-08-12 19:21:47','2026-08-12 19:17:43','2026-08-12 19:21:47'),(2,'doctorghor','sitemap','applied','public-sitemaps-20260813-012232','{\"found\": {\"doctors\": 40, \"hospitals\": 5}, \"failed\": [], \"updated\": {\"doctors\": 1, \"hospitals\": 5}, \"inserted\": {\"doctors\": 39, \"hospitals\": 0}}',1,1,'2026-08-12 19:27:24','2026-08-12 19:22:32','2026-08-12 19:27:24');

--
-- Table structure for table `diagnostic_bookings`
--

CREATE TABLE `diagnostic_bookings` (
  `id` bigint unsigned NOT NULL AUTO_INCREMENT,
  `public_id` char(36) COLLATE utf8mb4_unicode_ci NOT NULL,
  `patient_id` bigint unsigned NOT NULL,
  `diagnostic_center_id` bigint unsigned NOT NULL,
  `diagnostic_test_id` bigint unsigned DEFAULT NULL,
  `diagnostic_package_id` bigint unsigned DEFAULT NULL,
  `scheduled_at` datetime NOT NULL,
  `amount_minor` bigint unsigned NOT NULL,
  `commission_basis_points_snapshot` int unsigned NOT NULL DEFAULT '0',
  `status` enum('pending','confirmed','sample_collected','completed','cancelled','rejected') COLLATE utf8mb4_unicode_ci NOT NULL DEFAULT 'pending',
  `created_at` timestamp NULL DEFAULT NULL,
  `updated_at` timestamp NULL DEFAULT NULL,
  PRIMARY KEY (`id`),
  UNIQUE KEY `diagnostic_bookings_public_id_unique` (`public_id`),
  KEY `diagnostic_bookings_diagnostic_test_id_foreign` (`diagnostic_test_id`),
  KEY `diagnostic_bookings_diagnostic_package_id_foreign` (`diagnostic_package_id`),
  KEY `diagnostic_bookings_patient_id_created_at_index` (`patient_id`,`created_at`),
  KEY `idx_diagnostic_partner_status_time` (`diagnostic_center_id`,`status`,`scheduled_at`),
  KEY `idx_diagnostic_patient_status_time` (`patient_id`,`status`,`scheduled_at`),
  CONSTRAINT `diagnostic_bookings_diagnostic_center_id_foreign` FOREIGN KEY (`diagnostic_center_id`) REFERENCES `diagnostic_centers` (`id`) ON DELETE CASCADE,
  CONSTRAINT `diagnostic_bookings_diagnostic_package_id_foreign` FOREIGN KEY (`diagnostic_package_id`) REFERENCES `diagnostic_packages` (`id`) ON DELETE SET NULL,
  CONSTRAINT `diagnostic_bookings_diagnostic_test_id_foreign` FOREIGN KEY (`diagnostic_test_id`) REFERENCES `diagnostic_tests` (`id`) ON DELETE SET NULL,
  CONSTRAINT `diagnostic_bookings_patient_id_foreign` FOREIGN KEY (`patient_id`) REFERENCES `users` (`id`)
) ENGINE=InnoDB AUTO_INCREMENT=2 DEFAULT CHARSET=utf8mb4 COLLATE=utf8mb4_unicode_ci;

--
-- Dumping data for table `diagnostic_bookings`
--

INSERT INTO `diagnostic_bookings` VALUES (1,'90000000-0000-4000-8000-000000000001',6,1,1,NULL,'2026-08-22 17:34:41',80000,1500,'confirmed','2026-08-21 11:34:41','2026-08-21 11:34:41');

--
-- Table structure for table `diagnostic_centers`
--

CREATE TABLE `diagnostic_centers` (
  `id` bigint unsigned NOT NULL AUTO_INCREMENT,
  `user_id` bigint unsigned NOT NULL,
  `institution_id` bigint unsigned DEFAULT NULL,
  `name` varchar(255) COLLATE utf8mb4_unicode_ci NOT NULL,
  `name_bn` varchar(255) COLLATE utf8mb4_unicode_ci DEFAULT NULL,
  `address` text COLLATE utf8mb4_unicode_ci NOT NULL,
  `contact` varchar(255) COLLATE utf8mb4_unicode_ci DEFAULT NULL,
  `status` enum('pending','verified','suspended') COLLATE utf8mb4_unicode_ci NOT NULL DEFAULT 'pending',
  `created_at` timestamp NULL DEFAULT NULL,
  `updated_at` timestamp NULL DEFAULT NULL,
  PRIMARY KEY (`id`),
  UNIQUE KEY `diagnostic_centers_user_id_unique` (`user_id`),
  KEY `diagnostic_centers_institution_id_foreign` (`institution_id`),
  CONSTRAINT `diagnostic_centers_institution_id_foreign` FOREIGN KEY (`institution_id`) REFERENCES `institutions` (`id`) ON DELETE SET NULL,
  CONSTRAINT `diagnostic_centers_user_id_foreign` FOREIGN KEY (`user_id`) REFERENCES `users` (`id`) ON DELETE CASCADE
) ENGINE=InnoDB AUTO_INCREMENT=2 DEFAULT CHARSET=utf8mb4 COLLATE=utf8mb4_unicode_ci;

--
-- Dumping data for table `diagnostic_centers`
--

INSERT INTO `diagnostic_centers` VALUES (1,50,NULL,'ShasthoLink Diagnostic Demo','স্বাস্থ্যলিংক ডায়াগনস্টিক ডেমো','Courtpara, Kushtia','01700000008','verified','2026-08-21 11:34:41','2026-08-21 11:34:41');

--
-- Table structure for table `diagnostic_packages`
--

CREATE TABLE `diagnostic_packages` (
  `id` bigint unsigned NOT NULL AUTO_INCREMENT,
  `diagnostic_center_id` bigint unsigned NOT NULL,
  `name` varchar(255) COLLATE utf8mb4_unicode_ci NOT NULL,
  `name_bn` varchar(255) COLLATE utf8mb4_unicode_ci DEFAULT NULL,
  `test_ids` json NOT NULL,
  `price_minor` bigint unsigned NOT NULL,
  `active` tinyint(1) NOT NULL DEFAULT '1',
  `created_at` timestamp NULL DEFAULT NULL,
  `updated_at` timestamp NULL DEFAULT NULL,
  `availability` json DEFAULT NULL,
  PRIMARY KEY (`id`),
  KEY `diagnostic_packages_diagnostic_center_id_foreign` (`diagnostic_center_id`),
  CONSTRAINT `diagnostic_packages_diagnostic_center_id_foreign` FOREIGN KEY (`diagnostic_center_id`) REFERENCES `diagnostic_centers` (`id`) ON DELETE CASCADE
) ENGINE=InnoDB DEFAULT CHARSET=utf8mb4 COLLATE=utf8mb4_unicode_ci;

--
-- Dumping data for table `diagnostic_packages`
--


--
-- Table structure for table `diagnostic_tests`
--

CREATE TABLE `diagnostic_tests` (
  `id` bigint unsigned NOT NULL AUTO_INCREMENT,
  `diagnostic_center_id` bigint unsigned NOT NULL,
  `name` varchar(255) COLLATE utf8mb4_unicode_ci NOT NULL,
  `name_bn` varchar(255) COLLATE utf8mb4_unicode_ci DEFAULT NULL,
  `price_minor` bigint unsigned NOT NULL,
  `active` tinyint(1) NOT NULL DEFAULT '1',
  `created_at` timestamp NULL DEFAULT NULL,
  `updated_at` timestamp NULL DEFAULT NULL,
  `availability` json DEFAULT NULL,
  PRIMARY KEY (`id`),
  KEY `diagnostic_tests_diagnostic_center_id_foreign` (`diagnostic_center_id`),
  CONSTRAINT `diagnostic_tests_diagnostic_center_id_foreign` FOREIGN KEY (`diagnostic_center_id`) REFERENCES `diagnostic_centers` (`id`) ON DELETE CASCADE
) ENGINE=InnoDB AUTO_INCREMENT=2 DEFAULT CHARSET=utf8mb4 COLLATE=utf8mb4_unicode_ci;

--
-- Dumping data for table `diagnostic_tests`
--

INSERT INTO `diagnostic_tests` VALUES (1,1,'Complete Blood Count','কমপ্লিট ব্লাড কাউন্ট',80000,1,'2026-08-21 11:34:41','2026-08-21 11:34:41',NULL);

--
-- Table structure for table `doctor_health_problems`
--

CREATE TABLE `doctor_health_problems` (
  `doctor_id` bigint unsigned NOT NULL,
  `health_problem_id` bigint unsigned NOT NULL,
  PRIMARY KEY (`doctor_id`,`health_problem_id`),
  KEY `doctor_health_problems_health_problem_id_foreign` (`health_problem_id`),
  CONSTRAINT `doctor_health_problems_doctor_id_foreign` FOREIGN KEY (`doctor_id`) REFERENCES `doctors` (`id`) ON DELETE CASCADE,
  CONSTRAINT `doctor_health_problems_health_problem_id_foreign` FOREIGN KEY (`health_problem_id`) REFERENCES `health_problems` (`id`) ON DELETE CASCADE
) ENGINE=InnoDB DEFAULT CHARSET=utf8mb4 COLLATE=utf8mb4_unicode_ci;

--
-- Dumping data for table `doctor_health_problems`
--

INSERT INTO `doctor_health_problems` VALUES (1,1),(42,1),(1,2),(42,2),(43,3);

--
-- Table structure for table `doctor_institutions`
--

CREATE TABLE `doctor_institutions` (
  `id` bigint unsigned NOT NULL AUTO_INCREMENT,
  `doctor_id` bigint unsigned NOT NULL,
  `institution_id` bigint unsigned NOT NULL,
  `chamber_name` varchar(255) COLLATE utf8mb4_unicode_ci NOT NULL DEFAULT 'Main Chamber',
  `chamber_name_bn` varchar(255) COLLATE utf8mb4_unicode_ci DEFAULT NULL,
  `chamber_name_en` varchar(255) COLLATE utf8mb4_unicode_ci DEFAULT NULL,
  `chamber_address` text COLLATE utf8mb4_unicode_ci,
  `chamber_address_bn` text COLLATE utf8mb4_unicode_ci,
  `chamber_address_en` text COLLATE utf8mb4_unicode_ci,
  `location_id` bigint unsigned DEFAULT NULL,
  `consultation_fee_minor` bigint unsigned NOT NULL,
  `appointment_duration_minutes` smallint unsigned NOT NULL DEFAULT '20',
  `capacity_per_slot` smallint unsigned NOT NULL DEFAULT '1',
  `active` tinyint(1) NOT NULL DEFAULT '1',
  `created_at` timestamp NULL DEFAULT NULL,
  `updated_at` timestamp NULL DEFAULT NULL,
  PRIMARY KEY (`id`),
  UNIQUE KEY `uq_doctor_institution_chamber` (`doctor_id`,`institution_id`,`chamber_name`),
  KEY `doctor_institutions_institution_id_foreign` (`institution_id`),
  KEY `idx_doctor_institutions_doctor` (`doctor_id`),
  KEY `doctor_institutions_location_id_foreign` (`location_id`),
  CONSTRAINT `doctor_institutions_doctor_id_foreign` FOREIGN KEY (`doctor_id`) REFERENCES `doctors` (`id`) ON DELETE CASCADE,
  CONSTRAINT `doctor_institutions_institution_id_foreign` FOREIGN KEY (`institution_id`) REFERENCES `institutions` (`id`) ON DELETE CASCADE,
  CONSTRAINT `doctor_institutions_location_id_foreign` FOREIGN KEY (`location_id`) REFERENCES `locations` (`id`) ON DELETE SET NULL
) ENGINE=InnoDB AUTO_INCREMENT=76 DEFAULT CHARSET=utf8mb4 COLLATE=utf8mb4_unicode_ci;

--
-- Dumping data for table `doctor_institutions`
--

INSERT INTO `doctor_institutions` VALUES (1,1,1,'Main Chamber','প্রধান চেম্বার','Main Chamber',NULL,NULL,NULL,NULL,100000,30,1,0,'2026-08-12 22:40:41','2026-08-20 01:28:51'),(2,2,2,'Main Chamber','প্রধান চেম্বার','Main Chamber',NULL,NULL,NULL,NULL,70000,20,1,1,'2026-08-12 19:22:54','2026-08-20 12:07:11'),(3,3,2,'Main Chamber','প্রধান চেম্বার','Main Chamber',NULL,NULL,NULL,NULL,0,20,1,1,'2026-08-12 19:22:59','2026-08-12 19:22:59'),(4,4,2,'Main Chamber','প্রধান চেম্বার','Main Chamber',NULL,NULL,NULL,NULL,0,20,1,1,'2026-08-12 19:23:06','2026-08-12 19:23:06'),(5,5,2,'Main Chamber','প্রধান চেম্বার','Main Chamber',NULL,NULL,NULL,NULL,0,20,1,1,'2026-08-12 19:23:11','2026-08-12 19:23:11'),(6,6,3,'Main Chamber','প্রধান চেম্বার','Main Chamber',NULL,NULL,NULL,1,0,20,1,1,'2026-08-12 19:23:22','2026-08-21 09:26:17'),(7,7,2,'Main Chamber','প্রধান চেম্বার','Main Chamber',NULL,NULL,NULL,NULL,70000,20,1,1,'2026-08-12 19:23:31','2026-08-21 12:04:18'),(8,8,3,'Main Chamber','প্রধান চেম্বার','Main Chamber',NULL,NULL,NULL,1,0,20,1,1,'2026-08-12 19:23:39','2026-08-21 09:26:31'),(9,9,3,'Main Chamber','প্রধান চেম্বার','Main Chamber',NULL,NULL,NULL,NULL,0,20,1,1,'2026-08-12 19:23:51','2026-08-12 19:23:51'),(10,10,4,'Main Chamber','প্রধান চেম্বার','Main Chamber',NULL,NULL,NULL,NULL,0,20,1,1,'2026-08-12 19:24:01','2026-08-12 19:24:01'),(11,11,2,'Main Chamber','প্রধান চেম্বার','Main Chamber',NULL,NULL,NULL,NULL,0,20,1,1,'2026-08-12 19:24:10','2026-08-12 19:24:10'),(12,12,5,'Main Chamber','প্রধান চেম্বার','Main Chamber',NULL,NULL,NULL,NULL,0,20,1,1,'2026-08-12 19:24:22','2026-08-12 19:24:22'),(13,13,2,'Main Chamber','প্রধান চেম্বার','Main Chamber',NULL,NULL,NULL,NULL,0,20,1,1,'2026-08-12 19:24:30','2026-08-12 19:24:30'),(14,14,2,'Main Chamber','প্রধান চেম্বার','Main Chamber',NULL,NULL,NULL,NULL,0,20,1,1,'2026-08-12 19:24:37','2026-08-12 19:24:37'),(15,15,5,'Main Chamber','প্রধান চেম্বার','Main Chamber',NULL,NULL,NULL,NULL,0,20,1,1,'2026-08-12 19:24:48','2026-08-12 19:24:48'),(16,16,3,'Main Chamber','প্রধান চেম্বার','Main Chamber',NULL,NULL,NULL,1,0,20,1,1,'2026-08-12 19:24:54','2026-08-21 09:26:21'),(17,17,2,'Main Chamber','প্রধান চেম্বার','Main Chamber',NULL,NULL,NULL,NULL,0,20,1,1,'2026-08-12 19:25:00','2026-08-12 19:25:00'),(18,18,2,'Main Chamber','প্রধান চেম্বার','Main Chamber',NULL,NULL,NULL,NULL,0,20,1,1,'2026-08-12 19:25:07','2026-08-12 19:25:07'),(19,19,3,'Main Chamber','প্রধান চেম্বার','Main Chamber',NULL,NULL,NULL,1,0,20,1,1,'2026-08-12 19:25:14','2026-08-21 09:26:29'),(20,20,4,'Main Chamber','প্রধান চেম্বার','Main Chamber',NULL,NULL,NULL,NULL,70000,20,1,1,'2026-08-12 19:25:22','2026-08-22 15:28:51'),(21,21,2,'Main Chamber','প্রধান চেম্বার','Main Chamber',NULL,NULL,NULL,NULL,0,20,1,1,'2026-08-12 19:25:29','2026-08-12 19:25:29'),(22,22,2,'Main Chamber','প্রধান চেম্বার','Main Chamber',NULL,NULL,NULL,NULL,0,20,1,1,'2026-08-12 19:25:34','2026-08-12 19:25:34'),(23,23,3,'Main Chamber','প্রধান চেম্বার','Main Chamber',NULL,NULL,NULL,1,0,20,1,1,'2026-08-12 19:25:41','2026-08-21 09:26:25'),(24,24,4,'Main Chamber','প্রধান চেম্বার','Main Chamber',NULL,NULL,NULL,NULL,0,20,1,1,'2026-08-12 19:25:47','2026-08-12 19:25:47'),(25,25,2,'Main Chamber','প্রধান চেম্বার','Main Chamber',NULL,NULL,NULL,NULL,0,20,1,1,'2026-08-12 19:25:53','2026-08-12 19:25:53'),(26,26,2,'Main Chamber','প্রধান চেম্বার','Main Chamber',NULL,NULL,NULL,NULL,0,20,1,1,'2026-08-12 19:26:01','2026-08-12 19:26:01'),(27,27,3,'Main Chamber','প্রধান চেম্বার','Main Chamber',NULL,NULL,NULL,1,0,20,1,1,'2026-08-12 19:26:07','2026-08-21 09:26:35'),(28,28,4,'Main Chamber','প্রধান চেম্বার','Main Chamber',NULL,NULL,NULL,NULL,0,20,1,1,'2026-08-12 19:26:12','2026-08-12 19:26:12'),(29,29,3,'Main Chamber','প্রধান চেম্বার','Main Chamber',NULL,NULL,NULL,1,0,20,1,1,'2026-08-12 19:26:17','2026-08-21 09:26:17'),(30,30,3,'Main Chamber','প্রধান চেম্বার','Main Chamber',NULL,NULL,NULL,1,0,20,1,1,'2026-08-12 19:26:22','2026-08-21 09:26:07'),(31,31,3,'Main Chamber','প্রধান চেম্বার','Main Chamber',NULL,NULL,NULL,1,0,20,1,1,'2026-08-12 19:26:28','2026-08-21 09:26:17'),(32,32,3,'Main Chamber','প্রধান চেম্বার','Main Chamber',NULL,NULL,NULL,1,0,20,1,1,'2026-08-12 19:26:35','2026-08-21 09:26:15'),(33,33,3,'Main Chamber','প্রধান চেম্বার','Main Chamber',NULL,NULL,NULL,1,0,20,1,1,'2026-08-12 19:26:40','2026-08-21 09:26:22'),(34,34,6,'Main Chamber','প্রধান চেম্বার','Main Chamber',NULL,NULL,NULL,NULL,0,20,1,1,'2026-08-12 19:26:46','2026-08-12 19:26:46'),(35,35,6,'Main Chamber','প্রধান চেম্বার','Main Chamber',NULL,NULL,NULL,NULL,0,20,1,1,'2026-08-12 19:26:51','2026-08-12 19:26:51'),(36,36,6,'Main Chamber','প্রধান চেম্বার','Main Chamber',NULL,NULL,NULL,NULL,0,20,1,1,'2026-08-12 19:26:56','2026-08-12 19:26:56'),(37,37,3,'Main Chamber','প্রধান চেম্বার','Main Chamber',NULL,NULL,NULL,1,0,20,1,1,'2026-08-12 19:27:02','2026-08-21 09:26:07'),(38,38,3,'Main Chamber','প্রধান চেম্বার','Main Chamber',NULL,NULL,NULL,NULL,0,20,1,1,'2026-08-12 19:27:09','2026-08-12 19:27:09'),(39,39,3,'Main Chamber','প্রধান চেম্বার','Main Chamber',NULL,NULL,NULL,1,0,20,1,1,'2026-08-12 19:27:14','2026-08-21 09:26:08'),(40,40,3,'Main Chamber','প্রধান চেম্বার','Main Chamber',NULL,NULL,NULL,1,0,20,1,1,'2026-08-12 19:27:20','2026-08-21 09:26:35'),(41,41,3,'Main Chamber','প্রধান চেম্বার','Main Chamber',NULL,NULL,NULL,1,0,20,1,1,'2026-08-12 19:27:24','2026-08-21 09:26:23'),(42,1,1,'Demo Chamber 1',NULL,'Demo Chamber 1','Courtpara, Kushtia',NULL,'Courtpara, Kushtia',4,50000,30,1,1,'2026-08-21 11:21:30','2026-08-21 11:21:30'),(43,42,1,'Demo Chamber 2',NULL,'Demo Chamber 2','Courtpara, Kushtia',NULL,'Courtpara, Kushtia',4,50000,30,1,1,'2026-08-21 11:21:30','2026-08-21 11:21:30'),(44,43,1,'Demo Chamber 3',NULL,'Demo Chamber 3','Courtpara, Kushtia',NULL,'Courtpara, Kushtia',4,50000,30,1,1,'2026-08-21 11:21:30','2026-08-21 11:21:30'),(45,20,2,'Popular','পপুলার চেম্বার','Popular','7th Flore',NULL,'7th Flore',NULL,70000,13,1,1,'2026-08-13 04:56:33','2026-08-13 04:56:40'),(46,44,3,'Sono Consultation Center, Kushtia',NULL,'Sono Consultation Center, Kushtia','Sono Tower, College Mor, Court Para, Kushtia',NULL,'Sono Tower, College Mor, Court Para, Kushtia',1,0,20,1,1,'2026-08-21 09:26:07','2026-08-21 09:26:07'),(47,45,3,'Sono Consultation Center, Kushtia',NULL,'Sono Consultation Center, Kushtia','Sono Tower, College Mor, Court Para, Kushtia',NULL,'Sono Tower, College Mor, Court Para, Kushtia',1,0,20,1,1,'2026-08-21 09:26:08','2026-08-21 09:26:08'),(48,46,3,'Sono Consultation Center, Kushtia',NULL,'Sono Consultation Center, Kushtia','Sono Tower, College Mor, Court Para, Kushtia',NULL,'Sono Tower, College Mor, Court Para, Kushtia',1,0,20,1,1,'2026-08-21 09:26:09','2026-08-21 09:26:09'),(49,47,3,'Sono Consultation Center, Kushtia',NULL,'Sono Consultation Center, Kushtia','Sono Tower, College Mor, Court Para, Kushtia',NULL,'Sono Tower, College Mor, Court Para, Kushtia',1,0,20,1,1,'2026-08-21 09:26:09','2026-08-21 09:26:09'),(50,48,3,'Sono Consultation Center, Kushtia',NULL,'Sono Consultation Center, Kushtia','Sono Tower, College Mor, Court Para, Kushtia',NULL,'Sono Tower, College Mor, Court Para, Kushtia',1,0,20,1,1,'2026-08-21 09:26:15','2026-08-21 09:26:15'),(51,49,3,'Sono Consultation Center, Kushtia',NULL,'Sono Consultation Center, Kushtia','Sono Tower, College Mor, Court Para, Kushtia',NULL,'Sono Tower, College Mor, Court Para, Kushtia',1,0,20,1,1,'2026-08-21 09:26:16','2026-08-21 09:26:16'),(52,50,3,'Sono Consultation Center, Kushtia',NULL,'Sono Consultation Center, Kushtia','Sono Tower, College Mor, Court Para, Kushtia',NULL,'Sono Tower, College Mor, Court Para, Kushtia',1,0,20,1,1,'2026-08-21 09:26:17','2026-08-21 09:26:17'),(53,51,3,'Sono Consultation Center, Kushtia',NULL,'Sono Consultation Center, Kushtia','Sono Tower, College Mor, Court Para, Kushtia',NULL,'Sono Tower, College Mor, Court Para, Kushtia',1,0,20,1,1,'2026-08-21 09:26:18','2026-08-21 09:26:18'),(54,52,3,'Sono Consultation Center, Kushtia',NULL,'Sono Consultation Center, Kushtia','Sono Tower, College Mor, Court Para, Kushtia',NULL,'Sono Tower, College Mor, Court Para, Kushtia',1,0,20,1,1,'2026-08-21 09:26:19','2026-08-21 09:26:19'),(55,53,3,'Sono Consultation Center, Kushtia',NULL,'Sono Consultation Center, Kushtia','Sono Tower, College Mor, Court Para, Kushtia',NULL,'Sono Tower, College Mor, Court Para, Kushtia',1,0,20,1,1,'2026-08-21 09:26:20','2026-08-21 09:26:20'),(56,54,3,'Sono Consultation Center, Kushtia',NULL,'Sono Consultation Center, Kushtia','Sono Tower, College Mor, Court Para, Kushtia',NULL,'Sono Tower, College Mor, Court Para, Kushtia',1,0,20,1,1,'2026-08-21 09:26:21','2026-08-21 09:26:21'),(57,55,3,'Sono Consultation Center, Kushtia',NULL,'Sono Consultation Center, Kushtia','Sono Tower, College Mor, Court Para, Kushtia',NULL,'Sono Tower, College Mor, Court Para, Kushtia',1,0,20,1,1,'2026-08-21 09:26:22','2026-08-21 09:26:22'),(58,56,3,'Sono Consultation Center, Kushtia',NULL,'Sono Consultation Center, Kushtia','Sono Tower, College Mor, Court Para, Kushtia',NULL,'Sono Tower, College Mor, Court Para, Kushtia',1,0,20,1,1,'2026-08-21 09:26:23','2026-08-21 09:26:23'),(59,57,3,'Sono Consultation Center, Kushtia',NULL,'Sono Consultation Center, Kushtia','Sono Tower, College Mor, Court Para, Kushtia',NULL,'Sono Tower, College Mor, Court Para, Kushtia',1,0,20,1,1,'2026-08-21 09:26:23','2026-08-21 09:26:23'),(60,58,3,'Sono Consultation Center, Kushtia',NULL,'Sono Consultation Center, Kushtia','Sono Tower, College Mor, Court Para, Kushtia',NULL,'Sono Tower, College Mor, Court Para, Kushtia',1,0,20,1,1,'2026-08-21 09:26:24','2026-08-21 09:26:24'),(61,59,3,'Sono Consultation Center, Kushtia',NULL,'Sono Consultation Center, Kushtia','Sono Tower, College Mor, Court Para, Kushtia',NULL,'Sono Tower, College Mor, Court Para, Kushtia',1,0,20,1,1,'2026-08-21 09:26:25','2026-08-21 09:26:25'),(62,60,3,'Sono Consultation Center, Kushtia',NULL,'Sono Consultation Center, Kushtia','Sono Tower, College Mor, Court Para, Kushtia',NULL,'Sono Tower, College Mor, Court Para, Kushtia',1,0,20,1,1,'2026-08-21 09:26:25','2026-08-21 09:26:25'),(63,61,3,'Sono Consultation Center, Kushtia',NULL,'Sono Consultation Center, Kushtia','Sono Tower, College Mor, Court Para, Kushtia',NULL,'Sono Tower, College Mor, Court Para, Kushtia',1,0,20,1,1,'2026-08-21 09:26:26','2026-08-21 09:26:26'),(64,62,3,'Sono Consultation Center, Kushtia',NULL,'Sono Consultation Center, Kushtia','Sono Tower, College Mor, Court Para, Kushtia',NULL,'Sono Tower, College Mor, Court Para, Kushtia',1,0,20,1,1,'2026-08-21 09:26:27','2026-08-21 09:26:27'),(65,63,3,'Sono Consultation Center, Kushtia',NULL,'Sono Consultation Center, Kushtia','Sono Tower, College Mor, Court Para, Kushtia',NULL,'Sono Tower, College Mor, Court Para, Kushtia',1,0,20,1,1,'2026-08-21 09:26:28','2026-08-21 09:26:28'),(66,64,3,'Sono Consultation Center, Kushtia',NULL,'Sono Consultation Center, Kushtia','Sono Tower, College Mor, Court Para, Kushtia',NULL,'Sono Tower, College Mor, Court Para, Kushtia',1,0,20,1,1,'2026-08-21 09:26:29','2026-08-21 09:26:29'),(67,65,3,'Sono Consultation Center, Kushtia',NULL,'Sono Consultation Center, Kushtia','Sono Tower, College Mor, Court Para, Kushtia',NULL,'Sono Tower, College Mor, Court Para, Kushtia',1,0,20,1,1,'2026-08-21 09:26:30','2026-08-21 09:26:30'),(68,66,3,'Sono Consultation Center, Kushtia',NULL,'Sono Consultation Center, Kushtia','Sono Tower, College Mor, Court Para, Kushtia',NULL,'Sono Tower, College Mor, Court Para, Kushtia',1,0,20,1,1,'2026-08-21 09:26:31','2026-08-21 09:26:31'),(69,67,3,'Sono Consultation Center, Kushtia',NULL,'Sono Consultation Center, Kushtia','Sono Tower, College Mor, Court Para, Kushtia',NULL,'Sono Tower, College Mor, Court Para, Kushtia',1,0,20,1,1,'2026-08-21 09:26:31','2026-08-21 09:26:31'),(70,68,3,'Sono Consultation Center, Kushtia',NULL,'Sono Consultation Center, Kushtia','Sono Tower, College Mor, Court Para, Kushtia',NULL,'Sono Tower, College Mor, Court Para, Kushtia',1,0,20,1,1,'2026-08-21 09:26:32','2026-08-21 09:26:32'),(71,69,3,'Sono Consultation Center, Kushtia',NULL,'Sono Consultation Center, Kushtia','Sono Tower, College Mor, Court Para, Kushtia',NULL,'Sono Tower, College Mor, Court Para, Kushtia',1,0,20,1,1,'2026-08-21 09:26:33','2026-08-21 09:26:33'),(72,70,3,'Sono Consultation Center, Kushtia',NULL,'Sono Consultation Center, Kushtia','Sono Tower, College Mor, Court Para, Kushtia',NULL,'Sono Tower, College Mor, Court Para, Kushtia',1,0,20,1,1,'2026-08-21 09:26:34','2026-08-21 09:26:34'),(73,1,2,'Demo Chamber 1',NULL,'Demo Chamber 1','Courtpara, Kushtia',NULL,'Courtpara, Kushtia',4,50000,30,1,1,'2026-08-21 11:34:41','2026-08-21 11:34:41'),(74,42,2,'Demo Chamber 2',NULL,'Demo Chamber 2','Courtpara, Kushtia',NULL,'Courtpara, Kushtia',4,50000,30,1,1,'2026-08-21 11:34:41','2026-08-21 11:34:41'),(75,43,2,'Demo Chamber 3',NULL,'Demo Chamber 3','Courtpara, Kushtia',NULL,'Courtpara, Kushtia',4,50000,30,1,1,'2026-08-21 11:34:41','2026-08-21 11:34:41');

--
-- Table structure for table `doctor_schedules`
--

CREATE TABLE `doctor_schedules` (
  `id` bigint unsigned NOT NULL AUTO_INCREMENT,
  `doctor_institution_id` bigint unsigned NOT NULL,
  `weekday` tinyint unsigned NOT NULL,
  `start_time` time NOT NULL,
  `end_time` time NOT NULL,
  `slot_duration_minutes` smallint unsigned NOT NULL,
  `max_patients` smallint unsigned NOT NULL,
  `active` tinyint(1) NOT NULL DEFAULT '1',
  `created_at` timestamp NULL DEFAULT NULL,
  `updated_at` timestamp NULL DEFAULT NULL,
  `break_start` time DEFAULT NULL,
  `break_end` time DEFAULT NULL,
  PRIMARY KEY (`id`),
  KEY `doctor_schedules_doctor_institution_id_weekday_index` (`doctor_institution_id`,`weekday`),
  CONSTRAINT `doctor_schedules_doctor_institution_id_foreign` FOREIGN KEY (`doctor_institution_id`) REFERENCES `doctor_institutions` (`id`) ON DELETE CASCADE
) ENGINE=InnoDB AUTO_INCREMENT=85 DEFAULT CHARSET=utf8mb4 COLLATE=utf8mb4_unicode_ci;

--
-- Dumping data for table `doctor_schedules`
--

INSERT INTO `doctor_schedules` VALUES (1,42,0,'17:00:00','19:00:00',30,1,1,'2026-08-21 11:21:30','2026-08-21 11:21:30',NULL,NULL),(2,42,1,'17:00:00','19:00:00',30,1,1,'2026-08-21 11:21:30','2026-08-21 11:21:30',NULL,NULL),(3,42,2,'17:00:00','19:00:00',30,1,1,'2026-08-21 11:21:30','2026-08-21 11:21:30',NULL,NULL),(4,42,3,'17:00:00','19:00:00',30,1,1,'2026-08-21 11:21:30','2026-08-21 11:21:30',NULL,NULL),(5,42,4,'17:00:00','19:00:00',30,1,1,'2026-08-21 11:21:30','2026-08-21 11:21:30',NULL,NULL),(6,42,5,'17:00:00','19:00:00',30,1,1,'2026-08-21 11:21:30','2026-08-21 11:21:30',NULL,NULL),(7,42,6,'17:00:00','19:00:00',30,1,1,'2026-08-21 11:21:30','2026-08-21 11:21:30',NULL,NULL),(8,43,0,'17:00:00','19:00:00',30,1,1,'2026-08-21 11:21:30','2026-08-21 11:21:30',NULL,NULL),(9,43,1,'17:00:00','19:00:00',30,1,1,'2026-08-21 11:21:30','2026-08-21 11:21:30',NULL,NULL),(10,43,2,'17:00:00','19:00:00',30,1,1,'2026-08-21 11:21:30','2026-08-21 11:21:30',NULL,NULL),(11,43,3,'17:00:00','19:00:00',30,1,1,'2026-08-21 11:21:30','2026-08-21 11:21:30',NULL,NULL),(12,43,4,'17:00:00','19:00:00',30,1,1,'2026-08-21 11:21:30','2026-08-21 11:21:30',NULL,NULL),(13,43,5,'17:00:00','19:00:00',30,1,1,'2026-08-21 11:21:30','2026-08-21 11:21:30',NULL,NULL),(14,43,6,'17:00:00','19:00:00',30,1,1,'2026-08-21 11:21:30','2026-08-21 11:21:30',NULL,NULL),(15,44,0,'17:00:00','19:00:00',30,1,1,'2026-08-21 11:21:30','2026-08-21 11:21:30',NULL,NULL),(16,44,1,'17:00:00','19:00:00',30,1,1,'2026-08-21 11:21:30','2026-08-21 11:21:30',NULL,NULL),(17,44,2,'17:00:00','19:00:00',30,1,1,'2026-08-21 11:21:30','2026-08-21 11:21:30',NULL,NULL),(18,44,3,'17:00:00','19:00:00',30,1,1,'2026-08-21 11:21:30','2026-08-21 11:21:30',NULL,NULL),(19,44,4,'17:00:00','19:00:00',30,1,1,'2026-08-21 11:21:30','2026-08-21 11:21:30',NULL,NULL),(20,44,5,'17:00:00','19:00:00',30,1,1,'2026-08-21 11:21:30','2026-08-21 11:21:30',NULL,NULL),(21,44,6,'17:00:00','19:00:00',30,1,1,'2026-08-21 11:21:30','2026-08-21 11:21:30',NULL,NULL),(23,20,4,'19:00:00','20:00:00',20,1,1,'2026-08-13 04:56:16','2026-08-13 06:34:19',NULL,NULL),(25,45,5,'08:00:00','20:00:00',20,1,1,'2026-08-13 04:57:55','2026-08-13 04:57:55',NULL,NULL),(26,73,0,'17:00:00','19:00:00',30,1,1,'2026-08-21 11:34:41','2026-08-21 11:34:41',NULL,NULL),(27,73,1,'17:00:00','19:00:00',30,1,1,'2026-08-21 11:34:41','2026-08-21 11:34:41',NULL,NULL),(28,73,2,'17:00:00','19:00:00',30,1,1,'2026-08-21 11:34:41','2026-08-21 11:34:41',NULL,NULL),(29,73,3,'17:00:00','19:00:00',30,1,1,'2026-08-21 11:34:41','2026-08-21 11:34:41',NULL,NULL),(30,73,4,'17:00:00','19:00:00',30,1,1,'2026-08-21 11:34:41','2026-08-21 11:34:41',NULL,NULL),(31,73,5,'17:00:00','19:00:00',30,1,1,'2026-08-21 11:34:41','2026-08-21 11:34:41',NULL,NULL),(32,73,6,'17:00:00','19:00:00',30,1,1,'2026-08-21 11:34:41','2026-08-21 11:34:41',NULL,NULL),(33,74,0,'17:00:00','19:00:00',30,1,1,'2026-08-21 11:34:41','2026-08-21 11:34:41',NULL,NULL),(34,74,1,'17:00:00','19:00:00',30,1,1,'2026-08-21 11:34:41','2026-08-21 11:34:41',NULL,NULL),(35,74,2,'17:00:00','19:00:00',30,1,1,'2026-08-21 11:34:41','2026-08-21 11:34:41',NULL,NULL),(36,74,3,'17:00:00','19:00:00',30,1,1,'2026-08-21 11:34:41','2026-08-21 11:34:41',NULL,NULL),(37,74,4,'17:00:00','19:00:00',30,1,1,'2026-08-21 11:34:41','2026-08-21 11:34:41',NULL,NULL),(38,74,5,'17:00:00','19:00:00',30,1,1,'2026-08-21 11:34:41','2026-08-21 11:34:41',NULL,NULL),(39,74,6,'17:00:00','19:00:00',30,1,1,'2026-08-21 11:34:41','2026-08-21 11:34:41',NULL,NULL),(40,75,0,'17:00:00','19:00:00',30,1,1,'2026-08-21 11:34:41','2026-08-21 11:34:41',NULL,NULL),(41,75,1,'17:00:00','19:00:00',30,1,1,'2026-08-21 11:34:41','2026-08-21 11:34:41',NULL,NULL),(42,75,2,'17:00:00','19:00:00',30,1,1,'2026-08-21 11:34:41','2026-08-21 11:34:41',NULL,NULL),(43,75,3,'17:00:00','19:00:00',30,1,1,'2026-08-21 11:34:41','2026-08-21 11:34:41',NULL,NULL),(44,75,4,'17:00:00','19:00:00',30,1,1,'2026-08-21 11:34:41','2026-08-21 11:34:41',NULL,NULL),(45,75,5,'17:00:00','19:00:00',30,1,1,'2026-08-21 11:34:41','2026-08-21 11:34:41',NULL,NULL),(46,75,6,'17:00:00','19:00:00',30,1,1,'2026-08-21 11:34:41','2026-08-21 11:34:41',NULL,NULL),(63,7,6,'16:00:00','21:00:00',20,25,1,'2026-08-21 12:06:48','2026-08-21 12:09:19',NULL,NULL),(64,7,4,'16:00:00','21:00:00',20,25,1,'2026-08-21 12:06:48','2026-08-21 12:09:37',NULL,NULL),(65,7,4,'16:00:00','21:00:00',20,25,1,'2026-08-21 12:06:49','2026-08-21 12:09:47',NULL,NULL),(66,7,0,'16:00:00','21:00:00',20,25,1,'2026-08-21 12:06:49','2026-08-21 12:06:49',NULL,NULL),(67,7,3,'16:00:00','21:00:00',20,25,1,'2026-08-21 12:06:49','2026-08-21 12:09:42',NULL,NULL),(68,7,5,'16:00:00','21:00:00',20,25,1,'2026-08-21 12:06:49','2026-08-21 12:09:52',NULL,NULL),(71,7,1,'16:00:00','21:00:00',20,25,1,'2026-08-21 12:06:50','2026-08-21 12:09:29',NULL,NULL),(79,46,0,'15:00:00','18:00:00',20,25,1,'2026-08-21 12:26:21','2026-08-21 12:26:21',NULL,NULL),(80,46,2,'15:00:00','18:00:00',20,25,1,'2026-08-21 12:26:21','2026-08-21 12:26:21',NULL,NULL),(81,46,3,'15:00:00','18:00:00',20,25,1,'2026-08-21 12:26:21','2026-08-21 12:26:21',NULL,NULL),(82,46,4,'15:00:00','18:00:00',20,25,1,'2026-08-21 12:26:21','2026-08-21 12:26:21',NULL,NULL),(83,46,6,'15:00:00','18:00:00',20,25,1,'2026-08-21 12:26:21','2026-08-21 12:26:21',NULL,NULL),(84,46,5,'09:00:00','18:59:00',20,50,1,'2026-08-21 12:27:38','2026-08-21 12:27:38',NULL,NULL);

--
-- Table structure for table `doctors`
--

CREATE TABLE `doctors` (
  `id` bigint unsigned NOT NULL AUTO_INCREMENT,
  `slug` varchar(255) COLLATE utf8mb4_unicode_ci DEFAULT NULL,
  `legacy_slug` varchar(255) COLLATE utf8mb4_unicode_ci DEFAULT NULL,
  `user_id` bigint unsigned NOT NULL,
  `speciality_id` bigint unsigned NOT NULL,
  `license_number` varchar(255) COLLATE utf8mb4_unicode_ci DEFAULT NULL,
  `qualification` text COLLATE utf8mb4_unicode_ci NOT NULL,
  `experience_years` smallint unsigned NOT NULL DEFAULT '0',
  `completed_patient_adjustment` int NOT NULL DEFAULT '0',
  `biography` text COLLATE utf8mb4_unicode_ci,
  `biography_bn` text COLLATE utf8mb4_unicode_ci,
  `biography_en` text COLLATE utf8mb4_unicode_ci,
  `conditions_treated_bn` text COLLATE utf8mb4_unicode_ci,
  `conditions_treated_en` text COLLATE utf8mb4_unicode_ci,
  `profile_image_path` varchar(255) COLLATE utf8mb4_unicode_ci DEFAULT NULL,
  `source_url` varchar(255) COLLATE utf8mb4_unicode_ci DEFAULT NULL,
  `rating_basis_points` smallint unsigned NOT NULL DEFAULT '0',
  `verification_status` enum('pending','verified','rejected','suspended') COLLATE utf8mb4_unicode_ci NOT NULL DEFAULT 'pending',
  `verified_badge` tinyint(1) NOT NULL DEFAULT '0',
  `active` tinyint(1) NOT NULL DEFAULT '1',
  `created_at` timestamp NULL DEFAULT NULL,
  `updated_at` timestamp NULL DEFAULT NULL,
  `deleted_at` timestamp NULL DEFAULT NULL,
  `deleted_by` bigint unsigned DEFAULT NULL,
  `degrees` json DEFAULT NULL,
  `sub_speciality` varchar(255) COLLATE utf8mb4_unicode_ci DEFAULT NULL,
  `designation` varchar(255) COLLATE utf8mb4_unicode_ci DEFAULT NULL,
  `display_order` int unsigned NOT NULL DEFAULT '0',
  PRIMARY KEY (`id`),
  UNIQUE KEY `doctors_user_id_unique` (`user_id`),
  UNIQUE KEY `doctors_license_number_unique` (`license_number`),
  UNIQUE KEY `doctors_slug_unique` (`slug`),
  KEY `doctors_speciality_id_foreign` (`speciality_id`),
  KEY `doctors_display_order_index` (`display_order`),
  KEY `doctors_deleted_by_foreign` (`deleted_by`),
  KEY `doctors_active_index` (`active`),
  KEY `doctors_deleted_at_index` (`deleted_at`),
  KEY `doctors_verified_badge_index` (`verified_badge`),
  KEY `doctors_legacy_slug_index` (`legacy_slug`),
  CONSTRAINT `doctors_deleted_by_foreign` FOREIGN KEY (`deleted_by`) REFERENCES `users` (`id`) ON DELETE SET NULL,
  CONSTRAINT `doctors_speciality_id_foreign` FOREIGN KEY (`speciality_id`) REFERENCES `specialities` (`id`),
  CONSTRAINT `doctors_user_id_foreign` FOREIGN KEY (`user_id`) REFERENCES `users` (`id`)
) ENGINE=InnoDB AUTO_INCREMENT=71 DEFAULT CHARSET=utf8mb4 COLLATE=utf8mb4_unicode_ci;

--
-- Dumping data for table `doctors`
--

INSERT INTO `doctors` VALUES (1,'demo-doctor-1','doctor-demo',3,1,'DEMO-BMDC-001','MBBS, FCPS',12,0,'Connected local demo doctor','সংযুক্ত লোকাল ডেমো চিকিৎসক',NULL,'ভাইরাল জ্বর, ডেঙ্গু, চিকুনগুনিয়া, টাইফয়েড\nমাথা ঘোরা, অজ্ঞান হওয়া\nবুক ধড়ফড় করা\nবুকে ব্যথা (প্রাথমিক মূল্যায়ন)\nদুর্বলতা, ওজন কমে যাওয়া\nজ্বর (সাধারণ, দীর্ঘস্থায়ী ও অজানা কারণের জ্বর)\nশরীর ফোলা (এডিমা)\nহার্ট ফেইলিউরের প্রাথমিক চিকিৎসা ও ফলো-আপ\nসংক্রমণজনিত বিভিন্ন রোগ\nদীর্ঘমেয়াদি ও জটিল মেডিসিনজনিত রোগ\nডায়াবেটিসজনিত চোখের সমস্যা\nডায়াবেটিসজনিত হার্টের সমস্যা','Viral fever, Dengue, Chikungunya, Typhoid\nBody swelling (Edema)\nChest pain (initial evaluation)\nChronic and complex medical conditions\nDizziness and fainting\nFever (acute, chronic, and fever of unknown origin)\nInitial management and follow-up of heart failure\nPalpitations\nUnexplained weakness and weight loss\nVarious infectious diseases\nDiabetes-related eye problems\nDiabetes-related heart problems',NULL,NULL,450,'verified',0,0,'2026-08-21 11:34:41','2026-08-21 11:34:41','2026-08-19 18:02:13',1,NULL,NULL,NULL,5),(2,'dr-md-zafar-islam','shkaree-odhzapk-da-mo-jafr-islam',8,2,NULL,'এমবিবিএস, বিসিএস (স্বাস্থ্য)এফসিপিএস (মেডিসিন) এমআরসিপি (আমেরিকা) সহকারী অধ্যাপক, মেডিসিন বিশেষজ্ঞ কুষ্টিয়া মেডিকেল কলেজ হাসপাতাল, কুষ্টিয়া। #dr md jafor islam #Medicine # ডাঃ মোঃ জাফর ইসলাম। কুষ্টিয়া মেডিকেল কলেজ হাসপাতালের মেডিসিন বিভাগের সহকারী অধ্যাপক হিসেবে তিনি যেমন নতুন চিকিৎসকদের অনুপ্রেরণা, তেমনি সাধারণ রোগীদের কাছে এক আস্থার নাম। দেশী ও আন্তর্জাতিক উচ্চতর ডিগ্রিতে সমৃদ্ধ তাঁর অভিজ্ঞতা কুষ্টিয়ার চিকিৎসা খাতকে করছে আরও উন্নত ও আধুনিক। একজন মানবিক ও বন্ধুবৎসল চিকিৎসক হিসেবে তাঁর আন্তরিক ব্যবহার রোগীদের দ্রুত সুস্থ হয়ে উঠতে মানসিক শক্তি যোগায়।',7,5,'এমবিবিএস, বিসিএস (স্বাস্থ্য)এফসিপিএস (মেডিসিন) এমআরসিপি (আমেরিকা) সহকারী অধ্যাপক, মেডিসিন বিশেষজ্ঞ কুষ্টিয়া মেডিকেল কলেজ হাসপাতাল, কুষ্টিয়া। #dr md jafor islam #Medicine # ডাঃ মোঃ জাফর ইসলাম। কুষ্টিয়া মেডিকেল কলেজ হাসপাতালের মেডিসিন বিভাগের সহকারী অধ্যাপক হিসেবে তিনি যেমন নতুন চিকিৎসকদের অনুপ্রেরণা, তেমনি সাধারণ রোগীদের কাছে এক আস্থার নাম। দেশী ও আন্তর্জাতিক উচ্চতর ডিগ্রিতে সমৃদ্ধ তাঁর অভিজ্ঞতা কুষ্টিয়ার চিকিৎসা খাতকে করছে আরও উন্নত ও আধুনিক। একজন মানবিক ও বন্ধুবৎসল চিকিৎসক হিসেবে তাঁর আন্তরিক ব্যবহার রোগীদের দ্রুত সুস্থ হয়ে উঠতে মানসিক শক্তি যোগায়।','এমবিবিএস, বিসিএস (স্বাস্থ্য)এফসিপিএস (মেডিসিন) এমআরসিপি (আমেরিকা) সহকারী অধ্যাপক, মেডিসিন বিশেষজ্ঞ কুষ্টিয়া মেডিকেল কলেজ হাসপাতাল, কুষ্টিয়া। #dr md jafor islam #Medicine # ডাঃ মোঃ জাফর ইসলাম। কুষ্টিয়া মেডিকেল কলেজ হাসপাতালের মেডিসিন বিভাগের সহকারী অধ্যাপক হিসেবে তিনি যেমন নতুন চিকিৎসকদের অনুপ্রেরণা, তেমনি সাধারণ রোগীদের কাছে এক আস্থার নাম। দেশী ও আন্তর্জাতিক উচ্চতর ডিগ্রিতে সমৃদ্ধ তাঁর অভিজ্ঞতা কুষ্টিয়ার চিকিৎসা খাতকে করছে আরও উন্নত ও আধুনিক। একজন মানবিক ও বন্ধুবৎসল চিকিৎসক হিসেবে তাঁর আন্তরিক ব্যবহার রোগীদের দ্রুত সুস্থ হয়ে উঠতে মানসিক শক্তি যোগায়।',NULL,'ভাইরাল জ্বর, ডেঙ্গু, চিকুনগুনিয়া, টাইফয়েড\nমাথা ঘোরা, অজ্ঞান হওয়া\nবুক ধড়ফড় করা\nবুকে ব্যথা (প্রাথমিক মূল্যায়ন)\nদুর্বলতা, ওজন কমে যাওয়া\nজ্বর (সাধারণ, দীর্ঘস্থায়ী ও অজানা কারণের জ্বর)\nশরীর ফোলা (এডিমা)\nহার্ট ফেইলিউরের প্রাথমিক চিকিৎসা ও ফলো-আপ\nসংক্রমণজনিত বিভিন্ন রোগ\nদীর্ঘমেয়াদি ও জটিল মেডিসিনজনিত রোগ\nডায়াবেটিসজনিত চোখের সমস্যা\nডায়াবেটিসজনিত হার্টের সমস্যা','Viral fever, Dengue, Chikungunya, Typhoid\nBody swelling (Edema)\nChest pain (initial evaluation)\nChronic and complex medical conditions\nDizziness and fainting\nFever (acute, chronic, and fever of unknown origin)\nInitial management and follow-up of heart failure\nPalpitations\nUnexplained weakness and weight loss\nVarious infectious diseases\nDiabetes-related eye problems\nDiabetes-related heart problems','doctorghor/doctors/322.webp','https://doctorghor.com/doctor/dr-md-jafor-islam/',450,'verified',1,1,'2026-08-12 19:18:07','2026-08-21 10:10:06',NULL,NULL,NULL,NULL,NULL,2),(3,'dr-sutanu-roy-milton','shkaree-odhzapk-da-sutnu-ray-miltn',9,3,NULL,'এমবিবিএস (ঢাকা), এমডি (নিউক্লিয়ার মেডিসিন), সিসিডি (বারডেম), বিসিএস (স্বাস্থ্য), থাইরয়েড রোগ, ডায়াবেটিস ও নিউক্লিয়ার মেডিসিন বিশেষজ্ঞ- বঙ্গবন্ধু শেখ মুজিব মেডিকেল বিশ্ববিদ্যালয়, ঢাকা। সহকারী অধ্যাপক ডাঃ সুতনু রায় মিল্টন বাংলাদেশের একজন অত্যন্ত অভিজ্ঞ থাইরয়েড, হরমোন, এবং নিউক্লিয়ার মেডিসিন বিশেষজ্ঞ হাইপোথাইরয়েডিজম, হাইপারথাইরয়েডিজম,গলগণ্ড, থাইরয়েড ক্যান্সার সহ সকল প্রকারথাইরয়েড হরমোন জনিত রোগ, ডায়াবেটিস,মলিকুলার ইমেজিং, আল্ট্রাসাউন্ড, ভাস্কুলার ডপলার,সিটি ও আল্ট্রাসাউন্ড গাইডেড ইন্টারভেনশন বিশেষজ্ঞ। #dr-sutanu-roy-milton #থাইরয়েড #হরমোন #Nuclear Medicine',0,0,'এমবিবিএস (ঢাকা), এমডি (নিউক্লিয়ার মেডিসিন), সিসিডি (বারডেম), বিসিএস (স্বাস্থ্য), থাইরয়েড রোগ, ডায়াবেটিস ও নিউক্লিয়ার মেডিসিন বিশেষজ্ঞ- বঙ্গবন্ধু শেখ মুজিব মেডিকেল বিশ্ববিদ্যালয়, ঢাকা। সহকারী অধ্যাপক ডাঃ সুতনু রায় মিল্টন বাংলাদেশের একজন অত্যন্ত অভিজ্ঞ থাইরয়েড, হরমোন, এবং নিউক্লিয়ার মেডিসিন বিশেষজ্ঞ হাইপোথাইরয়েডিজম, হাইপারথাইরয়েডিজম,গলগণ্ড, থাইরয়েড ক্যান্সার সহ সকল প্রকারথাইরয়েড হরমোন জনিত রোগ, ডায়াবেটিস,মলিকুলার ইমেজিং, আল্ট্রাসাউন্ড, ভাস্কুলার ডপলার,সিটি ও আল্ট্রাসাউন্ড গাইডেড ইন্টারভেনশন বিশেষজ্ঞ। #dr-sutanu-roy-milton #থাইরয়েড #হরমোন #Nuclear Medicine','এমবিবিএস (ঢাকা), এমডি (নিউক্লিয়ার মেডিসিন), সিসিডি (বারডেম), বিসিএস (স্বাস্থ্য), থাইরয়েড রোগ, ডায়াবেটিস ও নিউক্লিয়ার মেডিসিন বিশেষজ্ঞ- বঙ্গবন্ধু শেখ মুজিব মেডিকেল বিশ্ববিদ্যালয়, ঢাকা। সহকারী অধ্যাপক ডাঃ সুতনু রায় মিল্টন বাংলাদেশের একজন অত্যন্ত অভিজ্ঞ থাইরয়েড, হরমোন, এবং নিউক্লিয়ার মেডিসিন বিশেষজ্ঞ হাইপোথাইরয়েডিজম, হাইপারথাইরয়েডিজম,গলগণ্ড, থাইরয়েড ক্যান্সার সহ সকল প্রকারথাইরয়েড হরমোন জনিত রোগ, ডায়াবেটিস,মলিকুলার ইমেজিং, আল্ট্রাসাউন্ড, ভাস্কুলার ডপলার,সিটি ও আল্ট্রাসাউন্ড গাইডেড ইন্টারভেনশন বিশেষজ্ঞ। #dr-sutanu-roy-milton #থাইরয়েড #হরমোন #Nuclear Medicine',NULL,'ক্যান্সারের স্টেজ নির্ণয় ও ফলো-আপ\nথাইরয়েড গাঁট ও থাইরয়েড ক্যান্সার\nহৃদরোগে রক্ত চলাচল পরীক্ষা (হার্ট স্ক্যান)\nহাড়ের সংক্রমণ ও হাড়ের ব্যথার কারণ নির্ণয়\nদুই কিডনির আলাদা কাজ নির্ণয়\nশরীরের কোথায় ইনফেকশন বা প্রদাহ আছে তা নির্ণয়\nহার্ট দুর্বলতা বা ব্লক নির্ণয়\nহরমোনজনিত রোগ নির্ণয়\nলিভার ও পিত্তথলির কার্যক্ষমতা পরীক্ষা\nরেডিও আয়োডিন দ্বারা থাইরয়েডের চিকিৎসা\nহাড়ের সংক্রমণ ও হাড়ের ব্যথার কারণ নির্ণয়\nহাঁড়ের ক্ষয়জনিত রোগ','Cancer staging and follow-up\nThyroid nodules and thyroid cancer\nBlood flow test for heart disease (heart scan)\nDetermination of the cause of bone infection and bone pain\nDetermination of the separate functions of the two kidneys\nDetermination of where there is infection or inflammation in the body\nDiagnosis of heart weakness or block\nDiagnosis of hormonal diseases\nLiver and gallbladder function tests\nThyroid treatment with radioiodine\nBone infections and evaluation of causes of bone pain\nBone weakening or osteoporosis','doctorghor/doctors/320.webp','https://doctorghor.com/doctor/dr-sutanu-roy-milton/',450,'verified',0,1,'2026-08-12 19:22:59','2026-08-21 10:10:06',NULL,NULL,NULL,NULL,NULL,4),(4,'dr-subal-chandra-pal','shkaree-odhzapk-da-subl-cndr-pal',10,4,NULL,'এমবিবিএস, এফসিপিএস (সার্জারী), ফেলো (ল্যাপারোস্কপিক সার্জারী, ইন্ডিয়া), ফেলো (পেলভিক ফ্লোর রিকন্সট্রাকশন সার্জারী, জার্মানি), কলোরেক্টাল ও এন্ডো-ল্যাপারোস্কপিক সার্জন, আজীবন সদস্য- এসওএসবি, এসইএলএসবি (বাংলাদেশ), এএসআই, এসিআরএসআই, এএমএএসআই (ইন্ডিয়া), সহকারী অধ্যাপক (কলোরেক্টাল সার্জারী বিভাগ) -শহীদ সোহরাওয়ার্দী মেডিকেল কলেজ হাসপাতাল, ঢাকা। জেনারেল ও ল্যাপারোস্কোপিক সার্জন, পায়ু রাস্তা ও মলদ্বার বিশেষজ্ঞ সার্জন, কুষ্টিয়া। সহকারী অধ্যাপক ডাঃ সুবল চন্দ্র পাল বাংলাদেশের একজন অত্যন্ত সুপরিচিত ও অভিজ্ঞ কলোরেক্টাল, অ্যাডভান্সড ল্যাপারোস্কোপিক সার্জন এবং লেজার প্রোক্টোলজিস্ট। বর্তমানে তিনি রাজশাহী মেডিকেল কলেজ ও হাসপাতালের কলোরেক্টাল সার্জারী বিভাগে সহকারী অধ্যাপক হিসেবে কর্মরত আছেন। যেসব রোগের বিশেষজ্ঞ চিকিৎসা দেন মলদ্বারের সমস্যা: পাইলস, এনাল ফিশার, জটিল ফিস্টুলা বা ভগন্দর এবং এনাল স্টেনোসিস। ক্যান্সার ও টিউমার: কোলন ক্যান্সার, মলাশয় বা রেক্টাল ক্যান্সার এবং কোলন পলিপ। সাধারণ সার্জারি: গলব্লাডারে পাথর, হার্নিয়া, অ্যাপেন্ডিসাইটিস এবং টিউমার। অন্যান্য: দীর্ঘমেয়াদি কোষ্ঠকাঠিন্য, মলদ্বারে ব্যথা বা রক্তপাত এবং রেক্টাল প্রলাপস (মলদ্বার বাইরে বের হওয়া)। #dr subal chandra paul #ল্যাপারোস্কোপিক সার্জন #মলদ্বার বিশেষজ্ঞ #',0,0,'এমবিবিএস, এফসিপিএস (সার্জারী), ফেলো (ল্যাপারোস্কপিক সার্জারী, ইন্ডিয়া), ফেলো (পেলভিক ফ্লোর রিকন্সট্রাকশন সার্জারী, জার্মানি), কলোরেক্টাল ও এন্ডো-ল্যাপারোস্কপিক সার্জন, আজীবন সদস্য- এসওএসবি, এসইএলএসবি (বাংলাদেশ), এএসআই, এসিআরএসআই, এএমএএসআই (ইন্ডিয়া), সহকারী অধ্যাপক (কলোরেক্টাল সার্জারী বিভাগ) -শহীদ সোহরাওয়ার্দী মেডিকেল কলেজ হাসপাতাল, ঢাকা। জেনারেল ও ল্যাপারোস্কোপিক সার্জন, পায়ু রাস্তা ও মলদ্বার বিশেষজ্ঞ সার্জন, কুষ্টিয়া। সহকারী অধ্যাপক ডাঃ সুবল চন্দ্র পাল বাংলাদেশের একজন অত্যন্ত সুপরিচিত ও অভিজ্ঞ কলোরেক্টাল, অ্যাডভান্সড ল্যাপারোস্কোপিক সার্জন এবং লেজার প্রোক্টোলজিস্ট। বর্তমানে তিনি রাজশাহী মেডিকেল কলেজ ও হাসপাতালের কলোরেক্টাল সার্জারী বিভাগে সহকারী অধ্যাপক হিসেবে কর্মরত আছেন। যেসব রোগের বিশেষজ্ঞ চিকিৎসা দেন মলদ্বারের সমস্যা: পাইলস, এনাল ফিশার, জটিল ফিস্টুলা বা ভগন্দর এবং এনাল স্টেনোসিস। ক্যান্সার ও টিউমার: কোলন ক্যান্সার, মলাশয় বা রেক্টাল ক্যান্সার এবং কোলন পলিপ। সাধারণ সার্জারি: গলব্লাডারে পাথর, হার্নিয়া, অ্যাপেন্ডিসাইটিস এবং টিউমার। অন্যান্য: দীর্ঘমেয়াদি কোষ্ঠকাঠিন্য, মলদ্বারে ব্যথা বা রক্তপাত এবং রেক্টাল প্রলাপস (মলদ্বার বাইরে বের হওয়া)। #dr subal chandra paul #ল্যাপারোস্কোপিক সার্জন #মলদ্বার বিশেষজ্ঞ #','এমবিবিএস, এফসিপিএস (সার্জারী), ফেলো (ল্যাপারোস্কপিক সার্জারী, ইন্ডিয়া), ফেলো (পেলভিক ফ্লোর রিকন্সট্রাকশন সার্জারী, জার্মানি), কলোরেক্টাল ও এন্ডো-ল্যাপারোস্কপিক সার্জন, আজীবন সদস্য- এসওএসবি, এসইএলএসবি (বাংলাদেশ), এএসআই, এসিআরএসআই, এএমএএসআই (ইন্ডিয়া), সহকারী অধ্যাপক (কলোরেক্টাল সার্জারী বিভাগ) -শহীদ সোহরাওয়ার্দী মেডিকেল কলেজ হাসপাতাল, ঢাকা। জেনারেল ও ল্যাপারোস্কোপিক সার্জন, পায়ু রাস্তা ও মলদ্বার বিশেষজ্ঞ সার্জন, কুষ্টিয়া। সহকারী অধ্যাপক ডাঃ সুবল চন্দ্র পাল বাংলাদেশের একজন অত্যন্ত সুপরিচিত ও অভিজ্ঞ কলোরেক্টাল, অ্যাডভান্সড ল্যাপারোস্কোপিক সার্জন এবং লেজার প্রোক্টোলজিস্ট। বর্তমানে তিনি রাজশাহী মেডিকেল কলেজ ও হাসপাতালের কলোরেক্টাল সার্জারী বিভাগে সহকারী অধ্যাপক হিসেবে কর্মরত আছেন। যেসব রোগের বিশেষজ্ঞ চিকিৎসা দেন মলদ্বারের সমস্যা: পাইলস, এনাল ফিশার, জটিল ফিস্টুলা বা ভগন্দর এবং এনাল স্টেনোসিস। ক্যান্সার ও টিউমার: কোলন ক্যান্সার, মলাশয় বা রেক্টাল ক্যান্সার এবং কোলন পলিপ। সাধারণ সার্জারি: গলব্লাডারে পাথর, হার্নিয়া, অ্যাপেন্ডিসাইটিস এবং টিউমার। অন্যান্য: দীর্ঘমেয়াদি কোষ্ঠকাঠিন্য, মলদ্বারে ব্যথা বা রক্তপাত এবং রেক্টাল প্রলাপস (মলদ্বার বাইরে বের হওয়া)। #dr subal chandra paul #ল্যাপারোস্কোপিক সার্জন #মলদ্বার বিশেষজ্ঞ #',NULL,'অ্যাপেন্ডিসাইটিস অপারেশন\nজেনারেল ও ল্যাপারোস্কোপিক সার্জারি সংক্রান্ত সকল রোগ\nমলদ্বার ও অগ্নাশয়ের টিউমার\nকোলন ও রেকটামের এন্ডোস্কপি ও কলোনস্কপি\nহাত, পা ও মলদ্বারের জটিল অপারেশন\nপিত্তথলি ও পিত্তপাথর অপারেশন\nহার্নিয়া সার্জারি\nল্যাপারোস্কোপিক সার্জারি (কম চোটযুক্ত অপারেশন)\nমলদ্বার দিয়ে রক্ত পড়া\nখাদ্যনালীর, পাকস্থলীর, কোলন ও রেকটামের টিউমার\nজেনারেল ও ল্যাপারোস্কোপিক সার্জারি সংক্রান্ত সকল রোগ\nমলদ্বার দিয়ে রক্ত পড়া','Appendicitis surgery\nAll general and laparoscopic surgery–related conditions\nAnal and pancreatic tumors\nColonoscopy and endoscopy\nComplex hand, foot, and anal region surgeries\nGallbladder disease and gallstone surgery\nHernia repair surgery\nLaparoscopic surgery (minimally invasive procedures)\nRectal bleeding\nTumors of esophagus, stomach, colon, and rectum\nAll diseases related to general and laparoscopic surgery\nBleeding from the rectum','doctorghor/doctors/315.webp','https://doctorghor.com/doctor/dr-subal-chandra-paul/',450,'verified',0,1,'2026-08-12 19:23:06','2026-08-21 10:10:06',NULL,NULL,NULL,NULL,NULL,3),(5,'dr-a-t-m-ataur-rahman-hiron','shzogee-odhzapk-da-e-ti-em-ataur-rhman-hirn',11,5,NULL,'এমবিবিএস, বিসিএস (স্বাস্থ্য), এমডি (গ্যাস্ট্রোএন্টারোলজি, বিএসএমএমইউ)। লিভার, পরিপাকতন্ত্র ও মেডিসিন বিশেষজ্ঞ, সহযোগী অধ্যাপক-গ্যাস্ট্রোএন্টারোলজি বিভাগ। গ্যাস্ট্রোএন্টারোলজিস্ট, হেপাটোলজিস্ট-লিভার বিশেষজ্ঞ, কুষ্টিয়া। সহযোগী অধ্যাপক ডাঃ এ টি এম আতাউর রহমান (হিরণ) হলেন বাংলাদেশের একজন অত্যন্ত সুপরিচিত এবং অভিজ্ঞ লিভার, পরিপাকতন্ত্র ও মেডিসিন বিশেষজ্ঞ (গ্যাস্ট্রোএন্টারোলজিস্ট) #Prof. Dr. ATM Ataur Rahman (Hiron) #গ্যাস্ট্রোএন্টারোলজি #Gastroenterology #লিভার',0,0,'এমবিবিএস, বিসিএস (স্বাস্থ্য), এমডি (গ্যাস্ট্রোএন্টারোলজি, বিএসএমএমইউ)। লিভার, পরিপাকতন্ত্র ও মেডিসিন বিশেষজ্ঞ, সহযোগী অধ্যাপক-গ্যাস্ট্রোএন্টারোলজি বিভাগ। গ্যাস্ট্রোএন্টারোলজিস্ট, হেপাটোলজিস্ট-লিভার বিশেষজ্ঞ, কুষ্টিয়া। সহযোগী অধ্যাপক ডাঃ এ টি এম আতাউর রহমান (হিরণ) হলেন বাংলাদেশের একজন অত্যন্ত সুপরিচিত এবং অভিজ্ঞ লিভার, পরিপাকতন্ত্র ও মেডিসিন বিশেষজ্ঞ (গ্যাস্ট্রোএন্টারোলজিস্ট) #Prof. Dr. ATM Ataur Rahman (Hiron) #গ্যাস্ট্রোএন্টারোলজি #Gastroenterology #লিভার','এমবিবিএস, বিসিএস (স্বাস্থ্য), এমডি (গ্যাস্ট্রোএন্টারোলজি, বিএসএমএমইউ)। লিভার, পরিপাকতন্ত্র ও মেডিসিন বিশেষজ্ঞ, সহযোগী অধ্যাপক-গ্যাস্ট্রোএন্টারোলজি বিভাগ। গ্যাস্ট্রোএন্টারোলজিস্ট, হেপাটোলজিস্ট-লিভার বিশেষজ্ঞ, কুষ্টিয়া। সহযোগী অধ্যাপক ডাঃ এ টি এম আতাউর রহমান (হিরণ) হলেন বাংলাদেশের একজন অত্যন্ত সুপরিচিত এবং অভিজ্ঞ লিভার, পরিপাকতন্ত্র ও মেডিসিন বিশেষজ্ঞ (গ্যাস্ট্রোএন্টারোলজিস্ট) #Prof. Dr. ATM Ataur Rahman (Hiron) #গ্যাস্ট্রোএন্টারোলজি #Gastroenterology #লিভার',NULL,'কোলাইটিস ও প্রদাহজনিত অন্ত্রের সমস্যা\nজন্ডিস\nপ্যানক্রিয়াটাইটিস (Pancreatitis)\nপেটে ব্যথা, পেট ফাঁপা ও অজানা অস্বস্তি\nদীর্ঘমেয়াদি ও জটিল গ্যাস্ট্রো-লিভার রোগ\nঅতিরিক্ত এসিডিটি ও হজমজনিত সমস্যা\nপিত্তথলি ও পিত্তপাথর (Gallbladder & Gallstones)\nগ্যাস্ট্রিক সমস্যা (অম্লতার সমস্যা, জ্বালাপোড়া)\nলিভার রোগ (হেপাটাইটিস, লিভার সিরোসিস)\nঅতি বা কম ক্ষুধা, বমি বমি ভাব, বমি হওয়া\nপেটে ব্যথা, পেট ফাঁপা ও অজানা অস্বস্তি\nঅতিরিক্ত এসিডিটি ও হজমজনিত সমস্যা','Colitis and inflammatory bowel disease\nJaundice\nPancreatitis\nAbdominal pain, bloating, and unexplained discomfort\nChronic and complex gastro-liver diseases\nExcess acidity and digestive disorders\nGallbladder disease and gallstones\nGastric problems (acid reflux, heartburn)\nLiver diseases (Hepatitis, Liver Cirrhosis)\nLoss of appetite, nausea, vomiting\nAbdominal pain, flatulence and unknown discomfort\nExcess acidity and digestive problems','doctorghor/doctors/318.webp','https://doctorghor.com/doctor/dr-atm-ataur-rahman-hiron/',450,'verified',0,1,'2026-08-12 19:23:11','2026-08-21 10:10:06',NULL,NULL,NULL,NULL,NULL,6),(6,'dr-saiful-arefin','da-saiful-arefin',12,6,NULL,'MBBS, BCS (Health), FCPS (Pediatrics) ডা. মোঃ সাইফুল আরেফিন কুষ্টিয়ায় কর্মরত একজন প্রসিদ্ধ শিশু রোগ বিশেষজ্ঞ এবং নবজাতক, কিশোর ও শিশু রোগের চিকিৎসক। চেম্বার: সনো টাওয়ার – ২, কোর্টপাড়া, কুষ্টিয়া। তীব্র জ্বর, ক্রমাগত কাশি, ঠান্ডা, নিউমোনিয়া বা শ্বাসকষ্ট. ঘন ঘন ডায়রিয়া, বমি, কোষ্ঠকাঠিন্য বা খাবারে তীব্র অরুচি দেখা দিলে। শিশুর সঠিক সময়ে কথা না বলা, হাঁটা না শেখা বা শারীরিক বৃদ্ধি কম হওয়া। এমন যে কোন সমস্যা দেখা দিলে ডা. সাইফুল আরেফিন কে দেখাতে পারেন, উনি কুষ্টিয়ায় একজন একজন প্রসিদ্ধ শিশু রোগ বিশেষজ্ঞ #dr saiful arefin #kids #shishu #sishu #নবজাতক #Pediatrics #শিশু বিশেষজ্ঞ',0,0,'MBBS, BCS (Health), FCPS (Pediatrics) ডা. মোঃ সাইফুল আরেফিন কুষ্টিয়ায় কর্মরত একজন প্রসিদ্ধ শিশু রোগ বিশেষজ্ঞ এবং নবজাতক, কিশোর ও শিশু রোগের চিকিৎসক। চেম্বার: সনো টাওয়ার – ২, কোর্টপাড়া, কুষ্টিয়া। তীব্র জ্বর, ক্রমাগত কাশি, ঠান্ডা, নিউমোনিয়া বা শ্বাসকষ্ট. ঘন ঘন ডায়রিয়া, বমি, কোষ্ঠকাঠিন্য বা খাবারে তীব্র অরুচি দেখা দিলে। শিশুর সঠিক সময়ে কথা না বলা, হাঁটা না শেখা বা শারীরিক বৃদ্ধি কম হওয়া। এমন যে কোন সমস্যা দেখা দিলে ডা. সাইফুল আরেফিন কে দেখাতে পারেন, উনি কুষ্টিয়ায় একজন একজন প্রসিদ্ধ শিশু রোগ বিশেষজ্ঞ #dr saiful arefin #kids #shishu #sishu #নবজাতক #Pediatrics #শিশু বিশেষজ্ঞ','MBBS, BCS (Health), FCPS (Pediatrics) ডা. মোঃ সাইফুল আরেফিন কুষ্টিয়ায় কর্মরত একজন প্রসিদ্ধ শিশু রোগ বিশেষজ্ঞ এবং নবজাতক, কিশোর ও শিশু রোগের চিকিৎসক। চেম্বার: সনো টাওয়ার – ২, কোর্টপাড়া, কুষ্টিয়া। তীব্র জ্বর, ক্রমাগত কাশি, ঠান্ডা, নিউমোনিয়া বা শ্বাসকষ্ট. ঘন ঘন ডায়রিয়া, বমি, কোষ্ঠকাঠিন্য বা খাবারে তীব্র অরুচি দেখা দিলে। শিশুর সঠিক সময়ে কথা না বলা, হাঁটা না শেখা বা শারীরিক বৃদ্ধি কম হওয়া। এমন যে কোন সমস্যা দেখা দিলে ডা. সাইফুল আরেফিন কে দেখাতে পারেন, উনি কুষ্টিয়ায় একজন একজন প্রসিদ্ধ শিশু রোগ বিশেষজ্ঞ #dr saiful arefin #kids #shishu #sishu #নবজাতক #Pediatrics #শিশু বিশেষজ্ঞ','Newborn, Adolescent & Child Diseases Specialist Resident Physician, Pediatrics Kushtia Medical College & Hospital','শিশুদের আচরণগত সমস্যা\nনবজাতকের স্বাস্থ্য ও যত্ন\nজন্মগত বা জেনেটিক সমস্যা\nহজমজনিত সমস্যা (বমি, পেটের পীড়া, কোষ্ঠকাঠিন্য)\nশিশুদের জ্বর, সর্দি-কাশি, নিউমোনিয়া ও শ্বাসকষ্ট জনিত সমস্যা\nশিশুদের স্বাস্থ্যগত সমস্যা\nশিশুদের শারীরিক বৃদ্ধি ও ওজনের সমস্যা\nশিশুদের হরমোনজনিত সমস্যা\nসংক্রমণজনিত সমস্যা (যেমন: নিউমোনিয়া, ডায়রিয়া)\nলিভার, কিডনি বা অন্যান্য অঙ্গের সমস্যা\nজন্মগত বা জেনেটিক সমস্যা\nহজমজনিত সমস্যা (বমি, পেটের পীড়া, কোষ্ঠকাঠিন্য)','Behavioral problems in children\nNewborn health and care\nCongenital or genetic disorders\nDigestive issues (vomiting, abdominal pain, constipation)\nFever, cold, cough, pneumonia, and respiratory problems in children\nGeneral health problems in children\nGrowth and weight issues in children\nHormonal or endocrine problems in children\nInfection-related problems (e.g., pneumonia, diarrhea)\nLiver, kidney, or other organ-related problems\nCongenital or genetic problems\nDigestive problems (vomiting, stomach ache, constipation)','doctorghor/doctors/232.webp','https://khulnadoctorfinder.com/doctors/dr-md-saiful-arefin-pediatrician-kushtia/',450,'verified',0,1,'2026-08-12 19:23:22','2026-08-21 10:10:06',NULL,NULL,NULL,'Newborn, Adolescent & Child Diseases Specialist','Resident Physician, Pediatrics',7),(7,'dr-sharmin-sultana-shefa','shkaree-odhzapk-da-sarmin-sultana-sefa',13,7,NULL,'এমবিবিএস, বিসিএস (স্বাস্থ্য), এমসিপিএস, এফসিপিএস (গাইনী এন্ড অবস্‌)। কনসালটেন্ট- সহকারী অধ্যাপক ২৫০ শয্যা বিশিষ্ট জেনারেল হাসপাতাল, কুষ্টিয়া। প্রসূতি ও স্ত্রীরোগ এবং বন্ধ্যাত্ব বিশেষজ্ঞ, কুষ্টিয়া। সহকারী অধ্যাপক ডাঃ শারমিন সুলতানা শেফা কুষ্টিয়া অঞ্চলের রোগীদের কাছে একজন অত্যন্ত মানবিক, দক্ষ এবং ভরসার প্রতীক হিসেবে পরিচিত। ১. নরমাল ডেলিভারিতে বিশেষ গুরুত্ব সিজারিয়ানের যুগেও তিনি যেখানে সম্ভব, সেখানে স্বাভাবিক প্রসব বা নরমাল ডেলিভারি করাতে সর্বোচ্চ চেষ্টা করেন। অপ্রয়োজনীয় মেডিকেল টেস্ট বা অপ্রয়োজনীয় সিজার এড়ানোর জন্য তাঁর বেশ সুনাম রয়েছে। ২. নারীদের গোপনীয়তা ও স্বাচ্ছন্দ্য সংবেদনশীল নারী স্বাস্থ্য ও গাইনী সমস্যায় রোগীরা তাঁর কাছে পুরোপুরি নিরাপদ এবং স্বাচ্ছন্দ্য বোধ করেন। রোগ নির্ণয় ও চিকিৎসার ক্ষেত্রে তিনি সর্বোচ্চ গোপনীয়তা বজায় রাখেন। #গাইনী #gynea #dr sharmin sultana sefa #গাইনী এন্ড অবস্',0,0,'এমবিবিএস, বিসিএস (স্বাস্থ্য), এমসিপিএস, এফসিপিএস (গাইনী এন্ড অবস্‌)। কনসালটেন্ট- সহকারী অধ্যাপক ২৫০ শয্যা বিশিষ্ট জেনারেল হাসপাতাল, কুষ্টিয়া। প্রসূতি ও স্ত্রীরোগ এবং বন্ধ্যাত্ব বিশেষজ্ঞ, কুষ্টিয়া। সহকারী অধ্যাপক ডাঃ শারমিন সুলতানা শেফা কুষ্টিয়া অঞ্চলের রোগীদের কাছে একজন অত্যন্ত মানবিক, দক্ষ এবং ভরসার প্রতীক হিসেবে পরিচিত। ১. নরমাল ডেলিভারিতে বিশেষ গুরুত্ব সিজারিয়ানের যুগেও তিনি যেখানে সম্ভব, সেখানে স্বাভাবিক প্রসব বা নরমাল ডেলিভারি করাতে সর্বোচ্চ চেষ্টা করেন। অপ্রয়োজনীয় মেডিকেল টেস্ট বা অপ্রয়োজনীয় সিজার এড়ানোর জন্য তাঁর বেশ সুনাম রয়েছে। ২. নারীদের গোপনীয়তা ও স্বাচ্ছন্দ্য সংবেদনশীল নারী স্বাস্থ্য ও গাইনী সমস্যায় রোগীরা তাঁর কাছে পুরোপুরি নিরাপদ এবং স্বাচ্ছন্দ্য বোধ করেন। রোগ নির্ণয় ও চিকিৎসার ক্ষেত্রে তিনি সর্বোচ্চ গোপনীয়তা বজায় রাখেন। #গাইনী #gynea #dr sharmin sultana sefa #গাইনী এন্ড অবস্','এমবিবিএস, বিসিএস (স্বাস্থ্য), এমসিপিএস, এফসিপিএস (গাইনী এন্ড অবস্‌)। কনসালটেন্ট- সহকারী অধ্যাপক ২৫০ শয্যা বিশিষ্ট জেনারেল হাসপাতাল, কুষ্টিয়া। প্রসূতি ও স্ত্রীরোগ এবং বন্ধ্যাত্ব বিশেষজ্ঞ, কুষ্টিয়া। সহকারী অধ্যাপক ডাঃ শারমিন সুলতানা শেফা কুষ্টিয়া অঞ্চলের রোগীদের কাছে একজন অত্যন্ত মানবিক, দক্ষ এবং ভরসার প্রতীক হিসেবে পরিচিত। ১. নরমাল ডেলিভারিতে বিশেষ গুরুত্ব সিজারিয়ানের যুগেও তিনি যেখানে সম্ভব, সেখানে স্বাভাবিক প্রসব বা নরমাল ডেলিভারি করাতে সর্বোচ্চ চেষ্টা করেন। অপ্রয়োজনীয় মেডিকেল টেস্ট বা অপ্রয়োজনীয় সিজার এড়ানোর জন্য তাঁর বেশ সুনাম রয়েছে। ২. নারীদের গোপনীয়তা ও স্বাচ্ছন্দ্য সংবেদনশীল নারী স্বাস্থ্য ও গাইনী সমস্যায় রোগীরা তাঁর কাছে পুরোপুরি নিরাপদ এবং স্বাচ্ছন্দ্য বোধ করেন। রোগ নির্ণয় ও চিকিৎসার ক্ষেত্রে তিনি সর্বোচ্চ গোপনীয়তা বজায় রাখেন। #গাইনী #gynea #dr sharmin sultana sefa #গাইনী এন্ড অবস্',NULL,'গর্ভপাত ও জরায়ু সংক্রান্ত সমস্যা\nজন্মগত বা গর্ভকালীন সমস্যা\nগাইনোকোলজিক ইনফেকশন ও সংক্রমণ\nহরমোনজনিত সমস্যা\nবন্ধ্যাত্ব ও প্রজননজনিত সমস্যা\nপ্রসবকালীন সমস্যা ও জরুরি পরিস্থিতি\nমাসিক সমস্যা (অসাম্য, ব্যথা, অনিয়মিত রক্তস্রাব)\nপিরিয়ডজনিত পেইন ও অস্বস্তি\nপ্রেগনেন্সি চেকআপ ও ফলো-আপ\nযোনি সংক্রান্ত সমস্যা\nজন্মগত বা গর্ভকালীন সমস্যা\nপ্রসবকালীন সমস্যা ও জরুরি পরিস্থিতি','Miscarriage and uterine problems\nCongenital or pregnancy-related complications\nGynecologic infections\nHormonal disorders\nInfertility and reproductive health problems\nLabor and delivery complications\nMenstrual disorders (irregularity, pain, heavy bleeding)\nPeriod-related pain and discomfort\nPregnancy care and prenatal checkups\nVaginal health issues\nCongenital or pregnancy problems\nDuring childbirth and emergencies','doctorghor/doctors/299.webp','https://doctorghor.com/doctor/dr-sharmin-sultana-shefa/',450,'verified',0,1,'2026-08-12 19:23:31','2026-08-21 12:04:19',NULL,NULL,NULL,NULL,NULL,8),(8,'dr-hasan-mahfuz-reza-likhon','da-hasan-mahfuj-reja-likhn',14,8,NULL,'এমবিবিএস (ঢাকা), সিসিডি (ডায়াবেটিস), ডিইএম (এন্ডোক্রাইনোলজি এন্ড মেটাবলিজম), এমফিল (নিউট্রিশন), এমএসিপি (ইউএসএ), এ্যাডভান্সড ট্রেইনিং ইন এন্ডোক্রাইনোলজি (স্ট্যানফোর্ড ও বোস্টন), কনসালটেন্ট- এন্ডোক্রাইনোলজি। ডায়াবেটিস থাইরয়েড ও হরমোন রোগ বিশেষজ্ঞ, কুষ্টিয়া। পুষ্টিবিদ বিশেষজ্ঞ বা নিউট্রিশনিস্ট হলেন এমন একজন প্রত্যয়িত স্বাস্থ্য পেশাদার যিনি ব্যক্তির বয়স, ওজন এবং শারীরিক অবস্থার উপর ভিত্তি করে সঠিক খাদ্য তালিকা বা ডায়েট চার্ট তৈরি করেন। ডাঃ হাসান মাহফুজ রেজা লিখন একই সাথে একজন উচ্চশিক্ষিত হরমোন বিশেষজ্ঞ (Endocrinologist) এবং একজন প্রত্যয়িত পুষ্টিবিজ্ঞানী (Nutritionist)। চিকিৎসাবিজ্ঞানের এই দুটি গুরুত্বপূর্ণ শাখার এমন বিরল কম্বিনেশন তাঁকে কুষ্টিয়া ও পুরো খুলনা বিভাগের রোগীদের কাছে অত্যন্ত নির্ভরযোগ্য করে তুলেছে #dr hasan mahfuz reja likhon #নিউট্রিশন #পুষ্টিবিদ বিশেষজ্ঞ #হরমোন বিশেষজ্ঞ #Nutritionist #pustibid #pushtibid',0,0,'এমবিবিএস (ঢাকা), সিসিডি (ডায়াবেটিস), ডিইএম (এন্ডোক্রাইনোলজি এন্ড মেটাবলিজম), এমফিল (নিউট্রিশন), এমএসিপি (ইউএসএ), এ্যাডভান্সড ট্রেইনিং ইন এন্ডোক্রাইনোলজি (স্ট্যানফোর্ড ও বোস্টন), কনসালটেন্ট- এন্ডোক্রাইনোলজি। ডায়াবেটিস থাইরয়েড ও হরমোন রোগ বিশেষজ্ঞ, কুষ্টিয়া। পুষ্টিবিদ বিশেষজ্ঞ বা নিউট্রিশনিস্ট হলেন এমন একজন প্রত্যয়িত স্বাস্থ্য পেশাদার যিনি ব্যক্তির বয়স, ওজন এবং শারীরিক অবস্থার উপর ভিত্তি করে সঠিক খাদ্য তালিকা বা ডায়েট চার্ট তৈরি করেন। ডাঃ হাসান মাহফুজ রেজা লিখন একই সাথে একজন উচ্চশিক্ষিত হরমোন বিশেষজ্ঞ (Endocrinologist) এবং একজন প্রত্যয়িত পুষ্টিবিজ্ঞানী (Nutritionist)। চিকিৎসাবিজ্ঞানের এই দুটি গুরুত্বপূর্ণ শাখার এমন বিরল কম্বিনেশন তাঁকে কুষ্টিয়া ও পুরো খুলনা বিভাগের রোগীদের কাছে অত্যন্ত নির্ভরযোগ্য করে তুলেছে #dr hasan mahfuz reja likhon #নিউট্রিশন #পুষ্টিবিদ বিশেষজ্ঞ #হরমোন বিশেষজ্ঞ #Nutritionist #pustibid #pushtibid','এমবিবিএস (ঢাকা), সিসিডি (ডায়াবেটিস), ডিইএম (এন্ডোক্রাইনোলজি এন্ড মেটাবলিজম), এমফিল (নিউট্রিশন), এমএসিপি (ইউএসএ), এ্যাডভান্সড ট্রেইনিং ইন এন্ডোক্রাইনোলজি (স্ট্যানফোর্ড ও বোস্টন), কনসালটেন্ট- এন্ডোক্রাইনোলজি। ডায়াবেটিস থাইরয়েড ও হরমোন রোগ বিশেষজ্ঞ, কুষ্টিয়া। পুষ্টিবিদ বিশেষজ্ঞ বা নিউট্রিশনিস্ট হলেন এমন একজন প্রত্যয়িত স্বাস্থ্য পেশাদার যিনি ব্যক্তির বয়স, ওজন এবং শারীরিক অবস্থার উপর ভিত্তি করে সঠিক খাদ্য তালিকা বা ডায়েট চার্ট তৈরি করেন। ডাঃ হাসান মাহফুজ রেজা লিখন একই সাথে একজন উচ্চশিক্ষিত হরমোন বিশেষজ্ঞ (Endocrinologist) এবং একজন প্রত্যয়িত পুষ্টিবিজ্ঞানী (Nutritionist)। চিকিৎসাবিজ্ঞানের এই দুটি গুরুত্বপূর্ণ শাখার এমন বিরল কম্বিনেশন তাঁকে কুষ্টিয়া ও পুরো খুলনা বিভাগের রোগীদের কাছে অত্যন্ত নির্ভরযোগ্য করে তুলেছে #dr hasan mahfuz reja likhon #নিউট্রিশন #পুষ্টিবিদ বিশেষজ্ঞ #হরমোন বিশেষজ্ঞ #Nutritionist #pustibid #pushtibid','Diabetes, Thyroid, Hormone & Medicine Specialist Consultant Endocrinologist Sono Consultation Centre, Kushtia','হাঁড়ের ক্ষয়জনিত রোগ\nবাচ্চাদের বৃদ্ধির সমস্যা\nওজন হ্রাস, বুক ধড়ফড় করা, অতিরিক্ত ঘাম, হাত পা কাঁপা\nওজন বৃদ্ধি, হাতে পায়ে পানি আসা, কাজে অনীহা\nঅনিয়মিত মাসিক বা মাসিকজনিত সমস্যা\nমেনোপজাল সিনড্রোম\nমোটা বা অতিরিক্ত মেদ / স্থূলতা\nঅসময়ে চুল দাঁড়ি পেকে যাওয়া, অবাঞ্ছিত লোম\nথাইরয়েডের ক্যান্সার\nমেয়েদের দাঁড়ি-গোঁফ, বুকে অতিরিক্ত চুল, ব্রন, মাথার চুল পড়া\nজন্মগত বা গর্ভকালীন সমস্যা\nগাইনোকোলজিক ইনফেকশন ও সংক্রমণ','Bone weakening or osteoporosis\nChildren: growth problems\nHyperthyroidism: weight loss, palpitations, excessive sweating, tremors\nHypothyroidism: weight gain, swelling in hands and feet, fatigue\nIrregular menstrual cycles or menstrual disorders\nMenopausal syndrome\nObesity or excess fat\nPremature hair or beard growth, unwanted hair\nThyroid cancer\nWomen: facial or chest hair, excessive hair growth, acne, hair loss\nCongenital or pregnancy-related complications\nGynecologic infections','doctorghor/doctors/311.webp','https://khulnadoctorfinder.com/doctors/dr-hasan-mahfuz-reza-likhon-endocrinologist-kushtia/',450,'verified',0,1,'2026-08-12 19:23:39','2026-08-21 10:10:06',NULL,NULL,NULL,'Diabetes, Thyroid, Hormone & Medicine Specialist','Consultant Endocrinologist',9),(9,'dr-tanmoy-reza-masum','da-tnmy-reja-masum',15,9,NULL,'এমবিবিএস, এমডি (এন্ডোক্রাইনোলজি) সাবেক পিজি হাসপাতাল, সহযোগী অধ্যাপক -ইনমাস খুলনা মেডিকেল কলেজ হাসপাতাল, খুলনা। ডায়াবেটিস থাইরয়েড ও হরমোন রোগ বিশেষজ্ঞ, খুলনা, কুষ্টিয়া। টাইপ-১ এবং টাইপ-২ ডায়াবেটিস ব্যবস্থাপনা থাইরয়েড হরমোনের সমস্যা (যেমন- হাইপোথাইরয়েডিজম ও হাইপারথাইরয়েডিজম) হরমোনের ভারসাম্যহীনতা ও মেটাবলিক ডিসঅর্ডার হঠাৎ ওজন বৃদ্ধি বা হ্রাস পাওয়া নারীদের হরমোনজনিত সমস্যা ও অতিরিক্ত ক্লান্তিভাব #dr tonmoy reza masum #এন্ডোক্রাইনোলজি #endocrinology #থাইরয়েড #ডায়াবেটিস',0,0,'এমবিবিএস, এমডি (এন্ডোক্রাইনোলজি) সাবেক পিজি হাসপাতাল, সহযোগী অধ্যাপক -ইনমাস খুলনা মেডিকেল কলেজ হাসপাতাল, খুলনা। ডায়াবেটিস থাইরয়েড ও হরমোন রোগ বিশেষজ্ঞ, খুলনা, কুষ্টিয়া। টাইপ-১ এবং টাইপ-২ ডায়াবেটিস ব্যবস্থাপনা থাইরয়েড হরমোনের সমস্যা (যেমন- হাইপোথাইরয়েডিজম ও হাইপারথাইরয়েডিজম) হরমোনের ভারসাম্যহীনতা ও মেটাবলিক ডিসঅর্ডার হঠাৎ ওজন বৃদ্ধি বা হ্রাস পাওয়া নারীদের হরমোনজনিত সমস্যা ও অতিরিক্ত ক্লান্তিভাব #dr tonmoy reza masum #এন্ডোক্রাইনোলজি #endocrinology #থাইরয়েড #ডায়াবেটিস','এমবিবিএস, এমডি (এন্ডোক্রাইনোলজি) সাবেক পিজি হাসপাতাল, সহযোগী অধ্যাপক -ইনমাস খুলনা মেডিকেল কলেজ হাসপাতাল, খুলনা। ডায়াবেটিস থাইরয়েড ও হরমোন রোগ বিশেষজ্ঞ, খুলনা, কুষ্টিয়া। টাইপ-১ এবং টাইপ-২ ডায়াবেটিস ব্যবস্থাপনা থাইরয়েড হরমোনের সমস্যা (যেমন- হাইপোথাইরয়েডিজম ও হাইপারথাইরয়েডিজম) হরমোনের ভারসাম্যহীনতা ও মেটাবলিক ডিসঅর্ডার হঠাৎ ওজন বৃদ্ধি বা হ্রাস পাওয়া নারীদের হরমোনজনিত সমস্যা ও অতিরিক্ত ক্লান্তিভাব #dr tonmoy reza masum #এন্ডোক্রাইনোলজি #endocrinology #থাইরয়েড #ডায়াবেটিস',NULL,'হাঁড়ের ক্ষয়জনিত রোগ\nবাচ্চাদের বৃদ্ধির সমস্যা\nওজন হ্রাস, বুক ধড়ফড় করা, অতিরিক্ত ঘাম, হাত পা কাঁপা\nওজন বৃদ্ধি, হাতে পায়ে পানি আসা, কাজে অনীহা\nঅনিয়মিত মাসিক বা মাসিকজনিত সমস্যা\nমেনোপজাল সিনড্রোম\nমোটা বা অতিরিক্ত মেদ / স্থূলতা\nঅসময়ে চুল দাঁড়ি পেকে যাওয়া, অবাঞ্ছিত লোম\nথাইরয়েডের ক্যান্সার\nমেয়েদের দাঁড়ি-গোঁফ, বুকে অতিরিক্ত চুল, ব্রন, মাথার চুল পড়া\nজন্মগত বা গর্ভকালীন সমস্যা\nগাইনোকোলজিক ইনফেকশন ও সংক্রমণ','Bone weakening or osteoporosis\nChildren: growth problems\nHyperthyroidism: weight loss, palpitations, excessive sweating, tremors\nHypothyroidism: weight gain, swelling in hands and feet, fatigue\nIrregular menstrual cycles or menstrual disorders\nMenopausal syndrome\nObesity or excess fat\nPremature hair or beard growth, unwanted hair\nThyroid cancer\nWomen: facial or chest hair, excessive hair growth, acne, hair loss\nCongenital or pregnancy-related complications\nGynecologic infections','doctorghor/doctors/307.webp','https://doctorghor.com/doctor/dr-tonmoy-reza-masum/',450,'verified',0,1,'2026-08-12 19:23:51','2026-08-21 10:10:06',NULL,NULL,NULL,NULL,NULL,10),(10,'dr-md-fahim-uz-zaman','da-mo-fahim-uj-jaman',16,9,NULL,'থাইরয়েড, হরমোন ও ডায়াবেটিস রোগ বিশেষজ্ঞ এমবিবিএস, ডিইএম (এন্ড্রোক্রাইনোলোজি) এমএসিপি (আমেরিকা) মায়ো ক্লিনিক (ইউএসএ) সহকারী অধ্যাপক, এন্ড্রোক্রাইনোলোজি বিভাগ, ব্রাহ্মণবাড়িয়া মেডিকেল কলেজ হাসপাতাল, ব্রাহ্মণবাড়িয়া যেসকল রোগের চিকিৎসা প্রদান করেন : ওজন বেড়ে যাওয়া, অনিয়মিত মাসিক, ক্লান্তি, শক্ত পায়খানা চামড়া শুষ্ক হয়ে যাওয়া, চুল পড়া, অতিরিক্ত ঘাম, বুক ধড়ফড়, গলগন্ড বা গলা ফুলে যাওয়া, চোখ ফুলে বাইরের দিকে আসা হরমোন জনিত বিভিন্ন সমস্যা, ডায়াবেটিস জনিত জটিলতা বা গর্ভকালীন ডায়াবেটিস, কোলেস্টেরল মহিলাদের মুখে অতিরিক্ত লোম, ছেলেদের পুরুষাঙ্গ ছোটো হওয়া ছেলেদের পরিপূর্ণ যুবক হওয়ার পরও দাড়ি-গোঁফ না আসা বা কম আসা #dr fahimuzzaman #এন্ড্রোক্রাইনোলোজি #থাইরয়েড #ডায়াবেটিস #হরমোন',0,0,'থাইরয়েড, হরমোন ও ডায়াবেটিস রোগ বিশেষজ্ঞ এমবিবিএস, ডিইএম (এন্ড্রোক্রাইনোলোজি) এমএসিপি (আমেরিকা) মায়ো ক্লিনিক (ইউএসএ) সহকারী অধ্যাপক, এন্ড্রোক্রাইনোলোজি বিভাগ, ব্রাহ্মণবাড়িয়া মেডিকেল কলেজ হাসপাতাল, ব্রাহ্মণবাড়িয়া যেসকল রোগের চিকিৎসা প্রদান করেন : ওজন বেড়ে যাওয়া, অনিয়মিত মাসিক, ক্লান্তি, শক্ত পায়খানা চামড়া শুষ্ক হয়ে যাওয়া, চুল পড়া, অতিরিক্ত ঘাম, বুক ধড়ফড়, গলগন্ড বা গলা ফুলে যাওয়া, চোখ ফুলে বাইরের দিকে আসা হরমোন জনিত বিভিন্ন সমস্যা, ডায়াবেটিস জনিত জটিলতা বা গর্ভকালীন ডায়াবেটিস, কোলেস্টেরল মহিলাদের মুখে অতিরিক্ত লোম, ছেলেদের পুরুষাঙ্গ ছোটো হওয়া ছেলেদের পরিপূর্ণ যুবক হওয়ার পরও দাড়ি-গোঁফ না আসা বা কম আসা #dr fahimuzzaman #এন্ড্রোক্রাইনোলোজি #থাইরয়েড #ডায়াবেটিস #হরমোন','থাইরয়েড, হরমোন ও ডায়াবেটিস রোগ বিশেষজ্ঞ এমবিবিএস, ডিইএম (এন্ড্রোক্রাইনোলোজি) এমএসিপি (আমেরিকা) মায়ো ক্লিনিক (ইউএসএ) সহকারী অধ্যাপক, এন্ড্রোক্রাইনোলোজি বিভাগ, ব্রাহ্মণবাড়িয়া মেডিকেল কলেজ হাসপাতাল, ব্রাহ্মণবাড়িয়া যেসকল রোগের চিকিৎসা প্রদান করেন : ওজন বেড়ে যাওয়া, অনিয়মিত মাসিক, ক্লান্তি, শক্ত পায়খানা চামড়া শুষ্ক হয়ে যাওয়া, চুল পড়া, অতিরিক্ত ঘাম, বুক ধড়ফড়, গলগন্ড বা গলা ফুলে যাওয়া, চোখ ফুলে বাইরের দিকে আসা হরমোন জনিত বিভিন্ন সমস্যা, ডায়াবেটিস জনিত জটিলতা বা গর্ভকালীন ডায়াবেটিস, কোলেস্টেরল মহিলাদের মুখে অতিরিক্ত লোম, ছেলেদের পুরুষাঙ্গ ছোটো হওয়া ছেলেদের পরিপূর্ণ যুবক হওয়ার পরও দাড়ি-গোঁফ না আসা বা কম আসা #dr fahimuzzaman #এন্ড্রোক্রাইনোলোজি #থাইরয়েড #ডায়াবেটিস #হরমোন',NULL,'হাঁড়ের ক্ষয়জনিত রোগ\nবাচ্চাদের বৃদ্ধির সমস্যা\nওজন হ্রাস, বুক ধড়ফড় করা, অতিরিক্ত ঘাম, হাত পা কাঁপা\nওজন বৃদ্ধি, হাতে পায়ে পানি আসা, কাজে অনীহা\nঅনিয়মিত মাসিক বা মাসিকজনিত সমস্যা\nমেনোপজাল সিনড্রোম\nমোটা বা অতিরিক্ত মেদ / স্থূলতা\nঅসময়ে চুল দাঁড়ি পেকে যাওয়া, অবাঞ্ছিত লোম\nথাইরয়েডের ক্যান্সার\nমেয়েদের দাঁড়ি-গোঁফ, বুকে অতিরিক্ত চুল, ব্রন, মাথার চুল পড়া\nজন্মগত বা গর্ভকালীন সমস্যা\nগাইনোকোলজিক ইনফেকশন ও সংক্রমণ','Bone weakening or osteoporosis\nChildren: growth problems\nHyperthyroidism: weight loss, palpitations, excessive sweating, tremors\nHypothyroidism: weight gain, swelling in hands and feet, fatigue\nIrregular menstrual cycles or menstrual disorders\nMenopausal syndrome\nObesity or excess fat\nPremature hair or beard growth, unwanted hair\nThyroid cancer\nWomen: facial or chest hair, excessive hair growth, acne, hair loss\nCongenital or pregnancy-related complications\nGynecologic infections','doctorghor/doctors/305.webp','https://doctorghor.com/doctor/dr-fahimuzzaman/',450,'verified',0,1,'2026-08-12 19:24:01','2026-08-21 10:10:06',NULL,NULL,NULL,NULL,NULL,11),(11,'dr-md-sirajum-munir','shkaree-odhzapk-da-mo-sirajum-muneer',17,10,NULL,'এমবিবিএস, বিসিএস (স্বাস্থ্য), এমডি (কার্ডিওলজী) -জাতীয় হৃদরোগ ইনস্টিটিউট ও হাসপাতাল, ঢাকা। হৃদরোগ, মেডিসিন, বাতজ্বর ও উচ্চরক্তচাপ বিশেষজ্ঞ, সহকারী অধ্যাপক (কার্ডিওলজী) -কুষ্টিয়া মেডিকেল কলেজ হাসপাতাল, কুষ্টিয়া। হৃদরোগ বিশেষজ্ঞ, কুষ্টিয়া সহকারী অধ্যাপক ডাঃ মোঃ সিরাজুম মুনীর শুধুমাত্র একজন দক্ষ চিকিৎসকই নন, বরং কুষ্টিয়া অঞ্চলের চিকিৎসা সেবায় তিনি এক অনন্য ও ভরসার প্রতীক। #dr sirajum munir #Cardiologist #হৃদরোগ #হার্ট',0,0,'এমবিবিএস, বিসিএস (স্বাস্থ্য), এমডি (কার্ডিওলজী) -জাতীয় হৃদরোগ ইনস্টিটিউট ও হাসপাতাল, ঢাকা। হৃদরোগ, মেডিসিন, বাতজ্বর ও উচ্চরক্তচাপ বিশেষজ্ঞ, সহকারী অধ্যাপক (কার্ডিওলজী) -কুষ্টিয়া মেডিকেল কলেজ হাসপাতাল, কুষ্টিয়া। হৃদরোগ বিশেষজ্ঞ, কুষ্টিয়া সহকারী অধ্যাপক ডাঃ মোঃ সিরাজুম মুনীর শুধুমাত্র একজন দক্ষ চিকিৎসকই নন, বরং কুষ্টিয়া অঞ্চলের চিকিৎসা সেবায় তিনি এক অনন্য ও ভরসার প্রতীক। #dr sirajum munir #Cardiologist #হৃদরোগ #হার্ট','এমবিবিএস, বিসিএস (স্বাস্থ্য), এমডি (কার্ডিওলজী) -জাতীয় হৃদরোগ ইনস্টিটিউট ও হাসপাতাল, ঢাকা। হৃদরোগ, মেডিসিন, বাতজ্বর ও উচ্চরক্তচাপ বিশেষজ্ঞ, সহকারী অধ্যাপক (কার্ডিওলজী) -কুষ্টিয়া মেডিকেল কলেজ হাসপাতাল, কুষ্টিয়া। হৃদরোগ বিশেষজ্ঞ, কুষ্টিয়া সহকারী অধ্যাপক ডাঃ মোঃ সিরাজুম মুনীর শুধুমাত্র একজন দক্ষ চিকিৎসকই নন, বরং কুষ্টিয়া অঞ্চলের চিকিৎসা সেবায় তিনি এক অনন্য ও ভরসার প্রতীক। #dr sirajum munir #Cardiologist #হৃদরোগ #হার্ট',NULL,'বুকে ব্যথা (এনজাইনা)\nকরোনারি আর্টারি রোগ\nহার্ট অ্যাটাক (মায়োকার্ডিয়াল ইনফার্কশন)\nউচ্চ রক্তচাপ (হাইপারটেনশন)\nবুক ধড়ফড় করা ও হার্টবিটের অনিয়ম (অ্যারিদমিয়া)\nহৃদরোগ ও কার্ডিওভাসকুলার সংক্রান্ত সকল রোগ\nহৃদরোগজনিত মাথা ঘোরা ও অজ্ঞান হওয়া\nহার্ট ব্লক / ফেইলিউর\nহৃদরোগজনিত নিম্ন রক্তচাপ\nপা, গোড়ালি বা শরীর ফোলা (কার্ডিয়াক এডিমা)\nহৃদরোগজনিত মাথা ঘোরা ও অজ্ঞান হওয়া\nহার্ট ব্লক / ফেইলিউর','Chest pain (Angina)\nCoronary artery disease\nHeart attack (Myocardial infarction)\nHigh blood pressure (Hypertension)\nPalpitations and irregular heartbeat (Arrhythmia)\nAll types of heart and cardiovascular diseases\nDizziness and fainting due to heart conditions\nHeart block/ failure\nLow blood pressure related to heart disease\nSwelling of legs, ankles, or body (Cardiac edema)\nDizziness and fainting due to heart disease\nHeart block / failure','doctorghor/doctors/302.webp','https://doctorghor.com/doctor/dr-sirajum-munir/',450,'verified',0,1,'2026-08-12 19:24:10','2026-08-21 10:10:06',NULL,NULL,NULL,NULL,NULL,12),(12,'dr-rumana-akter-ruma','shkaree-odhzapk-da-rumana-aktar-ruma',18,7,NULL,'এমবিবিএস, বিসিএস (স্বাস্থ্য), ডিজিও, এমসিপিএস, এফসিপিএস, প্রসূতি, গাইনী বিশেষজ্ঞ ও সার্জন, কনসালটেন্ট (গাইনী এন্ড অবস) -সহকারী অধ্যাপক কুষ্টিয়া মেডিকেল কলেজ হাসপাতাল, কুষ্টিয়া। সহকারী অধ্যাপক ডাঃ রুমানা আক্তার রুমা শুধু একজন দক্ষ চিকিৎসকই নন, বরং তিনি কুষ্টিয়া অঞ্চলের নারীদের স্বাস্থ্য সুরক্ষায় এক অনন্য আস্থার নাম। চিকিৎসাসেবা কেবল উনার পেশা নয়, বরং ব্রত। রোগীদের প্রতি উনার আন্তরিক আচরণ ও মমত্ববোধ যেকোনো অসুস্থ মানুষকে অর্ধেক সুস্থ করে তোলে। সন্তানহীন দম্পতিদের মুখে হাসি ফোটাতে এবং সঠিক পরামর্শ দিয়ে মাতৃত্বের স্বাদ এনে দিতে তিনি একজন অত্যন্ত সফল বিশেষজ্ঞ। জটিল ও ঝুঁকিপূর্ণ প্রসবের ক্ষেত্রে উনার সময়োপযোগী ও নির্ভুল সিদ্ধান্ত বহু মা ও নবজাতকের জীবন রক্ষা করেছে। #dr rumana akter ruma #gynae #গাইনী',0,0,'এমবিবিএস, বিসিএস (স্বাস্থ্য), ডিজিও, এমসিপিএস, এফসিপিএস, প্রসূতি, গাইনী বিশেষজ্ঞ ও সার্জন, কনসালটেন্ট (গাইনী এন্ড অবস) -সহকারী অধ্যাপক কুষ্টিয়া মেডিকেল কলেজ হাসপাতাল, কুষ্টিয়া। সহকারী অধ্যাপক ডাঃ রুমানা আক্তার রুমা শুধু একজন দক্ষ চিকিৎসকই নন, বরং তিনি কুষ্টিয়া অঞ্চলের নারীদের স্বাস্থ্য সুরক্ষায় এক অনন্য আস্থার নাম। চিকিৎসাসেবা কেবল উনার পেশা নয়, বরং ব্রত। রোগীদের প্রতি উনার আন্তরিক আচরণ ও মমত্ববোধ যেকোনো অসুস্থ মানুষকে অর্ধেক সুস্থ করে তোলে। সন্তানহীন দম্পতিদের মুখে হাসি ফোটাতে এবং সঠিক পরামর্শ দিয়ে মাতৃত্বের স্বাদ এনে দিতে তিনি একজন অত্যন্ত সফল বিশেষজ্ঞ। জটিল ও ঝুঁকিপূর্ণ প্রসবের ক্ষেত্রে উনার সময়োপযোগী ও নির্ভুল সিদ্ধান্ত বহু মা ও নবজাতকের জীবন রক্ষা করেছে। #dr rumana akter ruma #gynae #গাইনী','এমবিবিএস, বিসিএস (স্বাস্থ্য), ডিজিও, এমসিপিএস, এফসিপিএস, প্রসূতি, গাইনী বিশেষজ্ঞ ও সার্জন, কনসালটেন্ট (গাইনী এন্ড অবস) -সহকারী অধ্যাপক কুষ্টিয়া মেডিকেল কলেজ হাসপাতাল, কুষ্টিয়া। সহকারী অধ্যাপক ডাঃ রুমানা আক্তার রুমা শুধু একজন দক্ষ চিকিৎসকই নন, বরং তিনি কুষ্টিয়া অঞ্চলের নারীদের স্বাস্থ্য সুরক্ষায় এক অনন্য আস্থার নাম। চিকিৎসাসেবা কেবল উনার পেশা নয়, বরং ব্রত। রোগীদের প্রতি উনার আন্তরিক আচরণ ও মমত্ববোধ যেকোনো অসুস্থ মানুষকে অর্ধেক সুস্থ করে তোলে। সন্তানহীন দম্পতিদের মুখে হাসি ফোটাতে এবং সঠিক পরামর্শ দিয়ে মাতৃত্বের স্বাদ এনে দিতে তিনি একজন অত্যন্ত সফল বিশেষজ্ঞ। জটিল ও ঝুঁকিপূর্ণ প্রসবের ক্ষেত্রে উনার সময়োপযোগী ও নির্ভুল সিদ্ধান্ত বহু মা ও নবজাতকের জীবন রক্ষা করেছে। #dr rumana akter ruma #gynae #গাইনী',NULL,'গর্ভপাত ও জরায়ু সংক্রান্ত সমস্যা\nজন্মগত বা গর্ভকালীন সমস্যা\nগাইনোকোলজিক ইনফেকশন ও সংক্রমণ\nহরমোনজনিত সমস্যা\nবন্ধ্যাত্ব ও প্রজননজনিত সমস্যা\nপ্রসবকালীন সমস্যা ও জরুরি পরিস্থিতি\nমাসিক সমস্যা (অসাম্য, ব্যথা, অনিয়মিত রক্তস্রাব)\nপিরিয়ডজনিত পেইন ও অস্বস্তি\nপ্রেগনেন্সি চেকআপ ও ফলো-আপ\nযোনি সংক্রান্ত সমস্যা\nজন্মগত বা গর্ভকালীন সমস্যা\nপ্রসবকালীন সমস্যা ও জরুরি পরিস্থিতি','Miscarriage and uterine problems\nCongenital or pregnancy-related complications\nGynecologic infections\nHormonal disorders\nInfertility and reproductive health problems\nLabor and delivery complications\nMenstrual disorders (irregularity, pain, heavy bleeding)\nPeriod-related pain and discomfort\nPregnancy care and prenatal checkups\nVaginal health issues\nCongenital or pregnancy problems\nDuring childbirth and emergencies','doctorghor/doctors/301.png','https://doctorghor.com/doctor/dr-rumana-akter-ruma/',450,'verified',0,1,'2026-08-12 19:24:22','2026-08-21 10:10:06',NULL,NULL,NULL,NULL,NULL,13),(13,'dr-muh-arif-reza','shkaree-odhzapk-da-muha-arif-reja',19,11,NULL,'এমবিবিএস, বিসিএস (স্বাস্থ্য), এমএস (নিউরোসার্জারী, বিএসএমএমইউ), সহকারী অধ্যাপক- ব্রেইন, নার্ভ, স্পাইন, স্ট্রোক বিশেষজ্ঞ ও সার্জন- ন্যাশনাল ইনস্টিটিউট অব নিউরোসায়েন্স ও হাসপাতাল, ঢাকা। নিউরো সার্জন, কুষ্টিয়া। ডাঃ আরিফ রেজা মূলত মস্তিষ্ক, মেরুদণ্ড এবং স্নায়ুতন্ত্রের বিভিন্ন জটিল রোগের সফল সার্জারি ও চিকিৎসার জন্য পরিচিত। তাঁর দক্ষতার ক্ষেত্রগুলোর মধ্যে রয়েছে: ব্রেইন টিউমার ও ব্রেইন হেমোরেজ (মস্তিষ্কে রক্তক্ষরণ)। স্ট্রোক এবং মাথায় গুরুতর আঘাতজনিত সমস্যা (ট্রমা)। স্লিপ ডিস্ক, ডিস্ক প্রোলাপ্স এবং সায়াটিকা বা নার্ভের ব্যথার চিকিৎসা। স্পাইনাল কর্ড ইনজুরি এবং মেরুদণ্ডের জটিল সার্জারি। হাইড্রোসেফালাস (মস্তিষ্কে পানি জমা) এবং শিশুদের জন্মগত ব্রেইন ও স্পাইনাল সমস্যা। সহকারী অধ্যাপক ডাঃ মুহাঃ আরিফ রেজা কুষ্টিয়া এবং সমগ্র খুলনা বিভাগে একজন অত্যন্ত বিশ্বস্ত, সুপরিচিত এবং শীর্ষস্থানীয় নিউরোসার্জারি বিশেষজ্ঞ হিসেবে সুপ্রতিষ্ঠিত। কুষ্টিয়া অঞ্চলে তার অনেক পরিচিতি ও সুনাম রয়েছে। #dr arif reza #Neurosurgery #নিউরোসার্জারি',0,0,'এমবিবিএস, বিসিএস (স্বাস্থ্য), এমএস (নিউরোসার্জারী, বিএসএমএমইউ), সহকারী অধ্যাপক- ব্রেইন, নার্ভ, স্পাইন, স্ট্রোক বিশেষজ্ঞ ও সার্জন- ন্যাশনাল ইনস্টিটিউট অব নিউরোসায়েন্স ও হাসপাতাল, ঢাকা। নিউরো সার্জন, কুষ্টিয়া। ডাঃ আরিফ রেজা মূলত মস্তিষ্ক, মেরুদণ্ড এবং স্নায়ুতন্ত্রের বিভিন্ন জটিল রোগের সফল সার্জারি ও চিকিৎসার জন্য পরিচিত। তাঁর দক্ষতার ক্ষেত্রগুলোর মধ্যে রয়েছে: ব্রেইন টিউমার ও ব্রেইন হেমোরেজ (মস্তিষ্কে রক্তক্ষরণ)। স্ট্রোক এবং মাথায় গুরুতর আঘাতজনিত সমস্যা (ট্রমা)। স্লিপ ডিস্ক, ডিস্ক প্রোলাপ্স এবং সায়াটিকা বা নার্ভের ব্যথার চিকিৎসা। স্পাইনাল কর্ড ইনজুরি এবং মেরুদণ্ডের জটিল সার্জারি। হাইড্রোসেফালাস (মস্তিষ্কে পানি জমা) এবং শিশুদের জন্মগত ব্রেইন ও স্পাইনাল সমস্যা। সহকারী অধ্যাপক ডাঃ মুহাঃ আরিফ রেজা কুষ্টিয়া এবং সমগ্র খুলনা বিভাগে একজন অত্যন্ত বিশ্বস্ত, সুপরিচিত এবং শীর্ষস্থানীয় নিউরোসার্জারি বিশেষজ্ঞ হিসেবে সুপ্রতিষ্ঠিত। কুষ্টিয়া অঞ্চলে তার অনেক পরিচিতি ও সুনাম রয়েছে। #dr arif reza #Neurosurgery #নিউরোসার্জারি','এমবিবিএস, বিসিএস (স্বাস্থ্য), এমএস (নিউরোসার্জারী, বিএসএমএমইউ), সহকারী অধ্যাপক- ব্রেইন, নার্ভ, স্পাইন, স্ট্রোক বিশেষজ্ঞ ও সার্জন- ন্যাশনাল ইনস্টিটিউট অব নিউরোসায়েন্স ও হাসপাতাল, ঢাকা। নিউরো সার্জন, কুষ্টিয়া। ডাঃ আরিফ রেজা মূলত মস্তিষ্ক, মেরুদণ্ড এবং স্নায়ুতন্ত্রের বিভিন্ন জটিল রোগের সফল সার্জারি ও চিকিৎসার জন্য পরিচিত। তাঁর দক্ষতার ক্ষেত্রগুলোর মধ্যে রয়েছে: ব্রেইন টিউমার ও ব্রেইন হেমোরেজ (মস্তিষ্কে রক্তক্ষরণ)। স্ট্রোক এবং মাথায় গুরুতর আঘাতজনিত সমস্যা (ট্রমা)। স্লিপ ডিস্ক, ডিস্ক প্রোলাপ্স এবং সায়াটিকা বা নার্ভের ব্যথার চিকিৎসা। স্পাইনাল কর্ড ইনজুরি এবং মেরুদণ্ডের জটিল সার্জারি। হাইড্রোসেফালাস (মস্তিষ্কে পানি জমা) এবং শিশুদের জন্মগত ব্রেইন ও স্পাইনাল সমস্যা। সহকারী অধ্যাপক ডাঃ মুহাঃ আরিফ রেজা কুষ্টিয়া এবং সমগ্র খুলনা বিভাগে একজন অত্যন্ত বিশ্বস্ত, সুপরিচিত এবং শীর্ষস্থানীয় নিউরোসার্জারি বিশেষজ্ঞ হিসেবে সুপ্রতিষ্ঠিত। কুষ্টিয়া অঞ্চলে তার অনেক পরিচিতি ও সুনাম রয়েছে। #dr arif reza #Neurosurgery #নিউরোসার্জারি',NULL,'মস্তিষ্ক ও স্পাইনাল কর্ডের সংক্রমণ\nমস্তিষ্ক বা স্পাইনাল টিউমার\nমৃগী / খিচুনি রোগ\nমুখ বেকে যাওয়া (Facial palsy / Bell’s palsy)\nমাথার আঘাত / ট্রমা\nসাইনোসাইটিসজনিত মাথাব্যথা\nমাথা ব্যথা, মাথা ঘোরা, মাইগ্রেইন\nস্পাইনাল ইনজুরি\nস্ট্রোক / মস্তিষ্কে রক্তক্ষরণ বা ব্লকেজ\nটেনশন / অনিদ্রা / স্ট্রেসজনিত সমস্যা\nমস্তিষ্ক ও স্পাইনাল কর্ডের সংক্রমণ\nমস্তিষ্ক বা স্পাইনাল টিউমার','Brain and spinal cord infections (Meningitis, Encephalitis)\nBrain or spinal tumors\nEpilepsy / seizure disorders\nFacial palsy / Bell’s palsy\nHead trauma / injury\nHeadache due to sinusitis\nHeadaches, dizziness, migraines\nSpinal cord injury\nStroke / brain hemorrhage or blockage\nTension, stress, and insomnia-related problems\nBrain and Spinal Cord Infection\nBrain or Spinal Tumor','doctorghor/doctors/295.webp','https://doctorghor.com/doctor/dr-arif-reza/',450,'verified',0,1,'2026-08-12 19:24:30','2026-08-21 10:10:06',NULL,NULL,NULL,NULL,NULL,14),(14,'dr-ratan-kumar-pal','shkaree-odhzapk-da-rtn-kumar-pal',20,12,NULL,'এমবিবিএস (ডিএমসি), ডি-অর্থো সার্জারী (নিটোর), এমএস (অর্থো-সার্জারী, নিটোর), সহকারী অধ্যাপক (অর্থোপেডিক সার্জারী) -কুষ্টিয়া মেডিকেল কলেজ, কুষ্টিয়া। স্পাইন অর্থোপেডিক ও ট্রমা সার্জন, কুষ্টিয়া। সহকারী অধ্যাপক ডাঃ রতন কুমার পাল হলেন কুষ্টিয়া জেলার একজন অত্যন্ত অভিজ্ঞ এবং সুপরিচিত অর্থোপেডিক, ট্রমা ও স্পাইন স্পেশালিস্ট সার্জন। হাড় ভাঙা ও জোড়া সংক্রান্ত জটিল ট্রমা চিকিৎসা মেরুদণ্ডের সমস্যা বা স্পাইন সার্জারি হাড়, জোড়া এবং পেশীর দীর্ঘমেয়াদী রোগ বা অর্থোপেডিক কেয়ার #Orthopedic #dr rotom kumar pal #অর্থোপেডিক #ট্রমা সার্জন #অর্থোপেডিক বিশেষজ্ঞ',0,0,'এমবিবিএস (ডিএমসি), ডি-অর্থো সার্জারী (নিটোর), এমএস (অর্থো-সার্জারী, নিটোর), সহকারী অধ্যাপক (অর্থোপেডিক সার্জারী) -কুষ্টিয়া মেডিকেল কলেজ, কুষ্টিয়া। স্পাইন অর্থোপেডিক ও ট্রমা সার্জন, কুষ্টিয়া। সহকারী অধ্যাপক ডাঃ রতন কুমার পাল হলেন কুষ্টিয়া জেলার একজন অত্যন্ত অভিজ্ঞ এবং সুপরিচিত অর্থোপেডিক, ট্রমা ও স্পাইন স্পেশালিস্ট সার্জন। হাড় ভাঙা ও জোড়া সংক্রান্ত জটিল ট্রমা চিকিৎসা মেরুদণ্ডের সমস্যা বা স্পাইন সার্জারি হাড়, জোড়া এবং পেশীর দীর্ঘমেয়াদী রোগ বা অর্থোপেডিক কেয়ার #Orthopedic #dr rotom kumar pal #অর্থোপেডিক #ট্রমা সার্জন #অর্থোপেডিক বিশেষজ্ঞ','এমবিবিএস (ডিএমসি), ডি-অর্থো সার্জারী (নিটোর), এমএস (অর্থো-সার্জারী, নিটোর), সহকারী অধ্যাপক (অর্থোপেডিক সার্জারী) -কুষ্টিয়া মেডিকেল কলেজ, কুষ্টিয়া। স্পাইন অর্থোপেডিক ও ট্রমা সার্জন, কুষ্টিয়া। সহকারী অধ্যাপক ডাঃ রতন কুমার পাল হলেন কুষ্টিয়া জেলার একজন অত্যন্ত অভিজ্ঞ এবং সুপরিচিত অর্থোপেডিক, ট্রমা ও স্পাইন স্পেশালিস্ট সার্জন। হাড় ভাঙা ও জোড়া সংক্রান্ত জটিল ট্রমা চিকিৎসা মেরুদণ্ডের সমস্যা বা স্পাইন সার্জারি হাড়, জোড়া এবং পেশীর দীর্ঘমেয়াদী রোগ বা অর্থোপেডিক কেয়ার #Orthopedic #dr rotom kumar pal #অর্থোপেডিক #ট্রমা সার্জন #অর্থোপেডিক বিশেষজ্ঞ',NULL,'আর্থ্রাইটিস ও জয়েন্টের ব্যথা\nহাড় ও জয়েন্টের ভাঙা / ফ্র্যাকচার\nহাড় এবং জয়েন্ট সংক্রমণ\nহাড়ের বাঁক বা বিকৃতি (deformities)\nপেশী সংক্রমণ ও টিউমার\nস্পোর্টস ইনজুরি\nহাড় ও জয়েন্ট প্রতিস্থাপন / সার্জারি\nহাড়ের স্থানচ্যুতি / ডিসলোকেশন\nহাড় ও টিস্যুর আঘাত (soft tissue injuries)\nস্পাইন বা মেরুদণ্ডের সমস্যা\nহাড় ও জয়েন্ট প্রতিস্থাপন / সার্জারি\nহাড় ও টিস্যুর আঘাত (soft tissue injuries)','Arthritis and joint pain\nBone and joint fractures\nBone and joint infections\nBone deformities\nMuscle infections and tumors\nSports injuries\nBone and joint replacement / surgery\nBone dislocation\nSoft tissue injuries\nSpine problems and back injuries\nBone and joint replacement/surgery\nBone and tissue injuries (soft tissue injuries)','doctorghor/doctors/297.webp','https://doctorghor.com/doctor/dr-ratan-kumar-paul/',450,'verified',0,1,'2026-08-12 19:24:37','2026-08-21 10:10:06',NULL,NULL,NULL,NULL,NULL,15),(15,'dr-md-rashed-hasan-rony','da-mo-rased-hasan-rni',21,12,NULL,'এমবিবিএস, বিসিএস (স্বাস্থ্য), ডি-অর্থো, এও মাষ্টার্স-ট্রমা, ফেলোশিপ-ইলিজারভ এন্ড রিকনস্ট্রাকটিভ সার্জারী, ট্রেইন্ড ইন- পেডিয়াট্রিক ট্রমা এন্ড ডিফরমিটি কারেকশন, অর্থোপেডিক, ট্রমা বিশেষজ্ঞ ও সার্জন, কনসালটেন্ট (অর্থোপেডিক সার্জারী) -কুষ্টিয়া মেডিকেল কলেজ হাসপাতাল, কুষ্টিয়া। বিএমডিসি রেজি নং- এ ৪৭৩৮১ স্পাইন অর্থোপেডিক ও ট্রমা সার্জন, কুষ্টিয়া। ডাঃ মোঃ রাশেদ হাসান (রনি) কুষ্টিয়া জেলার একজন সুপরিচিত এবং অত্যন্ত অভিজ্ঞ অর্থোপেডিক, ট্রমা ও মেরুদণ্ড (স্পাইন) বিশেষজ্ঞ সার্জন। বর্তমানে তিনি কুষ্টিয়া মেডিকেল কলেজ ও হাসপাতালে কনসালট্যান্ট (অর্থোপেডিক সার্জারি) হিসেবে কর্মরত আছেন। #orthopedic #dr rased hasan rony #অর্থোপেডিক',0,0,'এমবিবিএস, বিসিএস (স্বাস্থ্য), ডি-অর্থো, এও মাষ্টার্স-ট্রমা, ফেলোশিপ-ইলিজারভ এন্ড রিকনস্ট্রাকটিভ সার্জারী, ট্রেইন্ড ইন- পেডিয়াট্রিক ট্রমা এন্ড ডিফরমিটি কারেকশন, অর্থোপেডিক, ট্রমা বিশেষজ্ঞ ও সার্জন, কনসালটেন্ট (অর্থোপেডিক সার্জারী) -কুষ্টিয়া মেডিকেল কলেজ হাসপাতাল, কুষ্টিয়া। বিএমডিসি রেজি নং- এ ৪৭৩৮১ স্পাইন অর্থোপেডিক ও ট্রমা সার্জন, কুষ্টিয়া। ডাঃ মোঃ রাশেদ হাসান (রনি) কুষ্টিয়া জেলার একজন সুপরিচিত এবং অত্যন্ত অভিজ্ঞ অর্থোপেডিক, ট্রমা ও মেরুদণ্ড (স্পাইন) বিশেষজ্ঞ সার্জন। বর্তমানে তিনি কুষ্টিয়া মেডিকেল কলেজ ও হাসপাতালে কনসালট্যান্ট (অর্থোপেডিক সার্জারি) হিসেবে কর্মরত আছেন। #orthopedic #dr rased hasan rony #অর্থোপেডিক','এমবিবিএস, বিসিএস (স্বাস্থ্য), ডি-অর্থো, এও মাষ্টার্স-ট্রমা, ফেলোশিপ-ইলিজারভ এন্ড রিকনস্ট্রাকটিভ সার্জারী, ট্রেইন্ড ইন- পেডিয়াট্রিক ট্রমা এন্ড ডিফরমিটি কারেকশন, অর্থোপেডিক, ট্রমা বিশেষজ্ঞ ও সার্জন, কনসালটেন্ট (অর্থোপেডিক সার্জারী) -কুষ্টিয়া মেডিকেল কলেজ হাসপাতাল, কুষ্টিয়া। বিএমডিসি রেজি নং- এ ৪৭৩৮১ স্পাইন অর্থোপেডিক ও ট্রমা সার্জন, কুষ্টিয়া। ডাঃ মোঃ রাশেদ হাসান (রনি) কুষ্টিয়া জেলার একজন সুপরিচিত এবং অত্যন্ত অভিজ্ঞ অর্থোপেডিক, ট্রমা ও মেরুদণ্ড (স্পাইন) বিশেষজ্ঞ সার্জন। বর্তমানে তিনি কুষ্টিয়া মেডিকেল কলেজ ও হাসপাতালে কনসালট্যান্ট (অর্থোপেডিক সার্জারি) হিসেবে কর্মরত আছেন। #orthopedic #dr rased hasan rony #অর্থোপেডিক',NULL,'আর্থ্রাইটিস ও জয়েন্টের ব্যথা\nহাড় ও জয়েন্টের ভাঙা / ফ্র্যাকচার\nহাড় এবং জয়েন্ট সংক্রমণ\nহাড়ের বাঁক বা বিকৃতি (deformities)\nপেশী সংক্রমণ ও টিউমার\nস্পোর্টস ইনজুরি\nহাড় ও জয়েন্ট প্রতিস্থাপন / সার্জারি\nহাড়ের স্থানচ্যুতি / ডিসলোকেশন\nহাড় ও টিস্যুর আঘাত (soft tissue injuries)\nস্পাইন বা মেরুদণ্ডের সমস্যা\nহাড় ও জয়েন্ট প্রতিস্থাপন / সার্জারি\nহাড় ও টিস্যুর আঘাত (soft tissue injuries)','Arthritis and joint pain\nBone and joint fractures\nBone and joint infections\nBone deformities\nMuscle infections and tumors\nSports injuries\nBone and joint replacement / surgery\nBone dislocation\nSoft tissue injuries\nSpine problems and back injuries\nBone and joint replacement/surgery\nBone and tissue injuries (soft tissue injuries)','doctorghor/doctors/293.webp','https://doctorghor.com/doctor/dr-rased-hasan-rony/',450,'verified',0,1,'2026-08-12 19:24:48','2026-08-21 10:10:06',NULL,NULL,NULL,NULL,NULL,16),(16,'dr-md-nazmul-huda','prfesr-da-mo-najmul-huda',22,12,NULL,'এমবিবিএস, এমএস (অর্থো সার্জারী) প্রাক্তন অধ্যাপক (অর্থো সার্জারী বিভাগ)- কুষ্টিয়া মেডিকেল কলেজ হাসপাতাল, কুষ্টিয়া। স্পাইন অর্থোপেডিক ও ট্রমা সার্জন, কুষ্টিয়া। প্রফেসর ডাঃ মোঃ নাজমুল হুদা হলেন বাংলাদেশের একজন অত্যন্ত স্বনামধন্য অর্থোপেডিক (হাড়, জয়েন্ট, ট্রমা ও স্পাইন) বিশেষজ্ঞ ও সার্জন। তিনি কুষ্টিয়া মেডিকেল কলেজ ও হাসপাতালের প্রাক্তন অধ্যাপক হিসেবে দায়িত্ব পালন করেছেন। বর্তমানে তিনি কুষ্টিয়ার সনো ডায়াগনস্টিক সেন্টারে নিয়মিত রোগী দেখছেন। প্রফেসর ডাঃ মোঃ নাজমুল হুদা - অর্থোপেডিক, ট্রমা এবং স্পাইন সার্জারি। তিনি স্লিপ ডিস্ক, সায়াটিকা, কোমর ব্যথা ও মেরুদণ্ডের বিভিন্ন জটিল রোগের চিকিৎসায় অত্যন্ত অভিজ্ঞ। #Orthopedic #dr nazmul huda #অর্থোপেডিক #ট্রমা সার্জন #অর্থোপেডিক বিশেষজ্ঞ',0,0,'এমবিবিএস, এমএস (অর্থো সার্জারী) প্রাক্তন অধ্যাপক (অর্থো সার্জারী বিভাগ)- কুষ্টিয়া মেডিকেল কলেজ হাসপাতাল, কুষ্টিয়া। স্পাইন অর্থোপেডিক ও ট্রমা সার্জন, কুষ্টিয়া। প্রফেসর ডাঃ মোঃ নাজমুল হুদা হলেন বাংলাদেশের একজন অত্যন্ত স্বনামধন্য অর্থোপেডিক (হাড়, জয়েন্ট, ট্রমা ও স্পাইন) বিশেষজ্ঞ ও সার্জন। তিনি কুষ্টিয়া মেডিকেল কলেজ ও হাসপাতালের প্রাক্তন অধ্যাপক হিসেবে দায়িত্ব পালন করেছেন। বর্তমানে তিনি কুষ্টিয়ার সনো ডায়াগনস্টিক সেন্টারে নিয়মিত রোগী দেখছেন। প্রফেসর ডাঃ মোঃ নাজমুল হুদা - অর্থোপেডিক, ট্রমা এবং স্পাইন সার্জারি। তিনি স্লিপ ডিস্ক, সায়াটিকা, কোমর ব্যথা ও মেরুদণ্ডের বিভিন্ন জটিল রোগের চিকিৎসায় অত্যন্ত অভিজ্ঞ। #Orthopedic #dr nazmul huda #অর্থোপেডিক #ট্রমা সার্জন #অর্থোপেডিক বিশেষজ্ঞ','এমবিবিএস, এমএস (অর্থো সার্জারী) প্রাক্তন অধ্যাপক (অর্থো সার্জারী বিভাগ)- কুষ্টিয়া মেডিকেল কলেজ হাসপাতাল, কুষ্টিয়া। স্পাইন অর্থোপেডিক ও ট্রমা সার্জন, কুষ্টিয়া। প্রফেসর ডাঃ মোঃ নাজমুল হুদা হলেন বাংলাদেশের একজন অত্যন্ত স্বনামধন্য অর্থোপেডিক (হাড়, জয়েন্ট, ট্রমা ও স্পাইন) বিশেষজ্ঞ ও সার্জন। তিনি কুষ্টিয়া মেডিকেল কলেজ ও হাসপাতালের প্রাক্তন অধ্যাপক হিসেবে দায়িত্ব পালন করেছেন। বর্তমানে তিনি কুষ্টিয়ার সনো ডায়াগনস্টিক সেন্টারে নিয়মিত রোগী দেখছেন। প্রফেসর ডাঃ মোঃ নাজমুল হুদা - অর্থোপেডিক, ট্রমা এবং স্পাইন সার্জারি। তিনি স্লিপ ডিস্ক, সায়াটিকা, কোমর ব্যথা ও মেরুদণ্ডের বিভিন্ন জটিল রোগের চিকিৎসায় অত্যন্ত অভিজ্ঞ। #Orthopedic #dr nazmul huda #অর্থোপেডিক #ট্রমা সার্জন #অর্থোপেডিক বিশেষজ্ঞ','Orthopedics (Bone, Joint, Trauma, Spine) Specialist & Surgeon Ex. Professor, Orthopedics Kushtia Medical College & Hospital','আর্থ্রাইটিস ও জয়েন্টের ব্যথা\nহাড় ও জয়েন্টের ভাঙা / ফ্র্যাকচার\nহাড় এবং জয়েন্ট সংক্রমণ\nহাড়ের বাঁক বা বিকৃতি (deformities)\nপেশী সংক্রমণ ও টিউমার\nস্পোর্টস ইনজুরি\nহাড় ও জয়েন্ট প্রতিস্থাপন / সার্জারি\nহাড়ের স্থানচ্যুতি / ডিসলোকেশন\nহাড় ও টিস্যুর আঘাত (soft tissue injuries)\nস্পাইন বা মেরুদণ্ডের সমস্যা\nহাড় ও জয়েন্ট প্রতিস্থাপন / সার্জারি\nহাড় ও টিস্যুর আঘাত (soft tissue injuries)','Arthritis and joint pain\nBone and joint fractures\nBone and joint infections\nBone deformities\nMuscle infections and tumors\nSports injuries\nBone and joint replacement / surgery\nBone dislocation\nSoft tissue injuries\nSpine problems and back injuries\nBone and joint replacement/surgery\nBone and tissue injuries (soft tissue injuries)','doctorghor/doctors/289.webp','https://khulnadoctorfinder.com/doctors/prof-dr-md-nazmul-huda-orthopedic-specialist-kushtia/',450,'verified',0,1,'2026-08-12 19:24:54','2026-08-21 10:10:06',NULL,NULL,NULL,'Orthopedics (Bone, Joint, Trauma, Spine) Specialist & Surgeon','Ex. Professor, Orthopedics',17),(17,'dr-md-shahidullah','shzogee-odhzapk-da-mo-shidullah',23,12,NULL,'এমবিবিএস, বিসিএস (স্বাস্থ্য), এমএস (অর্থোপেডিক সার্জারী), এফএসিএস (আমেরিকা) -বঙ্গবন্ধু শেখ মুজিব মেডিকেল বিশ্ববিদ্যালয়, ঢাকা। অর্থোপেডিক, ট্রমা এবং স্পাইন বিশেষজ্ঞ ও সার্জন, সহযোগী অধ্যাপক (অর্থোপেডিক সার্জারী বিভাগ) -কুষ্টিয়া মেডিকেল কলেজ, কুষ্টিয়া। বিএমডিসি রেজি: নং- এ ৩৪৭৯৩। স্পাইন অর্থোপেডিক ও ট্রমা সার্জন, কুষ্টিয়া। সহযোগী অধ্যাপক ডাঃ মোঃ শহিদুল্লাহ - মেরুদণ্ড, হাড়, জয়েন্ট এবং আঘাতজনিত (ট্রমা) বিভিন্ন জটিল সমস্যার আধুনিক চিকিৎসা ও অপারেশন করে থাকেন। যেমন: স্লিপ ডিস্ক বা হার্নিয়েটেড ডিস্ক এবং সাইটিকা দীর্ঘমেয়াদী কোমর ব্যথা ও ঘাড় ব্যথা (সার্ভাইক্যাল ডিস্ক ডিজঅর্ডার) স্পাইনাল ট্রমা, স্পাইন ফ্র্যাকচার ও মেরুদণ্ডের আঘাত হাড় ভাঙা (ফ্র্যাকচার) এবং দুর্ঘটনাজনিত জটিল ইনজুরি নার্ভ কম্প্রেশন ও স্পাইনাল স্টেনোসিস । #Orthopedic #dr sohidullah #dr mohammad shahidullah #অর্থোপেডিক #ট্রমা সার্জন #অর্থোপেডিক বিশেষজ্ঞ',0,0,'এমবিবিএস, বিসিএস (স্বাস্থ্য), এমএস (অর্থোপেডিক সার্জারী), এফএসিএস (আমেরিকা) -বঙ্গবন্ধু শেখ মুজিব মেডিকেল বিশ্ববিদ্যালয়, ঢাকা। অর্থোপেডিক, ট্রমা এবং স্পাইন বিশেষজ্ঞ ও সার্জন, সহযোগী অধ্যাপক (অর্থোপেডিক সার্জারী বিভাগ) -কুষ্টিয়া মেডিকেল কলেজ, কুষ্টিয়া। বিএমডিসি রেজি: নং- এ ৩৪৭৯৩। স্পাইন অর্থোপেডিক ও ট্রমা সার্জন, কুষ্টিয়া। সহযোগী অধ্যাপক ডাঃ মোঃ শহিদুল্লাহ - মেরুদণ্ড, হাড়, জয়েন্ট এবং আঘাতজনিত (ট্রমা) বিভিন্ন জটিল সমস্যার আধুনিক চিকিৎসা ও অপারেশন করে থাকেন। যেমন: স্লিপ ডিস্ক বা হার্নিয়েটেড ডিস্ক এবং সাইটিকা দীর্ঘমেয়াদী কোমর ব্যথা ও ঘাড় ব্যথা (সার্ভাইক্যাল ডিস্ক ডিজঅর্ডার) স্পাইনাল ট্রমা, স্পাইন ফ্র্যাকচার ও মেরুদণ্ডের আঘাত হাড় ভাঙা (ফ্র্যাকচার) এবং দুর্ঘটনাজনিত জটিল ইনজুরি নার্ভ কম্প্রেশন ও স্পাইনাল স্টেনোসিস । #Orthopedic #dr sohidullah #dr mohammad shahidullah #অর্থোপেডিক #ট্রমা সার্জন #অর্থোপেডিক বিশেষজ্ঞ','এমবিবিএস, বিসিএস (স্বাস্থ্য), এমএস (অর্থোপেডিক সার্জারী), এফএসিএস (আমেরিকা) -বঙ্গবন্ধু শেখ মুজিব মেডিকেল বিশ্ববিদ্যালয়, ঢাকা। অর্থোপেডিক, ট্রমা এবং স্পাইন বিশেষজ্ঞ ও সার্জন, সহযোগী অধ্যাপক (অর্থোপেডিক সার্জারী বিভাগ) -কুষ্টিয়া মেডিকেল কলেজ, কুষ্টিয়া। বিএমডিসি রেজি: নং- এ ৩৪৭৯৩। স্পাইন অর্থোপেডিক ও ট্রমা সার্জন, কুষ্টিয়া। সহযোগী অধ্যাপক ডাঃ মোঃ শহিদুল্লাহ - মেরুদণ্ড, হাড়, জয়েন্ট এবং আঘাতজনিত (ট্রমা) বিভিন্ন জটিল সমস্যার আধুনিক চিকিৎসা ও অপারেশন করে থাকেন। যেমন: স্লিপ ডিস্ক বা হার্নিয়েটেড ডিস্ক এবং সাইটিকা দীর্ঘমেয়াদী কোমর ব্যথা ও ঘাড় ব্যথা (সার্ভাইক্যাল ডিস্ক ডিজঅর্ডার) স্পাইনাল ট্রমা, স্পাইন ফ্র্যাকচার ও মেরুদণ্ডের আঘাত হাড় ভাঙা (ফ্র্যাকচার) এবং দুর্ঘটনাজনিত জটিল ইনজুরি নার্ভ কম্প্রেশন ও স্পাইনাল স্টেনোসিস । #Orthopedic #dr sohidullah #dr mohammad shahidullah #অর্থোপেডিক #ট্রমা সার্জন #অর্থোপেডিক বিশেষজ্ঞ',NULL,'আর্থ্রাইটিস ও জয়েন্টের ব্যথা\nহাড় ও জয়েন্টের ভাঙা / ফ্র্যাকচার\nহাড় এবং জয়েন্ট সংক্রমণ\nহাড়ের বাঁক বা বিকৃতি (deformities)\nপেশী সংক্রমণ ও টিউমার\nস্পোর্টস ইনজুরি\nহাড় ও জয়েন্ট প্রতিস্থাপন / সার্জারি\nহাড়ের স্থানচ্যুতি / ডিসলোকেশন\nহাড় ও টিস্যুর আঘাত (soft tissue injuries)\nস্পাইন বা মেরুদণ্ডের সমস্যা\nহাড় ও জয়েন্ট প্রতিস্থাপন / সার্জারি\nহাড় ও টিস্যুর আঘাত (soft tissue injuries)','Arthritis and joint pain\nBone and joint fractures\nBone and joint infections\nBone deformities\nMuscle infections and tumors\nSports injuries\nBone and joint replacement / surgery\nBone dislocation\nSoft tissue injuries\nSpine problems and back injuries\nBone and joint replacement/surgery\nBone and tissue injuries (soft tissue injuries)','doctorghor/doctors/286.webp','https://doctorghor.com/doctor/dr-mohammad-shahidullah/',450,'verified',0,1,'2026-08-12 19:25:00','2026-08-21 10:10:06',NULL,NULL,NULL,NULL,NULL,18),(18,'dr-muhammad-arozullah','shzogee-odhzapk-da-muhammd-arojullah',24,12,NULL,'এমবিবিএস, বিসিএস (স্বাস্থ্য), এমএস (অর্থোপেডিক সার্জারি), পঙ্গু হাসপাতাল (নিটোর), ঢাকা -রাজশাহী মেডিকেল কলেজ ও হাসপাতাল, রাজশাহী। হাড় ভাঙা ও পঙ্গু রোগ বিশেষজ্ঞ, স্পাইন অর্থোপেডিক ও ট্রমা সার্জন, কুষ্টিয়া। অর্থোপেডিক বিশেষজ্ঞ (Orthopedic Specialist) হলেন এমন চিকিৎসক যিনি মানুষের হাড়, জয়েন্ট বা জোড়া, লিগামেন্ট, পেশী এবং স্নায়ুর (মাসকুলোস্কেলিটাল সিস্টেম) বিভিন্ন সমস্যা ও রোগের চিকিৎসা এবং অস্ত্রোপচার করে থাকেন। সাধারণত হাড় ভাঙা, বাতের ব্যথা, পিঠ বা কোমর ব্যথা, স্পোর্টস ইনজুরি বা জয়েন্ট প্রতিস্থাপনের মতো সমস্যায় এই চিকিৎসকদের শরণাপন্ন হতে হয়। ডাঃ মুহাম্মদ আরোজুল্লাহ কুষ্টিয়া অঞ্চলের একজন অত্যন্ত সুপরিচিত এবং দক্ষ অর্থোপেডিক, ট্রমা, স্পাইন ও পেডিয়াট্রিক অর্থোপেডিক সার্জারি বিশেষজ্ঞ। তিনি বর্তমানে কুষ্টিয়া মেডিকেল কলেজ ও হাসপাতালে অর্থোপেডিক সার্জারি বিভাগের সহযোগী অধ্যাপক হিসেবে কর্মরত আছেন। #orthopedic #dr arozullah #অর্থোপেডিক',0,0,'এমবিবিএস, বিসিএস (স্বাস্থ্য), এমএস (অর্থোপেডিক সার্জারি), পঙ্গু হাসপাতাল (নিটোর), ঢাকা -রাজশাহী মেডিকেল কলেজ ও হাসপাতাল, রাজশাহী। হাড় ভাঙা ও পঙ্গু রোগ বিশেষজ্ঞ, স্পাইন অর্থোপেডিক ও ট্রমা সার্জন, কুষ্টিয়া। অর্থোপেডিক বিশেষজ্ঞ (Orthopedic Specialist) হলেন এমন চিকিৎসক যিনি মানুষের হাড়, জয়েন্ট বা জোড়া, লিগামেন্ট, পেশী এবং স্নায়ুর (মাসকুলোস্কেলিটাল সিস্টেম) বিভিন্ন সমস্যা ও রোগের চিকিৎসা এবং অস্ত্রোপচার করে থাকেন। সাধারণত হাড় ভাঙা, বাতের ব্যথা, পিঠ বা কোমর ব্যথা, স্পোর্টস ইনজুরি বা জয়েন্ট প্রতিস্থাপনের মতো সমস্যায় এই চিকিৎসকদের শরণাপন্ন হতে হয়। ডাঃ মুহাম্মদ আরোজুল্লাহ কুষ্টিয়া অঞ্চলের একজন অত্যন্ত সুপরিচিত এবং দক্ষ অর্থোপেডিক, ট্রমা, স্পাইন ও পেডিয়াট্রিক অর্থোপেডিক সার্জারি বিশেষজ্ঞ। তিনি বর্তমানে কুষ্টিয়া মেডিকেল কলেজ ও হাসপাতালে অর্থোপেডিক সার্জারি বিভাগের সহযোগী অধ্যাপক হিসেবে কর্মরত আছেন। #orthopedic #dr arozullah #অর্থোপেডিক','এমবিবিএস, বিসিএস (স্বাস্থ্য), এমএস (অর্থোপেডিক সার্জারি), পঙ্গু হাসপাতাল (নিটোর), ঢাকা -রাজশাহী মেডিকেল কলেজ ও হাসপাতাল, রাজশাহী। হাড় ভাঙা ও পঙ্গু রোগ বিশেষজ্ঞ, স্পাইন অর্থোপেডিক ও ট্রমা সার্জন, কুষ্টিয়া। অর্থোপেডিক বিশেষজ্ঞ (Orthopedic Specialist) হলেন এমন চিকিৎসক যিনি মানুষের হাড়, জয়েন্ট বা জোড়া, লিগামেন্ট, পেশী এবং স্নায়ুর (মাসকুলোস্কেলিটাল সিস্টেম) বিভিন্ন সমস্যা ও রোগের চিকিৎসা এবং অস্ত্রোপচার করে থাকেন। সাধারণত হাড় ভাঙা, বাতের ব্যথা, পিঠ বা কোমর ব্যথা, স্পোর্টস ইনজুরি বা জয়েন্ট প্রতিস্থাপনের মতো সমস্যায় এই চিকিৎসকদের শরণাপন্ন হতে হয়। ডাঃ মুহাম্মদ আরোজুল্লাহ কুষ্টিয়া অঞ্চলের একজন অত্যন্ত সুপরিচিত এবং দক্ষ অর্থোপেডিক, ট্রমা, স্পাইন ও পেডিয়াট্রিক অর্থোপেডিক সার্জারি বিশেষজ্ঞ। তিনি বর্তমানে কুষ্টিয়া মেডিকেল কলেজ ও হাসপাতালে অর্থোপেডিক সার্জারি বিভাগের সহযোগী অধ্যাপক হিসেবে কর্মরত আছেন। #orthopedic #dr arozullah #অর্থোপেডিক',NULL,'আর্থ্রাইটিস ও জয়েন্টের ব্যথা\nহাড় ও জয়েন্টের ভাঙা / ফ্র্যাকচার\nহাড় এবং জয়েন্ট সংক্রমণ\nহাড়ের বাঁক বা বিকৃতি (deformities)\nপেশী সংক্রমণ ও টিউমার\nস্পোর্টস ইনজুরি\nহাড় ও জয়েন্ট প্রতিস্থাপন / সার্জারি\nহাড়ের স্থানচ্যুতি / ডিসলোকেশন\nহাড় ও টিস্যুর আঘাত (soft tissue injuries)\nস্পাইন বা মেরুদণ্ডের সমস্যা\nহাড় ও জয়েন্ট প্রতিস্থাপন / সার্জারি\nহাড় ও টিস্যুর আঘাত (soft tissue injuries)','Arthritis and joint pain\nBone and joint fractures\nBone and joint infections\nBone deformities\nMuscle infections and tumors\nSports injuries\nBone and joint replacement / surgery\nBone dislocation\nSoft tissue injuries\nSpine problems and back injuries\nBone and joint replacement/surgery\nBone and tissue injuries (soft tissue injuries)','doctorghor/doctors/284.webp','https://doctorghor.com/doctor/orthopedic-dr-mohammad-arozullah/',450,'verified',0,1,'2026-08-12 19:25:07','2026-08-21 10:10:06',NULL,NULL,NULL,NULL,NULL,19),(19,'dr-khandaker-arafuzzaman-lipton','shkaree-odhzapk-da-khndkar-arafujjaman-liptn',25,13,NULL,'এমবিবিএস, এফসিপিএস (ইউরোলজি) কিডনি, মূত্রনালী, মূত্রাশয়, প্রোস্টেট, পুরুষ যৌনতা বিশেষজ্ঞ ও সার্জন সহকারী অধ্যাপক, ইউরোলজি মুগদা মেডিকেল কলেজ ও হাসপাতাল। সহকারী অধ্যাপক ডাঃ খন্দকার আরাফুজ্জামান লিপটন বাংলাদেশের একজন সুপরিচিত ইউরোলজি (মূত্রনালী ও কিডনি) বিশেষজ্ঞ এবং সার্জন। তিনি পুরুষ ও মহিলাদের মূত্রনালী, কিডনি ও পুরুষ প্রজননতন্ত্রের বিভিন্ন জটিল সমস্যার আধুনিক চিকিৎসা ও অপারেশন (যেমন ল্যাপারোস্কোপিক ও এন্ডোস্কোপিক সার্জারি) করে থাকেন #Dr arafuzzaman lipton #lipton #কিডনি #kidney #ল্যাপারোস্কোপিক #এন্ডোস্কোপিক #ইউরোলজি',0,0,'এমবিবিএস, এফসিপিএস (ইউরোলজি) কিডনি, মূত্রনালী, মূত্রাশয়, প্রোস্টেট, পুরুষ যৌনতা বিশেষজ্ঞ ও সার্জন সহকারী অধ্যাপক, ইউরোলজি মুগদা মেডিকেল কলেজ ও হাসপাতাল। সহকারী অধ্যাপক ডাঃ খন্দকার আরাফুজ্জামান লিপটন বাংলাদেশের একজন সুপরিচিত ইউরোলজি (মূত্রনালী ও কিডনি) বিশেষজ্ঞ এবং সার্জন। তিনি পুরুষ ও মহিলাদের মূত্রনালী, কিডনি ও পুরুষ প্রজননতন্ত্রের বিভিন্ন জটিল সমস্যার আধুনিক চিকিৎসা ও অপারেশন (যেমন ল্যাপারোস্কোপিক ও এন্ডোস্কোপিক সার্জারি) করে থাকেন #Dr arafuzzaman lipton #lipton #কিডনি #kidney #ল্যাপারোস্কোপিক #এন্ডোস্কোপিক #ইউরোলজি','এমবিবিএস, এফসিপিএস (ইউরোলজি) কিডনি, মূত্রনালী, মূত্রাশয়, প্রোস্টেট, পুরুষ যৌনতা বিশেষজ্ঞ ও সার্জন সহকারী অধ্যাপক, ইউরোলজি মুগদা মেডিকেল কলেজ ও হাসপাতাল। সহকারী অধ্যাপক ডাঃ খন্দকার আরাফুজ্জামান লিপটন বাংলাদেশের একজন সুপরিচিত ইউরোলজি (মূত্রনালী ও কিডনি) বিশেষজ্ঞ এবং সার্জন। তিনি পুরুষ ও মহিলাদের মূত্রনালী, কিডনি ও পুরুষ প্রজননতন্ত্রের বিভিন্ন জটিল সমস্যার আধুনিক চিকিৎসা ও অপারেশন (যেমন ল্যাপারোস্কোপিক ও এন্ডোস্কোপিক সার্জারি) করে থাকেন #Dr arafuzzaman lipton #lipton #কিডনি #kidney #ল্যাপারোস্কোপিক #এন্ডোস্কোপিক #ইউরোলজি','Kidney, Ureters, Bladder, Prostate, Male Sexuality Specialist & Surgeon Assistant Professor, Urology Mugda Medical College & Hospital','প্রস্রাবে রক্ত পড়া\nডায়ালিসিস এবং কিডনি ট্রান্সপ্ল্যান্ট পরামর্শ\nকিডনি ও প্রস্রাবনালীর টিউমার\nকিডনির সমস্যা (অকস্মিক বা দীর্ঘমেয়াদি)\nকিডনির পাথর / প্রস্রাবের পাথর\nদীর্ঘমেয়াদি ও জটিল কিডনি এবং প্রস্রাবনালীর রোগ\nডায়াবেটিসজনিত কিডনি সমস্যা\nপ্রস্রাবে জ্বালা বা সংক্রমণ\nপ্রস্টেট বা পুরুষদের প্রস্রাবজনিত সমস্যা\nইলেক্ট্রোলাইটের ভারসাম্যহীনতা\nকিডনি ফেইলিউর\nকিডনি স্টোন (পাথর)','Blood in urine\nDialysis and kidney transplant consultation\nKidney and urinary tract tumors\nKidney problems (acute or chronic)\nKidney stones / urinary stones\nLong-term and complex kidney and urinary tract diseases\nKidney disease due to diabetes\nPain or burning while urinating\nProstate problems (men)\nElectrolyte imbalance\nKidney failure\nKidney stones','doctorghor/doctors/279.webp','https://khulnadoctorfinder.com/doctors/dr-khondaker-arafuzzaman-lipton-urologist-dhaka/',450,'verified',0,1,'2026-08-12 19:25:14','2026-08-21 10:10:06',NULL,NULL,NULL,'Kidney, Ureters, Bladder, Prostate, Male Sexuality Specialist & Surgeon','Assistant Professor, Urology',20),(20,'dr-md-nasir-uddin','shkaree-odhzapk-da-mae-nasir-uddin',26,13,NULL,'এফসিপিএস (ইউরােলজী) কিডনী, মুত্রথলী, মুত্রনালী, প্রস্টেট, পুরুষাঙ্গ, অন্ডকোষ ও পুরুষ সেক্স বিশেষজ্ঞ ও সার্জন ডাঃ মোঃ নাসির উদ্দিন হলেন একজন বিশিষ্ট কিডনী, মূত্রথলী, মূত্রনালী ও প্রস্টেট (ইউরোলজি) বিশেষজ্ঞ এবং সার্জন। তিনি বর্তমানে ঢাকার ন্যাশনাল ইনস্টিটিউট অব কিডনী ডিজিজেস এন্ড ইউরোলজি শের-ই-বাংলা নগর, ঢাকা-তে সহকারী অধ্যাপক হিসেবে কর্মরত আছেন। তিনি কুষ্টিয়া অঞ্চলের রোগীদের জন্য আমিন ডায়াগনস্টিক অ্যান্ড মেডিকেল সার্ভিসেস - এ রোগী দেখেন। তিনি পুরুষ ও মহিলাদের মূত্রনালী, কিডনি ও পুরুষ প্রজননতন্ত্রের বিভিন্ন জটিল সমস্যার আধুনিক চিকিৎসা ও অপারেশন (যেমন ল্যাপারোস্কোপিক ও এন্ডোস্কোপিক সার্জারি) করে থাকেন #dr nasir uddin #kidney #কিডনি #ল্যাপারোস্কোপিক #এন্ডোস্কোপিক #ইউরোলজি',10,15,'এফসিপিএস (ইউরােলজী) কিডনী, মুত্রথলী, মুত্রনালী, প্রস্টেট, পুরুষাঙ্গ, অন্ডকোষ ও পুরুষ সেক্স বিশেষজ্ঞ ও সার্জন ডাঃ মোঃ নাসির উদ্দিন হলেন একজন বিশিষ্ট কিডনী, মূত্রথলী, মূত্রনালী ও প্রস্টেট (ইউরোলজি) বিশেষজ্ঞ এবং সার্জন। তিনি বর্তমানে ঢাকার ন্যাশনাল ইনস্টিটিউট অব কিডনী ডিজিজেস এন্ড ইউরোলজি শের-ই-বাংলা নগর, ঢাকা-তে সহকারী অধ্যাপক হিসেবে কর্মরত আছেন। তিনি কুষ্টিয়া অঞ্চলের রোগীদের জন্য আমিন ডায়াগনস্টিক অ্যান্ড মেডিকেল সার্ভিসেস - এ রোগী দেখেন। তিনি পুরুষ ও মহিলাদের মূত্রনালী, কিডনি ও পুরুষ প্রজননতন্ত্রের বিভিন্ন জটিল সমস্যার আধুনিক চিকিৎসা ও অপারেশন (যেমন ল্যাপারোস্কোপিক ও এন্ডোস্কোপিক সার্জারি) করে থাকেন #dr nasir uddin #kidney #কিডনি #ল্যাপারোস্কোপিক #এন্ডোস্কোপিক #ইউরোলজি','এফসিপিএস (ইউরােলজী) কিডনী, মুত্রথলী, মুত্রনালী, প্রস্টেট, পুরুষাঙ্গ, অন্ডকোষ ও পুরুষ সেক্স বিশেষজ্ঞ ও সার্জন ডাঃ মোঃ নাসির উদ্দিন হলেন একজন বিশিষ্ট কিডনী, মূত্রথলী, মূত্রনালী ও প্রস্টেট (ইউরোলজি) বিশেষজ্ঞ এবং সার্জন। তিনি বর্তমানে ঢাকার ন্যাশনাল ইনস্টিটিউট অব কিডনী ডিজিজেস এন্ড ইউরোলজি শের-ই-বাংলা নগর, ঢাকা-তে সহকারী অধ্যাপক হিসেবে কর্মরত আছেন। তিনি কুষ্টিয়া অঞ্চলের রোগীদের জন্য আমিন ডায়াগনস্টিক অ্যান্ড মেডিকেল সার্ভিসেস - এ রোগী দেখেন। তিনি পুরুষ ও মহিলাদের মূত্রনালী, কিডনি ও পুরুষ প্রজননতন্ত্রের বিভিন্ন জটিল সমস্যার আধুনিক চিকিৎসা ও অপারেশন (যেমন ল্যাপারোস্কোপিক ও এন্ডোস্কোপিক সার্জারি) করে থাকেন #dr nasir uddin #kidney #কিডনি #ল্যাপারোস্কোপিক #এন্ডোস্কোপিক #ইউরোলজি',NULL,'প্রস্রাবে রক্ত পড়া\nডায়ালিসিস এবং কিডনি ট্রান্সপ্ল্যান্ট পরামর্শ\nকিডনি ও প্রস্রাবনালীর টিউমার\nকিডনির সমস্যা (অকস্মিক বা দীর্ঘমেয়াদি)\nকিডনির পাথর / প্রস্রাবের পাথর\nদীর্ঘমেয়াদি ও জটিল কিডনি এবং প্রস্রাবনালীর রোগ\nডায়াবেটিসজনিত কিডনি সমস্যা\nপ্রস্রাবে জ্বালা বা সংক্রমণ\nপ্রস্টেট বা পুরুষদের প্রস্রাবজনিত সমস্যা\nইলেক্ট্রোলাইটের ভারসাম্যহীনতা\nকিডনি ফেইলিউর\nকিডনি স্টোন (পাথর)','Blood in urine\nDialysis and kidney transplant consultation\nKidney and urinary tract tumors\nKidney problems (acute or chronic)\nKidney stones / urinary stones\nLong-term and complex kidney and urinary tract diseases\nKidney disease due to diabetes\nPain or burning while urinating\nProstate problems (men)\nElectrolyte imbalance\nKidney failure\nKidney stones','doctorghor/doctors/282.webp','https://doctorghor.com/doctor/dr-nasir-uddin/',450,'verified',1,1,'2026-08-12 19:25:22','2026-08-22 15:28:52',NULL,NULL,NULL,NULL,NULL,1),(21,'dr-md-mizanur-rahman','da-mo-mijanur-rhman',27,11,NULL,'এমবিবিএস, বিসিএস (স্বাস্থ্য), এমডি (নিউরো মেডিসিন) -কুষ্টিয়া মেডিকেল কলেজ ও হাসপাতাল, কুষ্টিয়া। নিউরোলজি বিশেষজ্ঞ, কুষ্টিয়া। স্ট্রোক ও পক্ষাঘাত মাথাব্যথা ও মাইগ্রেন খিঁচুনি ও মৃগী রোগ স্মৃতিভ্রম ও পার্কিনসন্স হাত-পা কাঁপা বা অবশ হওয়া ঘাড়, পিঠ ও কোমরের স্নায়ুর ব্যথা ঘুমের সমস্যা ও স্নায়বিক মানসিক চাপ. এই সমস্যা গুলা দেখা দিলে নিউরোমেডিসিন বিশেষজ্ঞ এর পরামর্শ নিন। ডাঃ মোঃ মিজানুর রহমান কুষ্টিয়া জেলার একজন অত্যন্ত সুপরিচিত ও অভিজ্ঞ নিউরো মেডিসিন (স্নায়ুরোগ) বিশেষজ্ঞ। তিনি নিয়মিত কুষ্টিয়ার পপুলার ডায়াগনস্টিক সেন্টারে রোগী দেখেন। #dr mijanur rahman # Dr. Md. Mizanur Rahman #dr # নিউরোমেডিসিন #Neuromedicine #বিশেষজ্ঞ',0,0,'এমবিবিএস, বিসিএস (স্বাস্থ্য), এমডি (নিউরো মেডিসিন) -কুষ্টিয়া মেডিকেল কলেজ ও হাসপাতাল, কুষ্টিয়া। নিউরোলজি বিশেষজ্ঞ, কুষ্টিয়া। স্ট্রোক ও পক্ষাঘাত মাথাব্যথা ও মাইগ্রেন খিঁচুনি ও মৃগী রোগ স্মৃতিভ্রম ও পার্কিনসন্স হাত-পা কাঁপা বা অবশ হওয়া ঘাড়, পিঠ ও কোমরের স্নায়ুর ব্যথা ঘুমের সমস্যা ও স্নায়বিক মানসিক চাপ. এই সমস্যা গুলা দেখা দিলে নিউরোমেডিসিন বিশেষজ্ঞ এর পরামর্শ নিন। ডাঃ মোঃ মিজানুর রহমান কুষ্টিয়া জেলার একজন অত্যন্ত সুপরিচিত ও অভিজ্ঞ নিউরো মেডিসিন (স্নায়ুরোগ) বিশেষজ্ঞ। তিনি নিয়মিত কুষ্টিয়ার পপুলার ডায়াগনস্টিক সেন্টারে রোগী দেখেন। #dr mijanur rahman # Dr. Md. Mizanur Rahman #dr # নিউরোমেডিসিন #Neuromedicine #বিশেষজ্ঞ','এমবিবিএস, বিসিএস (স্বাস্থ্য), এমডি (নিউরো মেডিসিন) -কুষ্টিয়া মেডিকেল কলেজ ও হাসপাতাল, কুষ্টিয়া। নিউরোলজি বিশেষজ্ঞ, কুষ্টিয়া। স্ট্রোক ও পক্ষাঘাত মাথাব্যথা ও মাইগ্রেন খিঁচুনি ও মৃগী রোগ স্মৃতিভ্রম ও পার্কিনসন্স হাত-পা কাঁপা বা অবশ হওয়া ঘাড়, পিঠ ও কোমরের স্নায়ুর ব্যথা ঘুমের সমস্যা ও স্নায়বিক মানসিক চাপ. এই সমস্যা গুলা দেখা দিলে নিউরোমেডিসিন বিশেষজ্ঞ এর পরামর্শ নিন। ডাঃ মোঃ মিজানুর রহমান কুষ্টিয়া জেলার একজন অত্যন্ত সুপরিচিত ও অভিজ্ঞ নিউরো মেডিসিন (স্নায়ুরোগ) বিশেষজ্ঞ। তিনি নিয়মিত কুষ্টিয়ার পপুলার ডায়াগনস্টিক সেন্টারে রোগী দেখেন। #dr mijanur rahman # Dr. Md. Mizanur Rahman #dr # নিউরোমেডিসিন #Neuromedicine #বিশেষজ্ঞ',NULL,'মস্তিষ্ক ও স্পাইনাল কর্ডের সংক্রমণ\nমস্তিষ্ক বা স্পাইনাল টিউমার\nমৃগী / খিচুনি রোগ\nমুখ বেকে যাওয়া (Facial palsy / Bell’s palsy)\nমাথার আঘাত / ট্রমা\nসাইনোসাইটিসজনিত মাথাব্যথা\nমাথা ব্যথা, মাথা ঘোরা, মাইগ্রেইন\nস্পাইনাল ইনজুরি\nস্ট্রোক / মস্তিষ্কে রক্তক্ষরণ বা ব্লকেজ\nটেনশন / অনিদ্রা / স্ট্রেসজনিত সমস্যা\nমস্তিষ্ক ও স্পাইনাল কর্ডের সংক্রমণ\nমস্তিষ্ক বা স্পাইনাল টিউমার','Brain and spinal cord infections (Meningitis, Encephalitis)\nBrain or spinal tumors\nEpilepsy / seizure disorders\nFacial palsy / Bell’s palsy\nHead trauma / injury\nHeadache due to sinusitis\nHeadaches, dizziness, migraines\nSpinal cord injury\nStroke / brain hemorrhage or blockage\nTension, stress, and insomnia-related problems\nBrain and Spinal Cord Infection\nBrain or Spinal Tumor','doctorghor/doctors/277.webp','https://doctorghor.com/doctor/dr-mizanur-rahman/',450,'verified',0,1,'2026-08-12 19:25:29','2026-08-21 10:10:06',NULL,NULL,NULL,NULL,NULL,21),(22,'dr-md-imamul-haque-david','shzogee-odhzapk-da-mo-imamul-hk-devit',28,14,NULL,'এমবিবিএস (ঢাকা), বিসিএস (স্বাস্থ্য), এফসিপিএস (ইএনটি), নাক, কান, গলা রোগ বিশেষজ্ঞ ও হেড-নেক সার্জন, সহযোগী অধ্যাপক -কুষ্টিয়া মেডিকেল কলেজ, কুষ্টিয়া। সহযোগী অধ্যাপক ডাঃ মোঃ ইমামুল হক হলেন কুষ্টিয়া জেলার একজন অত্যন্ত অভিজ্ঞ ইএনটি (কান, নাক ও গলা) বিশেষজ্ঞ। তিনি কুষ্টিয়া এর ওটোল্যারিঙ্গোলজি বিভাগের একজন সহযোগী অধ্যাপক হিসেবে কর্মরত আছেন। সঠিক রোগ নির্ণয়, আন্তরিক সেবা এবং আধুনিক চিকিৎসা প্রদানের জন্য কুষ্টিয়া এবং আশেপাশের জেলার রোগীরা তাঁর ওপর আস্থা রাখেন। #nak, kan, gola #নাক, কান, গলা, #asso-prof-dr-md-emamul-haque #Dr.Emamul haque david #david',0,0,'এমবিবিএস (ঢাকা), বিসিএস (স্বাস্থ্য), এফসিপিএস (ইএনটি), নাক, কান, গলা রোগ বিশেষজ্ঞ ও হেড-নেক সার্জন, সহযোগী অধ্যাপক -কুষ্টিয়া মেডিকেল কলেজ, কুষ্টিয়া। সহযোগী অধ্যাপক ডাঃ মোঃ ইমামুল হক হলেন কুষ্টিয়া জেলার একজন অত্যন্ত অভিজ্ঞ ইএনটি (কান, নাক ও গলা) বিশেষজ্ঞ। তিনি কুষ্টিয়া এর ওটোল্যারিঙ্গোলজি বিভাগের একজন সহযোগী অধ্যাপক হিসেবে কর্মরত আছেন। সঠিক রোগ নির্ণয়, আন্তরিক সেবা এবং আধুনিক চিকিৎসা প্রদানের জন্য কুষ্টিয়া এবং আশেপাশের জেলার রোগীরা তাঁর ওপর আস্থা রাখেন। #nak, kan, gola #নাক, কান, গলা, #asso-prof-dr-md-emamul-haque #Dr.Emamul haque david #david','এমবিবিএস (ঢাকা), বিসিএস (স্বাস্থ্য), এফসিপিএস (ইএনটি), নাক, কান, গলা রোগ বিশেষজ্ঞ ও হেড-নেক সার্জন, সহযোগী অধ্যাপক -কুষ্টিয়া মেডিকেল কলেজ, কুষ্টিয়া। সহযোগী অধ্যাপক ডাঃ মোঃ ইমামুল হক হলেন কুষ্টিয়া জেলার একজন অত্যন্ত অভিজ্ঞ ইএনটি (কান, নাক ও গলা) বিশেষজ্ঞ। তিনি কুষ্টিয়া এর ওটোল্যারিঙ্গোলজি বিভাগের একজন সহযোগী অধ্যাপক হিসেবে কর্মরত আছেন। সঠিক রোগ নির্ণয়, আন্তরিক সেবা এবং আধুনিক চিকিৎসা প্রদানের জন্য কুষ্টিয়া এবং আশেপাশের জেলার রোগীরা তাঁর ওপর আস্থা রাখেন। #nak, kan, gola #নাক, কান, গলা, #asso-prof-dr-md-emamul-haque #Dr.Emamul haque david #david',NULL,'সাইনাস সংক্রান্ত সমস্যা (Sinusitis)\nটনসিল ও গ্ল্যান্ডে সমস্যা\nকান দিয়ে পানি বা পুঁজ পড়া\nকানের সংক্রমণ ও ব্যথা\nকানে কম শোনা / শ্রবণশক্তি কমে যাওয়া\nকানের পর্দা ফেটে যাওয়া ও পর্দা সংযোজন\nকানের বাজনা বা বেজে যাওয়া (Tinnitus)\nগলার ব্যথা ও ইনফেকশন\nনাকে মাংস বৃদ্ধি হওয়া\nগলার ভয়েস পরিবর্তন বা কণ্ঠস্বরে সমস্যা\nকান দিয়ে পানি বা পুঁজ পড়া\nকানের সংক্রমণ ও ব্যথা','Sinus problems (Sinusitis)\nTonsil and gland problems\nEar discharge (fluid or pus)\nEar infections and ear pain\nHearing loss / reduced hearing\nPerforated eardrum and eardrum repair\nRinging in the ears (Tinnitus)\nThroat infections and sore throat\nTissue growth in the nose\nVoice changes and speech-related problems\nEar Fluid or Pus\nEar Infections and Pain','doctorghor/doctors/272.webp','https://doctorghor.com/doctor/asso-professor-dr-md-emamul-haque/',450,'verified',0,1,'2026-08-12 19:25:34','2026-08-21 10:10:06',NULL,NULL,NULL,NULL,NULL,22),(23,'dr-md-asadur-rahman-shamim','da-mo-asadur-rhman-sameem',29,11,NULL,'এমবিবিএস (ঢাকা), বিসিএস (স্বাস্থ্য) এমডি (নিউরোমেডিসিন) ব্রেইন, নার্ভ, স্ট্রোক ও প্যারালাইসিস রোগ বিশেষজ্ঞ নিউরোলজিস্ট ও মেডিসিন স্পেশালিস্ট পদবি:সহকারী অধ্যাপক, নিউরোলজি বিভাগকুষ্টিয়া মেডিকেল কলেজ হাসপাতাল, কুষ্টিয়া। স্ট্রোক ও পক্ষাঘাত মাথাব্যথা ও মাইগ্রেন খিঁচুনি ও মৃগী রোগ স্মৃতিভ্রম ও পার্কিনসন্স হাত-পা কাঁপা বা অবশ হওয়া ঘাড়, পিঠ ও কোমরের স্নায়ুর ব্যথা ঘুমের সমস্যা ও স্নায়বিক মানসিক চাপ. এই সমস্যা গুলা দেখা দিলে নিউরোমেডিসিন বিশেষজ্ঞ এর পরামর্শ নিন। #asadur rahman shamim #dr # নিউরোমেডিসিন #Neuromedicine #বিশেষজ্ঞ',0,0,'এমবিবিএস (ঢাকা), বিসিএস (স্বাস্থ্য) এমডি (নিউরোমেডিসিন) ব্রেইন, নার্ভ, স্ট্রোক ও প্যারালাইসিস রোগ বিশেষজ্ঞ নিউরোলজিস্ট ও মেডিসিন স্পেশালিস্ট পদবি:সহকারী অধ্যাপক, নিউরোলজি বিভাগকুষ্টিয়া মেডিকেল কলেজ হাসপাতাল, কুষ্টিয়া। স্ট্রোক ও পক্ষাঘাত মাথাব্যথা ও মাইগ্রেন খিঁচুনি ও মৃগী রোগ স্মৃতিভ্রম ও পার্কিনসন্স হাত-পা কাঁপা বা অবশ হওয়া ঘাড়, পিঠ ও কোমরের স্নায়ুর ব্যথা ঘুমের সমস্যা ও স্নায়বিক মানসিক চাপ. এই সমস্যা গুলা দেখা দিলে নিউরোমেডিসিন বিশেষজ্ঞ এর পরামর্শ নিন। #asadur rahman shamim #dr # নিউরোমেডিসিন #Neuromedicine #বিশেষজ্ঞ','এমবিবিএস (ঢাকা), বিসিএস (স্বাস্থ্য) এমডি (নিউরোমেডিসিন) ব্রেইন, নার্ভ, স্ট্রোক ও প্যারালাইসিস রোগ বিশেষজ্ঞ নিউরোলজিস্ট ও মেডিসিন স্পেশালিস্ট পদবি:সহকারী অধ্যাপক, নিউরোলজি বিভাগকুষ্টিয়া মেডিকেল কলেজ হাসপাতাল, কুষ্টিয়া। স্ট্রোক ও পক্ষাঘাত মাথাব্যথা ও মাইগ্রেন খিঁচুনি ও মৃগী রোগ স্মৃতিভ্রম ও পার্কিনসন্স হাত-পা কাঁপা বা অবশ হওয়া ঘাড়, পিঠ ও কোমরের স্নায়ুর ব্যথা ঘুমের সমস্যা ও স্নায়বিক মানসিক চাপ. এই সমস্যা গুলা দেখা দিলে নিউরোমেডিসিন বিশেষজ্ঞ এর পরামর্শ নিন। #asadur rahman shamim #dr # নিউরোমেডিসিন #Neuromedicine #বিশেষজ্ঞ','Neurology (Brain, Nerve, Stroke, Paralysis) & Medicine Specialist Assistant Professor, Neurology Kushtia Medical College & Hospital','মস্তিষ্ক ও স্পাইনাল কর্ডের সংক্রমণ\nমস্তিষ্ক বা স্পাইনাল টিউমার\nমৃগী / খিচুনি রোগ\nমুখ বেকে যাওয়া (Facial palsy / Bell’s palsy)\nমাথার আঘাত / ট্রমা\nসাইনোসাইটিসজনিত মাথাব্যথা\nমাথা ব্যথা, মাথা ঘোরা, মাইগ্রেইন\nস্পাইনাল ইনজুরি\nস্ট্রোক / মস্তিষ্কে রক্তক্ষরণ বা ব্লকেজ\nটেনশন / অনিদ্রা / স্ট্রেসজনিত সমস্যা\nমস্তিষ্ক ও স্পাইনাল কর্ডের সংক্রমণ\nমস্তিষ্ক বা স্পাইনাল টিউমার','Brain and spinal cord infections (Meningitis, Encephalitis)\nBrain or spinal tumors\nEpilepsy / seizure disorders\nFacial palsy / Bell’s palsy\nHead trauma / injury\nHeadache due to sinusitis\nHeadaches, dizziness, migraines\nSpinal cord injury\nStroke / brain hemorrhage or blockage\nTension, stress, and insomnia-related problems\nBrain and Spinal Cord Infection\nBrain or Spinal Tumor','doctorghor/doctors/270.webp','https://khulnadoctorfinder.com/doctors/dr-md-asadur-rahman-shamim-neurologist-kushtia/',450,'verified',0,1,'2026-08-12 19:25:41','2026-08-21 10:10:06',NULL,NULL,NULL,'Neurology (Brain, Nerve, Stroke, Paralysis) & Medicine Specialist','Assistant Professor, Neurology',23),(24,'dr-md-ayub-ali','da-mo-ayub-alee',30,6,NULL,'এমবিবিএস, বিসিএস (স্বাস্থ্য), ডিসিএইচ, এমএসসি। সাবেক সহযোগী অধ্যাপক ও বিভাগীয় প্রধান (শিশু বিভাগ)- কুষ্টিয়া মেডিকেল কলেজ ও হাসপাতাল, কুষ্টিয়া। নবজাতক ও শিশু বিশেষজ্ঞ, কুষ্টিয়া। তীব্র জ্বর, ক্রমাগত কাশি, ঠান্ডা, নিউমোনিয়া বা শ্বাসকষ্ট. ঘন ঘন ডায়রিয়া, বমি, কোষ্ঠকাঠিন্য বা খাবারে তীব্র অরুচি দেখা দিলে। শিশুর সঠিক সময়ে কথা না বলা, হাঁটা না শেখা বা শারীরিক বৃদ্ধি কম হওয়া। এমন যে কোন সমস্যা দেখা দিলে ডাঃ মোঃ আইয়ুব আলী কে দেখাতে পারেন, উনি কুষ্টিয়ায় একজন একজন প্রসিদ্ধ শিশু রোগ বিশেষজ্ঞ #Dr ayub ali #kids #shishu #sishu #নবজাতক #Pediatrics #শিশু বিশেষজ্ঞ',0,0,'এমবিবিএস, বিসিএস (স্বাস্থ্য), ডিসিএইচ, এমএসসি। সাবেক সহযোগী অধ্যাপক ও বিভাগীয় প্রধান (শিশু বিভাগ)- কুষ্টিয়া মেডিকেল কলেজ ও হাসপাতাল, কুষ্টিয়া। নবজাতক ও শিশু বিশেষজ্ঞ, কুষ্টিয়া। তীব্র জ্বর, ক্রমাগত কাশি, ঠান্ডা, নিউমোনিয়া বা শ্বাসকষ্ট. ঘন ঘন ডায়রিয়া, বমি, কোষ্ঠকাঠিন্য বা খাবারে তীব্র অরুচি দেখা দিলে। শিশুর সঠিক সময়ে কথা না বলা, হাঁটা না শেখা বা শারীরিক বৃদ্ধি কম হওয়া। এমন যে কোন সমস্যা দেখা দিলে ডাঃ মোঃ আইয়ুব আলী কে দেখাতে পারেন, উনি কুষ্টিয়ায় একজন একজন প্রসিদ্ধ শিশু রোগ বিশেষজ্ঞ #Dr ayub ali #kids #shishu #sishu #নবজাতক #Pediatrics #শিশু বিশেষজ্ঞ','এমবিবিএস, বিসিএস (স্বাস্থ্য), ডিসিএইচ, এমএসসি। সাবেক সহযোগী অধ্যাপক ও বিভাগীয় প্রধান (শিশু বিভাগ)- কুষ্টিয়া মেডিকেল কলেজ ও হাসপাতাল, কুষ্টিয়া। নবজাতক ও শিশু বিশেষজ্ঞ, কুষ্টিয়া। তীব্র জ্বর, ক্রমাগত কাশি, ঠান্ডা, নিউমোনিয়া বা শ্বাসকষ্ট. ঘন ঘন ডায়রিয়া, বমি, কোষ্ঠকাঠিন্য বা খাবারে তীব্র অরুচি দেখা দিলে। শিশুর সঠিক সময়ে কথা না বলা, হাঁটা না শেখা বা শারীরিক বৃদ্ধি কম হওয়া। এমন যে কোন সমস্যা দেখা দিলে ডাঃ মোঃ আইয়ুব আলী কে দেখাতে পারেন, উনি কুষ্টিয়ায় একজন একজন প্রসিদ্ধ শিশু রোগ বিশেষজ্ঞ #Dr ayub ali #kids #shishu #sishu #নবজাতক #Pediatrics #শিশু বিশেষজ্ঞ',NULL,'শিশুদের আচরণগত সমস্যা\nনবজাতকের স্বাস্থ্য ও যত্ন\nজন্মগত বা জেনেটিক সমস্যা\nহজমজনিত সমস্যা (বমি, পেটের পীড়া, কোষ্ঠকাঠিন্য)\nশিশুদের জ্বর, সর্দি-কাশি, নিউমোনিয়া ও শ্বাসকষ্ট জনিত সমস্যা\nশিশুদের স্বাস্থ্যগত সমস্যা\nশিশুদের শারীরিক বৃদ্ধি ও ওজনের সমস্যা\nশিশুদের হরমোনজনিত সমস্যা\nসংক্রমণজনিত সমস্যা (যেমন: নিউমোনিয়া, ডায়রিয়া)\nলিভার, কিডনি বা অন্যান্য অঙ্গের সমস্যা\nজন্মগত বা জেনেটিক সমস্যা\nহজমজনিত সমস্যা (বমি, পেটের পীড়া, কোষ্ঠকাঠিন্য)','Behavioral problems in children\nNewborn health and care\nCongenital or genetic disorders\nDigestive issues (vomiting, abdominal pain, constipation)\nFever, cold, cough, pneumonia, and respiratory problems in children\nGeneral health problems in children\nGrowth and weight issues in children\nHormonal or endocrine problems in children\nInfection-related problems (e.g., pneumonia, diarrhea)\nLiver, kidney, or other organ-related problems\nCongenital or genetic problems\nDigestive problems (vomiting, stomach ache, constipation)','doctorghor/doctors/238.webp','https://doctorghor.com/doctor/%e0%a6%a1%e0%a6%be%e0%a6%83-%e0%a6%ae%e0%a7%8b%e0%a6%83-%e0%a6%86%e0%a6%87%e0%a6%af%e0%a6%bc%e0%a7%81%e0%a6%ac-%e0%a6%86%e0%a6%b2%e0%a7%80/',450,'verified',0,1,'2026-08-12 19:25:47','2026-08-21 10:10:06',NULL,NULL,NULL,NULL,NULL,24),(25,'dr-md-mubashshir-hasan','da-mo-mubasweer-hasan',31,7,NULL,'এমবিবিএস, বিসিএস (স্বাস্থ্য) এমএস (রিপ্রোডাক্টিভ এন্ডোক্রাইনোলজি এ্যান্ড ইনফার্টিলিটি) বাংলাদেশ মেডিকেল বিশ্ববিদ্যালয় (পিজি হাসপাতাল), ঢাকা। ডা: মো: মুবাশ্বীর হাসান হলেন বাংলাদেশের একজন সুপরিচিত বন্ধ্যাত্ব, গাইনী ও প্রজনন হরমোন বিশেষজ্ঞ (Infertility & Reproductive Endocrinologist)। তিনি মূলত গাইনী ও ইনফার্টিলিটি, ডায়াবেটিস, থাইরয়েড (বন্ধ্যাত্ব), গাইনী ও প্রজনন হরমোন বিশেষজ্ঞ এবং রিপ্রোডাক্টিভ হরমোনজনিত জটিলতার চিকিৎসা প্রদান করেন। #Dr. Mubasshir Hasan #Fertility Specialist #Gynecologist #প্রসূতি #gynea #গাইনী #হরমোন বিশেষজ্ঞ #ইনফার্টিলিটি #বন্ধ্যাত্ব',0,0,'এমবিবিএস, বিসিএস (স্বাস্থ্য) এমএস (রিপ্রোডাক্টিভ এন্ডোক্রাইনোলজি এ্যান্ড ইনফার্টিলিটি) বাংলাদেশ মেডিকেল বিশ্ববিদ্যালয় (পিজি হাসপাতাল), ঢাকা। ডা: মো: মুবাশ্বীর হাসান হলেন বাংলাদেশের একজন সুপরিচিত বন্ধ্যাত্ব, গাইনী ও প্রজনন হরমোন বিশেষজ্ঞ (Infertility & Reproductive Endocrinologist)। তিনি মূলত গাইনী ও ইনফার্টিলিটি, ডায়াবেটিস, থাইরয়েড (বন্ধ্যাত্ব), গাইনী ও প্রজনন হরমোন বিশেষজ্ঞ এবং রিপ্রোডাক্টিভ হরমোনজনিত জটিলতার চিকিৎসা প্রদান করেন। #Dr. Mubasshir Hasan #Fertility Specialist #Gynecologist #প্রসূতি #gynea #গাইনী #হরমোন বিশেষজ্ঞ #ইনফার্টিলিটি #বন্ধ্যাত্ব','এমবিবিএস, বিসিএস (স্বাস্থ্য) এমএস (রিপ্রোডাক্টিভ এন্ডোক্রাইনোলজি এ্যান্ড ইনফার্টিলিটি) বাংলাদেশ মেডিকেল বিশ্ববিদ্যালয় (পিজি হাসপাতাল), ঢাকা। ডা: মো: মুবাশ্বীর হাসান হলেন বাংলাদেশের একজন সুপরিচিত বন্ধ্যাত্ব, গাইনী ও প্রজনন হরমোন বিশেষজ্ঞ (Infertility & Reproductive Endocrinologist)। তিনি মূলত গাইনী ও ইনফার্টিলিটি, ডায়াবেটিস, থাইরয়েড (বন্ধ্যাত্ব), গাইনী ও প্রজনন হরমোন বিশেষজ্ঞ এবং রিপ্রোডাক্টিভ হরমোনজনিত জটিলতার চিকিৎসা প্রদান করেন। #Dr. Mubasshir Hasan #Fertility Specialist #Gynecologist #প্রসূতি #gynea #গাইনী #হরমোন বিশেষজ্ঞ #ইনফার্টিলিটি #বন্ধ্যাত্ব',NULL,'গর্ভপাত ও জরায়ু সংক্রান্ত সমস্যা\nজন্মগত বা গর্ভকালীন সমস্যা\nগাইনোকোলজিক ইনফেকশন ও সংক্রমণ\nহরমোনজনিত সমস্যা\nবন্ধ্যাত্ব ও প্রজননজনিত সমস্যা\nপ্রসবকালীন সমস্যা ও জরুরি পরিস্থিতি\nমাসিক সমস্যা (অসাম্য, ব্যথা, অনিয়মিত রক্তস্রাব)\nপিরিয়ডজনিত পেইন ও অস্বস্তি\nপ্রেগনেন্সি চেকআপ ও ফলো-আপ\nযোনি সংক্রান্ত সমস্যা\nজন্মগত বা গর্ভকালীন সমস্যা\nপ্রসবকালীন সমস্যা ও জরুরি পরিস্থিতি','Miscarriage and uterine problems\nCongenital or pregnancy-related complications\nGynecologic infections\nHormonal disorders\nInfertility and reproductive health problems\nLabor and delivery complications\nMenstrual disorders (irregularity, pain, heavy bleeding)\nPeriod-related pain and discomfort\nPregnancy care and prenatal checkups\nVaginal health issues\nCongenital or pregnancy problems\nDuring childbirth and emergencies','doctorghor/doctors/229.webp','https://doctorghor.com/doctor/dr-mubasshir-hasan/',450,'verified',0,1,'2026-08-12 19:25:53','2026-08-21 10:10:06',NULL,NULL,NULL,NULL,NULL,25),(26,'dr-lita-parvin','da-lita-parveen',32,15,NULL,'এমবিবিএস, বিসিএস (স্বাস্থ্য), ডিডিভি (চর্ম ও যৌন), বঙ্গবন্ধু শেখ মুজিব মেডিকেল বিশ্ববিদ্যালয় (পিজি হাসপাতাল), ঢাকা। ফেলো ইন ডার্মাটো এন্ড কসমেটিক সার্জারী, ডার্মাটোলজি ফাউন্ডেশন অব বাংলাদেশ, চর্ম, যৌন ও এলার্জী রোগ বিশেষজ্ঞ এবং ডার্মাটো ও কসমেটিক সার্জন, কুষ্টিয়া মেডিকেল কলেজ হাসপাতাল, কুষ্টিয়া। চর্ম ও যৌন রোগ বিশেষজ্ঞ, কুষ্টিয়া। #Dr. lita parvin #চর্ম #যৌন #এলার্জি #স্কিন #chormo #cormo #jouno #skin #ডার্মাটোলজিস্ট কুষ্টিয়া অঞ্চলের খ্যাতিমান চর্ম ও যৌন রোগ বিশেষজ্ঞ ডা. লিতা পারভীন ত্বকের স্বাস্থ্য ব্যবস্থাপনায় একজন অগ্রণী চিকিৎসক।',0,0,'এমবিবিএস, বিসিএস (স্বাস্থ্য), ডিডিভি (চর্ম ও যৌন), বঙ্গবন্ধু শেখ মুজিব মেডিকেল বিশ্ববিদ্যালয় (পিজি হাসপাতাল), ঢাকা। ফেলো ইন ডার্মাটো এন্ড কসমেটিক সার্জারী, ডার্মাটোলজি ফাউন্ডেশন অব বাংলাদেশ, চর্ম, যৌন ও এলার্জী রোগ বিশেষজ্ঞ এবং ডার্মাটো ও কসমেটিক সার্জন, কুষ্টিয়া মেডিকেল কলেজ হাসপাতাল, কুষ্টিয়া। চর্ম ও যৌন রোগ বিশেষজ্ঞ, কুষ্টিয়া। #Dr. lita parvin #চর্ম #যৌন #এলার্জি #স্কিন #chormo #cormo #jouno #skin #ডার্মাটোলজিস্ট কুষ্টিয়া অঞ্চলের খ্যাতিমান চর্ম ও যৌন রোগ বিশেষজ্ঞ ডা. লিতা পারভীন ত্বকের স্বাস্থ্য ব্যবস্থাপনায় একজন অগ্রণী চিকিৎসক।','এমবিবিএস, বিসিএস (স্বাস্থ্য), ডিডিভি (চর্ম ও যৌন), বঙ্গবন্ধু শেখ মুজিব মেডিকেল বিশ্ববিদ্যালয় (পিজি হাসপাতাল), ঢাকা। ফেলো ইন ডার্মাটো এন্ড কসমেটিক সার্জারী, ডার্মাটোলজি ফাউন্ডেশন অব বাংলাদেশ, চর্ম, যৌন ও এলার্জী রোগ বিশেষজ্ঞ এবং ডার্মাটো ও কসমেটিক সার্জন, কুষ্টিয়া মেডিকেল কলেজ হাসপাতাল, কুষ্টিয়া। চর্ম ও যৌন রোগ বিশেষজ্ঞ, কুষ্টিয়া। #Dr. lita parvin #চর্ম #যৌন #এলার্জি #স্কিন #chormo #cormo #jouno #skin #ডার্মাটোলজিস্ট কুষ্টিয়া অঞ্চলের খ্যাতিমান চর্ম ও যৌন রোগ বিশেষজ্ঞ ডা. লিতা পারভীন ত্বকের স্বাস্থ্য ব্যবস্থাপনায় একজন অগ্রণী চিকিৎসক।',NULL,'খুশকি এবং ফুসকুড়ি\nমহিলাদের ত্বকে অস্বাভাবিক ছাপ (যেমনঃ মুখে অবাঞ্ছিত লোম, দাগ)\nব্রণ, মেস্তা ও ত্বকের কালো দাগ\nসকল ধরনের অ্যালার্জি সমস্যা\nদীর্ঘমেয়াদি ও জটিল চর্ম ও যৌনরোগ\nচুল ও নখের সমস্যা\nএকজিমা, psoriasis, dermatitis ও ত্বকের প্রদাহ\nপুরুষ ও মহিলাদের যৌন সমস্যা\nঅল্প সময়ে ধাতু পড়া / ইরেকশনজনিত সমস্যা\nত্বকের মাংসের বৃদ্ধি, কস্মেটিক সমস্যা, পুড়া বা ক্ষতসহ সব ধরনের কস্মেটিক সমস্যা\nমহিলাদের ত্বকে অস্বাভাবিক ছাপ (যেমনঃ মুখে অবাঞ্ছিত লোম, দাগ)\nব্রণ, মেস্তা ও ত্বকের কালো দাগ','Dandruff and rashes\nAbnormal skin marks in women (e.g., unwanted hair, pigmentation)\nAcne, pimples, and dark skin spots\nAll types of allergy-related problems\nChronic and complex dermatology / venereology cases\nHair and nail disorders\nItching, fungal infections (like ringworm) and other skin infections\nMale and female sexual health issues\nPremature ejaculation / sexual dysfunction\nSkin growths, cosmetic problems, burns, or scars\nAbnormal skin marks in women (e.g. unwanted facial hair, scars)\nAcne, blackheads and skin blemishes','doctorghor/doctors/227.webp','https://doctorghor.com/doctor/dr-lita-parvin/',450,'verified',0,1,'2026-08-12 19:26:01','2026-08-21 10:10:06',NULL,NULL,NULL,NULL,NULL,26),(27,'dr-tushar-sikder','da-tushar-sikdar',33,15,NULL,'এমবিবিএস, এফসিপিএস, এফআরসিপি (গ্লাসগো), এমপিএইচ (ডিইউ), ডিভিডি (ডিইউ), মেম্বারঃ ইন্টারন্যাশনাল সোসাইটি ফর সেক্সুয়াল মেডিসিন (আইএসএসএম)। সহকারী অধ্যাপক- ঢাকা মেডিকেল কলেজ হাসপাতাল, ঢাকা। চর্ম ও যৌন রোগ বিশেষজ্ঞ, কুষ্টিয়া। সহকারী অধ্যাপক ডাঃ তুষার সিকদার বাংলাদেশের একজন অত্যন্ত প্রখ্যাত চর্ম, অ্যালার্জি, এসটিডি এবং যৌন রোগ বিশেষজ্ঞ. তিনি ঢাকা মেডিকেল কলেজ ও হাসপাতালের চর্মরোগ বিভাগের প্রাক্তন বিভাগীয় প্রধান (ভারপ্রাপ্ত) এবং সহযোগী অধ্যাপক হিসেবে দায়িত্ব পালন করেছেন #Dr. Tushar Sikdar #চর্ম #যৌন #এলার্জি #স্কিন #chormo #cormo #jouno #skin #ডার্মাটোলজিস্ট',0,0,'এমবিবিএস, এফসিপিএস, এফআরসিপি (গ্লাসগো), এমপিএইচ (ডিইউ), ডিভিডি (ডিইউ), মেম্বারঃ ইন্টারন্যাশনাল সোসাইটি ফর সেক্সুয়াল মেডিসিন (আইএসএসএম)। সহকারী অধ্যাপক- ঢাকা মেডিকেল কলেজ হাসপাতাল, ঢাকা। চর্ম ও যৌন রোগ বিশেষজ্ঞ, কুষ্টিয়া। সহকারী অধ্যাপক ডাঃ তুষার সিকদার বাংলাদেশের একজন অত্যন্ত প্রখ্যাত চর্ম, অ্যালার্জি, এসটিডি এবং যৌন রোগ বিশেষজ্ঞ. তিনি ঢাকা মেডিকেল কলেজ ও হাসপাতালের চর্মরোগ বিভাগের প্রাক্তন বিভাগীয় প্রধান (ভারপ্রাপ্ত) এবং সহযোগী অধ্যাপক হিসেবে দায়িত্ব পালন করেছেন #Dr. Tushar Sikdar #চর্ম #যৌন #এলার্জি #স্কিন #chormo #cormo #jouno #skin #ডার্মাটোলজিস্ট','এমবিবিএস, এফসিপিএস, এফআরসিপি (গ্লাসগো), এমপিএইচ (ডিইউ), ডিভিডি (ডিইউ), মেম্বারঃ ইন্টারন্যাশনাল সোসাইটি ফর সেক্সুয়াল মেডিসিন (আইএসএসএম)। সহকারী অধ্যাপক- ঢাকা মেডিকেল কলেজ হাসপাতাল, ঢাকা। চর্ম ও যৌন রোগ বিশেষজ্ঞ, কুষ্টিয়া। সহকারী অধ্যাপক ডাঃ তুষার সিকদার বাংলাদেশের একজন অত্যন্ত প্রখ্যাত চর্ম, অ্যালার্জি, এসটিডি এবং যৌন রোগ বিশেষজ্ঞ. তিনি ঢাকা মেডিকেল কলেজ ও হাসপাতালের চর্মরোগ বিভাগের প্রাক্তন বিভাগীয় প্রধান (ভারপ্রাপ্ত) এবং সহযোগী অধ্যাপক হিসেবে দায়িত্ব পালন করেছেন #Dr. Tushar Sikdar #চর্ম #যৌন #এলার্জি #স্কিন #chormo #cormo #jouno #skin #ডার্মাটোলজিস্ট','Skin, Allergy, STD & Sexual Diseases Specialist Assistant Professor, Dermatology Dhaka Medical College & Hospital','খুশকি এবং ফুসকুড়ি\nমহিলাদের ত্বকে অস্বাভাবিক ছাপ (যেমনঃ মুখে অবাঞ্ছিত লোম, দাগ)\nব্রণ, মেস্তা ও ত্বকের কালো দাগ\nসকল ধরনের অ্যালার্জি সমস্যা\nদীর্ঘমেয়াদি ও জটিল চর্ম ও যৌনরোগ\nচুল ও নখের সমস্যা\nএকজিমা, psoriasis, dermatitis ও ত্বকের প্রদাহ\nপুরুষ ও মহিলাদের যৌন সমস্যা\nঅল্প সময়ে ধাতু পড়া / ইরেকশনজনিত সমস্যা\nত্বকের মাংসের বৃদ্ধি, কস্মেটিক সমস্যা, পুড়া বা ক্ষতসহ সব ধরনের কস্মেটিক সমস্যা\nমহিলাদের ত্বকে অস্বাভাবিক ছাপ (যেমনঃ মুখে অবাঞ্ছিত লোম, দাগ)\nব্রণ, মেস্তা ও ত্বকের কালো দাগ','Dandruff and rashes\nAbnormal skin marks in women (e.g., unwanted hair, pigmentation)\nAcne, pimples, and dark skin spots\nAll types of allergy-related problems\nChronic and complex dermatology / venereology cases\nHair and nail disorders\nItching, fungal infections (like ringworm) and other skin infections\nMale and female sexual health issues\nPremature ejaculation / sexual dysfunction\nSkin growths, cosmetic problems, burns, or scars\nAbnormal skin marks in women (e.g. unwanted facial hair, scars)\nAcne, blackheads and skin blemishes','doctorghor/doctors/225.webp','https://khulnadoctorfinder.com/doctors/dr-tushar-sikdar-dermatologist-narayanganj/',450,'verified',0,1,'2026-08-12 19:26:07','2026-08-21 10:10:06',NULL,NULL,NULL,'Skin, Allergy, STD & Sexual Diseases Specialist','Assistant Professor, Dermatology',27),(28,'dr-m-h-chowdhury-mintu','da-em-eic-coudhuree-mintu',34,15,NULL,'এমবিবিএস, বিসিএস (স্বাস্থ্য), এমডি (চর্মরোগ) ত্বক, অ্যালার্জি, যৌন রোগ বিশেষজ্ঞ এবং চর্মরোগ সার্জন প্রফেসর ডা. এম এইচ চৌধুরী (মিন্টু) বাংলাদেশের একজন অত্যন্ত অভিজ্ঞ ও সুপরিচিত চর্ম, যৌন ও অ্যালার্জি রোগ বিশেষজ্ঞ। তিনি কুষ্টিয়া মেডিকেল কলেজ হাসপাতালের চর্ম ও যৌনরোগ বিভাগের অধ্যাপক ও বিভাগীয় প্রধান। এছাড়াও তিনি খুলনা মেডিকেল কলেজেও অধ্যাপক হিসেবে দায়িত্ব পালন করেছেন। চর্ম, যৌন, এলার্জি ও স্কিন লেজার সংক্রান্ত যেকোনো জটিলতার জন্য আপনার এলাকার যোগ্য চর্ম ও যৌন রোগ বিশেষজ্ঞের (ডার্মাটোলজিস্ট) পরামর্শ নিন। #m h chowdhury mintu #চর্ম #যৌন #এলার্জি #স্কিন #chormo #cormo #jouno #skin',0,0,'এমবিবিএস, বিসিএস (স্বাস্থ্য), এমডি (চর্মরোগ) ত্বক, অ্যালার্জি, যৌন রোগ বিশেষজ্ঞ এবং চর্মরোগ সার্জন প্রফেসর ডা. এম এইচ চৌধুরী (মিন্টু) বাংলাদেশের একজন অত্যন্ত অভিজ্ঞ ও সুপরিচিত চর্ম, যৌন ও অ্যালার্জি রোগ বিশেষজ্ঞ। তিনি কুষ্টিয়া মেডিকেল কলেজ হাসপাতালের চর্ম ও যৌনরোগ বিভাগের অধ্যাপক ও বিভাগীয় প্রধান। এছাড়াও তিনি খুলনা মেডিকেল কলেজেও অধ্যাপক হিসেবে দায়িত্ব পালন করেছেন। চর্ম, যৌন, এলার্জি ও স্কিন লেজার সংক্রান্ত যেকোনো জটিলতার জন্য আপনার এলাকার যোগ্য চর্ম ও যৌন রোগ বিশেষজ্ঞের (ডার্মাটোলজিস্ট) পরামর্শ নিন। #m h chowdhury mintu #চর্ম #যৌন #এলার্জি #স্কিন #chormo #cormo #jouno #skin','এমবিবিএস, বিসিএস (স্বাস্থ্য), এমডি (চর্মরোগ) ত্বক, অ্যালার্জি, যৌন রোগ বিশেষজ্ঞ এবং চর্মরোগ সার্জন প্রফেসর ডা. এম এইচ চৌধুরী (মিন্টু) বাংলাদেশের একজন অত্যন্ত অভিজ্ঞ ও সুপরিচিত চর্ম, যৌন ও অ্যালার্জি রোগ বিশেষজ্ঞ। তিনি কুষ্টিয়া মেডিকেল কলেজ হাসপাতালের চর্ম ও যৌনরোগ বিভাগের অধ্যাপক ও বিভাগীয় প্রধান। এছাড়াও তিনি খুলনা মেডিকেল কলেজেও অধ্যাপক হিসেবে দায়িত্ব পালন করেছেন। চর্ম, যৌন, এলার্জি ও স্কিন লেজার সংক্রান্ত যেকোনো জটিলতার জন্য আপনার এলাকার যোগ্য চর্ম ও যৌন রোগ বিশেষজ্ঞের (ডার্মাটোলজিস্ট) পরামর্শ নিন। #m h chowdhury mintu #চর্ম #যৌন #এলার্জি #স্কিন #chormo #cormo #jouno #skin',NULL,'খুশকি এবং ফুসকুড়ি\nমহিলাদের ত্বকে অস্বাভাবিক ছাপ (যেমনঃ মুখে অবাঞ্ছিত লোম, দাগ)\nব্রণ, মেস্তা ও ত্বকের কালো দাগ\nসকল ধরনের অ্যালার্জি সমস্যা\nদীর্ঘমেয়াদি ও জটিল চর্ম ও যৌনরোগ\nচুল ও নখের সমস্যা\nএকজিমা, psoriasis, dermatitis ও ত্বকের প্রদাহ\nপুরুষ ও মহিলাদের যৌন সমস্যা\nঅল্প সময়ে ধাতু পড়া / ইরেকশনজনিত সমস্যা\nত্বকের মাংসের বৃদ্ধি, কস্মেটিক সমস্যা, পুড়া বা ক্ষতসহ সব ধরনের কস্মেটিক সমস্যা\nমহিলাদের ত্বকে অস্বাভাবিক ছাপ (যেমনঃ মুখে অবাঞ্ছিত লোম, দাগ)\nব্রণ, মেস্তা ও ত্বকের কালো দাগ','Dandruff and rashes\nAbnormal skin marks in women (e.g., unwanted hair, pigmentation)\nAcne, pimples, and dark skin spots\nAll types of allergy-related problems\nChronic and complex dermatology / venereology cases\nHair and nail disorders\nItching, fungal infections (like ringworm) and other skin infections\nMale and female sexual health issues\nPremature ejaculation / sexual dysfunction\nSkin growths, cosmetic problems, burns, or scars\nAbnormal skin marks in women (e.g. unwanted facial hair, scars)\nAcne, blackheads and skin blemishes','doctorghor/doctors/223.webp','https://doctorghor.com/doctor/m-h-chowdhury-mintu/',450,'verified',0,1,'2026-08-12 19:26:12','2026-08-21 10:10:06',NULL,NULL,NULL,NULL,NULL,28),(29,'dr-saleq-masud','da-salek-masud',35,16,NULL,'এমবিবিএস, ডিটিসিডি, এমডি (মেডিসিন) বুকের রোগ (হাঁপানি, অ্যালার্জি, টিবি) এবং মেডিসিন বিশেষজ্ঞ সহযোগী অধ্যাপক, মেডিসিন কুষ্টিয়া মেডিকেল কলেজ ও হাসপাতাল। শ্বাসতন্ত্র, ফুসফুস, ব্রঙ্কাস সংক্রান্ত রোগ এবং অ্যাজমা বা হাঁপানির সমস্যা দেখা দিলে দ্রুত একজন বক্ষব্যাধি বিশেষজ্ঞ ডাক্তার কে দেখান। #dr salek masud #মেডিসিন বিশেষজ্ঞ #বক্ষব্যাধি বিশেষজ্ঞ #Pulmonologist #Chest Specialist বক্ষব্যাধি (পালমোনলজি) বিশেষজ্ঞগণ শ্বাসতন্ত্র, ফুসফুস এবং এলার্জিজনিত রোগের চিকিৎসায় দক্ষ। দীর্ঘস্থায়ী কাশি, হাঁপানি, যক্ষ্মা (টিবি), বা শ্বাসকষ্টের মতো সমস্যা দেখা দিলে বক্ষব্যাধি বিশেষজ্ঞ এর শরণাপন্ন হওয়া প্রয়োজন।',0,0,'এমবিবিএস, ডিটিসিডি, এমডি (মেডিসিন) বুকের রোগ (হাঁপানি, অ্যালার্জি, টিবি) এবং মেডিসিন বিশেষজ্ঞ সহযোগী অধ্যাপক, মেডিসিন কুষ্টিয়া মেডিকেল কলেজ ও হাসপাতাল। শ্বাসতন্ত্র, ফুসফুস, ব্রঙ্কাস সংক্রান্ত রোগ এবং অ্যাজমা বা হাঁপানির সমস্যা দেখা দিলে দ্রুত একজন বক্ষব্যাধি বিশেষজ্ঞ ডাক্তার কে দেখান। #dr salek masud #মেডিসিন বিশেষজ্ঞ #বক্ষব্যাধি বিশেষজ্ঞ #Pulmonologist #Chest Specialist বক্ষব্যাধি (পালমোনলজি) বিশেষজ্ঞগণ শ্বাসতন্ত্র, ফুসফুস এবং এলার্জিজনিত রোগের চিকিৎসায় দক্ষ। দীর্ঘস্থায়ী কাশি, হাঁপানি, যক্ষ্মা (টিবি), বা শ্বাসকষ্টের মতো সমস্যা দেখা দিলে বক্ষব্যাধি বিশেষজ্ঞ এর শরণাপন্ন হওয়া প্রয়োজন।','এমবিবিএস, ডিটিসিডি, এমডি (মেডিসিন) বুকের রোগ (হাঁপানি, অ্যালার্জি, টিবি) এবং মেডিসিন বিশেষজ্ঞ সহযোগী অধ্যাপক, মেডিসিন কুষ্টিয়া মেডিকেল কলেজ ও হাসপাতাল। শ্বাসতন্ত্র, ফুসফুস, ব্রঙ্কাস সংক্রান্ত রোগ এবং অ্যাজমা বা হাঁপানির সমস্যা দেখা দিলে দ্রুত একজন বক্ষব্যাধি বিশেষজ্ঞ ডাক্তার কে দেখান। #dr salek masud #মেডিসিন বিশেষজ্ঞ #বক্ষব্যাধি বিশেষজ্ঞ #Pulmonologist #Chest Specialist বক্ষব্যাধি (পালমোনলজি) বিশেষজ্ঞগণ শ্বাসতন্ত্র, ফুসফুস এবং এলার্জিজনিত রোগের চিকিৎসায় দক্ষ। দীর্ঘস্থায়ী কাশি, হাঁপানি, যক্ষ্মা (টিবি), বা শ্বাসকষ্টের মতো সমস্যা দেখা দিলে বক্ষব্যাধি বিশেষজ্ঞ এর শরণাপন্ন হওয়া প্রয়োজন।','Chest Diseases (Asthma, Allergy, TB) & Medicine Specialist Associate Professor, Medicine Kushtia Medical College & Hospital','অ্যাজমা বা হাঁপানি\nদীর্ঘস্থায়ী ব্রঙ্কাইটিস\nপালমোনারি হাইপারটেনশন\nস্লিপ অ্যাপনিয়া\nযক্ষ্মা (টিবি)\nএলার্জি সংক্রান্ত শ্বাসকষ্ট\nশ্বাসকষ্টজনিত সমস্যা\nবুকের জটিল রোগ\nফুসফুসের ক্যান্সার / লাং টিউমার\nনিউমোনিয়া / ফুসফুসের সংক্রমণ\nএলার্জি সংক্রান্ত শ্বাসকষ্ট\nবুকে ব্যথা (এনজাইনা)','Asthma\nChronic bronchitis\nPulmonary hypertension\nSleep apnea\nTuberculosis (TB)\nAllergy-related breathing problems\nBreathing difficulties / shortness of breath\nComplex chest diseases\nLung tumors / lung cancer\nPneumonia / lung infections\nAllergic asthma\nChest pain (Angina)','doctorghor/doctors/137.webp','https://khulnadoctorfinder.com/doctors/dr-saleque-masud-medicine-specialist-kushtia/',450,'verified',0,1,'2026-08-12 19:26:17','2026-08-21 10:10:06',NULL,NULL,NULL,'Chest Diseases (Asthma, Allergy, TB) & Medicine Specialist','Associate Professor, Medicine',29),(30,'dr-tanzima-siddikah','da-tanjima-siddikah',36,7,NULL,'এমবিবিএস (ডিএমসি), বিসিএস (স্বাস্থ্য), এফিসিপিএস (গাইনী এন্ড অবস্‌)। কনসালটেন্ট (গাইনী)- কুষ্টিয়া মেডিকেল কলেজ হাসপাতাল, কুষ্টিয়া। সন্তান সম্ভাবনা, স্ত্রীরোগ, জটিল গাইনী সমস্যা ও সার্জিক্যাল চিকিৎসায় রয়েছে দীর্ঘ অভিজ্ঞতা ও সুনাম । চেম্বার ঃ সনো ডায়াগনস্টিক সেন্টার (সনো টাওয়ার-২) #dr monoroma sorkar #গাইনোকোলজিস্ট #গাইনী ##Gynae #স্ত্রীরোগ #Gynecologist প্রসূতি ও স্ত্রীরোগ (গাইনী) বিশেষজ্ঞ এবং সার্জন হলেন নারী প্রজনন স্বাস্থ্য, গর্ভাবস্থা এবং সন্তান প্রসবের চিকিৎসায় দক্ষ চিকিৎসক। তারা প্রসবপূর্ব ও প্রসবোত্তর যত্ন, জরায়ুর সমস্যা, বন্ধ্যাত্ব, এবং গাইনোকোলজিক্যাল সার্জারি বা ল্যাপারস্কোপিক অস্ত্রোপচারের মাধ্যমে নারী স্বাস্থ্যসেবা প্রদান করে থাকেন।',0,0,'এমবিবিএস (ডিএমসি), বিসিএস (স্বাস্থ্য), এফিসিপিএস (গাইনী এন্ড অবস্‌)। কনসালটেন্ট (গাইনী)- কুষ্টিয়া মেডিকেল কলেজ হাসপাতাল, কুষ্টিয়া। সন্তান সম্ভাবনা, স্ত্রীরোগ, জটিল গাইনী সমস্যা ও সার্জিক্যাল চিকিৎসায় রয়েছে দীর্ঘ অভিজ্ঞতা ও সুনাম । চেম্বার ঃ সনো ডায়াগনস্টিক সেন্টার (সনো টাওয়ার-২) #dr monoroma sorkar #গাইনোকোলজিস্ট #গাইনী ##Gynae #স্ত্রীরোগ #Gynecologist প্রসূতি ও স্ত্রীরোগ (গাইনী) বিশেষজ্ঞ এবং সার্জন হলেন নারী প্রজনন স্বাস্থ্য, গর্ভাবস্থা এবং সন্তান প্রসবের চিকিৎসায় দক্ষ চিকিৎসক। তারা প্রসবপূর্ব ও প্রসবোত্তর যত্ন, জরায়ুর সমস্যা, বন্ধ্যাত্ব, এবং গাইনোকোলজিক্যাল সার্জারি বা ল্যাপারস্কোপিক অস্ত্রোপচারের মাধ্যমে নারী স্বাস্থ্যসেবা প্রদান করে থাকেন।','এমবিবিএস (ডিএমসি), বিসিএস (স্বাস্থ্য), এফিসিপিএস (গাইনী এন্ড অবস্‌)। কনসালটেন্ট (গাইনী)- কুষ্টিয়া মেডিকেল কলেজ হাসপাতাল, কুষ্টিয়া। সন্তান সম্ভাবনা, স্ত্রীরোগ, জটিল গাইনী সমস্যা ও সার্জিক্যাল চিকিৎসায় রয়েছে দীর্ঘ অভিজ্ঞতা ও সুনাম । চেম্বার ঃ সনো ডায়াগনস্টিক সেন্টার (সনো টাওয়ার-২) #dr monoroma sorkar #গাইনোকোলজিস্ট #গাইনী ##Gynae #স্ত্রীরোগ #Gynecologist প্রসূতি ও স্ত্রীরোগ (গাইনী) বিশেষজ্ঞ এবং সার্জন হলেন নারী প্রজনন স্বাস্থ্য, গর্ভাবস্থা এবং সন্তান প্রসবের চিকিৎসায় দক্ষ চিকিৎসক। তারা প্রসবপূর্ব ও প্রসবোত্তর যত্ন, জরায়ুর সমস্যা, বন্ধ্যাত্ব, এবং গাইনোকোলজিক্যাল সার্জারি বা ল্যাপারস্কোপিক অস্ত্রোপচারের মাধ্যমে নারী স্বাস্থ্যসেবা প্রদান করে থাকেন।','Gynecology, Obstetrics Specialist & Surgeon Consultant, Gynecology & Obstetrics Kushtia Medical College & Hospital','গর্ভপাত ও জরায়ু সংক্রান্ত সমস্যা\nজন্মগত বা গর্ভকালীন সমস্যা\nগাইনোকোলজিক ইনফেকশন ও সংক্রমণ\nহরমোনজনিত সমস্যা\nবন্ধ্যাত্ব ও প্রজননজনিত সমস্যা\nপ্রসবকালীন সমস্যা ও জরুরি পরিস্থিতি\nমাসিক সমস্যা (অসাম্য, ব্যথা, অনিয়মিত রক্তস্রাব)\nপিরিয়ডজনিত পেইন ও অস্বস্তি\nপ্রেগনেন্সি চেকআপ ও ফলো-আপ\nযোনি সংক্রান্ত সমস্যা\nজন্মগত বা গর্ভকালীন সমস্যা\nপ্রসবকালীন সমস্যা ও জরুরি পরিস্থিতি','Miscarriage and uterine problems\nCongenital or pregnancy-related complications\nGynecologic infections\nHormonal disorders\nInfertility and reproductive health problems\nLabor and delivery complications\nMenstrual disorders (irregularity, pain, heavy bleeding)\nPeriod-related pain and discomfort\nPregnancy care and prenatal checkups\nVaginal health issues\nCongenital or pregnancy problems\nDuring childbirth and emergencies','doctorghor/doctors/217.png','https://khulnadoctorfinder.com/doctors/dr-tanzima-siddiquah-gynecologist-kushtia/',450,'verified',0,1,'2026-08-12 19:26:22','2026-08-21 10:10:06',NULL,NULL,NULL,'Gynecology, Obstetrics Specialist & Surgeon','Consultant, Gynecology & Obstetrics',30),(31,'dr-md-akramuzzaman-mintu','da-mo-akramujjaman-mintu',37,2,NULL,'এমবিবিএস, এমডি (ইন্টারনাল মেডিসিন), রিসার্চ ফেলো (রিউমাটোলজি) মেডিসিন, রিউমাটোলজি এবং ডায়াবেটিস বিশেষজ্ঞ সহকারী অধ্যাপক, মেডিসিন কুষ্টিয়া মেডিকেল কলেজ ও হাসপাতাল #dr akramuzzaman mintu #medicine specialist মেডিসিন বিশেষজ্ঞ বা ইন্টারনাল মেডিসিন চিকিৎসকরা প্রাপ্তবয়স্কদের জটিল ও সাধারণ অভ্যন্তরীণ রোগের প্রতিরোধ, রোগ নির্ণয় এবং চিকিৎসায় বিশেষজ্ঞ। ডায়াবেটিস, উচ্চ রক্তচাপ, হৃদরোগ, ফুসফুস, কিডনি, জ্বর, ঠাণ্ডা, গ্যাস্ট্রিক এবং বিভিন্ন জটিল বা অজানা রোগের চিকিৎসায় তারা পরামর্শ দিয়ে থাকেন।',0,0,'এমবিবিএস, এমডি (ইন্টারনাল মেডিসিন), রিসার্চ ফেলো (রিউমাটোলজি) মেডিসিন, রিউমাটোলজি এবং ডায়াবেটিস বিশেষজ্ঞ সহকারী অধ্যাপক, মেডিসিন কুষ্টিয়া মেডিকেল কলেজ ও হাসপাতাল #dr akramuzzaman mintu #medicine specialist মেডিসিন বিশেষজ্ঞ বা ইন্টারনাল মেডিসিন চিকিৎসকরা প্রাপ্তবয়স্কদের জটিল ও সাধারণ অভ্যন্তরীণ রোগের প্রতিরোধ, রোগ নির্ণয় এবং চিকিৎসায় বিশেষজ্ঞ। ডায়াবেটিস, উচ্চ রক্তচাপ, হৃদরোগ, ফুসফুস, কিডনি, জ্বর, ঠাণ্ডা, গ্যাস্ট্রিক এবং বিভিন্ন জটিল বা অজানা রোগের চিকিৎসায় তারা পরামর্শ দিয়ে থাকেন।','এমবিবিএস, এমডি (ইন্টারনাল মেডিসিন), রিসার্চ ফেলো (রিউমাটোলজি) মেডিসিন, রিউমাটোলজি এবং ডায়াবেটিস বিশেষজ্ঞ সহকারী অধ্যাপক, মেডিসিন কুষ্টিয়া মেডিকেল কলেজ ও হাসপাতাল #dr akramuzzaman mintu #medicine specialist মেডিসিন বিশেষজ্ঞ বা ইন্টারনাল মেডিসিন চিকিৎসকরা প্রাপ্তবয়স্কদের জটিল ও সাধারণ অভ্যন্তরীণ রোগের প্রতিরোধ, রোগ নির্ণয় এবং চিকিৎসায় বিশেষজ্ঞ। ডায়াবেটিস, উচ্চ রক্তচাপ, হৃদরোগ, ফুসফুস, কিডনি, জ্বর, ঠাণ্ডা, গ্যাস্ট্রিক এবং বিভিন্ন জটিল বা অজানা রোগের চিকিৎসায় তারা পরামর্শ দিয়ে থাকেন।','Medicine, Rheumatology & Diabetes Specialist Professor & Head (Medicine) Kushtia Medical College & Hospital','হাড় বা জয়েন্টের ব্যথা\nপেশী ব্যথা, ফাইবারোমায়ালজিয়া\nঅস্থি ও মাংসপেশীর প্রদাহজনিত ব্যথা\nস্পাইন পেইন ও ডিস্ক সমস্যা\nপেইন মেডিসিন ও রিউমাটোলজি সংক্রান্ত সকল রোগ\nআর্থ্রাইটিস\nদীর্ঘমেয়াদি ব্যথা (মেরুদণ্ড, জয়েন্ট, পেশী)\nপেশী ব্যথা ও চলতে হাঁটতে কষ্ট হওয়া\nহাড়ের বিকৃতি ও অস্থি সংক্রান্ত ব্যথা\nআঘাত বা খেলাধুলার কারণে ব্যথা\nপেইন মেডিসিন ও রিউমাটোলজি সংক্রান্ত সকল রোগ\nআর্থ্রাইটিস','Bone or joint pain\nMuscle pain, Fibromyalgia\nPain due to inflammation of bones and muscles\nSpine pain and disc problems\nAll pain medicine and rheumatology–related disorders\nArthritis (Rheumatoid, Osteoarthritis, Juvenile Arthritis)\nLong-term pain (back, joints, muscles)\nMuscle pain and difficulty in walking or movement\nPain from bone deformities\nPain from injuries or sports activities\nAll diseases related to pain medicine and rheumatology\nArthritis','doctorghor/doctors/128.webp','https://khulnadoctorfinder.com/doctors/dr-md-akramuzzaman-mintu-medicine-specialist-kushtia/',450,'verified',0,1,'2026-08-12 19:26:28','2026-08-21 10:10:06',NULL,NULL,NULL,'Medicine, Rheumatology & Diabetes Specialist','Professor & Head (Medicine)',31),(32,'dr-md-rezaul-islam-hitu','da-mo-rejaul-islam-hitu',38,2,NULL,'এমবিবিএস (ডিএমসি), বিসিএস (স্বাস্থ্য), এফসিপিএস (মেডিসিন)। সহযোগী অধ্যাপক (মেডিসিন) এবং কনসালটেন্ট (মেডিসিন)। ২৫০ শয্যা বিশিষ্ট জেনারেল হাসপাতাল, কুষ্টিয়া এবং কুষ্টিয়া মেডিকেল কলেজ ও হাসপাতাল। #Dr. Md. Rezaul Islam (Hitu) #medicine specialist মেডিসিন বিশেষজ্ঞ বা ইন্টারনাল মেডিসিন চিকিৎসকরা প্রাপ্তবয়স্কদের জটিল ও সাধারণ অভ্যন্তরীণ রোগের প্রতিরোধ, রোগ নির্ণয় এবং চিকিৎসায় বিশেষজ্ঞ। ডায়াবেটিস, উচ্চ রক্তচাপ, হৃদরোগ, ফুসফুস, কিডনি, গ্যাস্ট্রিক এবং বিভিন্ন জটিল বা অজানা রোগের চিকিৎসায় তারা পরামর্শ দিয়ে থাকেন।',0,0,'এমবিবিএস (ডিএমসি), বিসিএস (স্বাস্থ্য), এফসিপিএস (মেডিসিন)। সহযোগী অধ্যাপক (মেডিসিন) এবং কনসালটেন্ট (মেডিসিন)। ২৫০ শয্যা বিশিষ্ট জেনারেল হাসপাতাল, কুষ্টিয়া এবং কুষ্টিয়া মেডিকেল কলেজ ও হাসপাতাল। #Dr. Md. Rezaul Islam (Hitu) #medicine specialist মেডিসিন বিশেষজ্ঞ বা ইন্টারনাল মেডিসিন চিকিৎসকরা প্রাপ্তবয়স্কদের জটিল ও সাধারণ অভ্যন্তরীণ রোগের প্রতিরোধ, রোগ নির্ণয় এবং চিকিৎসায় বিশেষজ্ঞ। ডায়াবেটিস, উচ্চ রক্তচাপ, হৃদরোগ, ফুসফুস, কিডনি, গ্যাস্ট্রিক এবং বিভিন্ন জটিল বা অজানা রোগের চিকিৎসায় তারা পরামর্শ দিয়ে থাকেন।','এমবিবিএস (ডিএমসি), বিসিএস (স্বাস্থ্য), এফসিপিএস (মেডিসিন)। সহযোগী অধ্যাপক (মেডিসিন) এবং কনসালটেন্ট (মেডিসিন)। ২৫০ শয্যা বিশিষ্ট জেনারেল হাসপাতাল, কুষ্টিয়া এবং কুষ্টিয়া মেডিকেল কলেজ ও হাসপাতাল। #Dr. Md. Rezaul Islam (Hitu) #medicine specialist মেডিসিন বিশেষজ্ঞ বা ইন্টারনাল মেডিসিন চিকিৎসকরা প্রাপ্তবয়স্কদের জটিল ও সাধারণ অভ্যন্তরীণ রোগের প্রতিরোধ, রোগ নির্ণয় এবং চিকিৎসায় বিশেষজ্ঞ। ডায়াবেটিস, উচ্চ রক্তচাপ, হৃদরোগ, ফুসফুস, কিডনি, গ্যাস্ট্রিক এবং বিভিন্ন জটিল বা অজানা রোগের চিকিৎসায় তারা পরামর্শ দিয়ে থাকেন।','Medicine Specialist Associate Professor (Medicine) Kushtia Medical College & Hospital','ভাইরাল জ্বর, ডেঙ্গু, চিকুনগুনিয়া, টাইফয়েড\nমাথা ঘোরা, অজ্ঞান হওয়া\nবুক ধড়ফড় করা\nবুকে ব্যথা (প্রাথমিক মূল্যায়ন)\nদুর্বলতা, ওজন কমে যাওয়া\nজ্বর (সাধারণ, দীর্ঘস্থায়ী ও অজানা কারণের জ্বর)\nশরীর ফোলা (এডিমা)\nহার্ট ফেইলিউরের প্রাথমিক চিকিৎসা ও ফলো-আপ\nসংক্রমণজনিত বিভিন্ন রোগ\nদীর্ঘমেয়াদি ও জটিল মেডিসিনজনিত রোগ\nডায়াবেটিসজনিত চোখের সমস্যা\nডায়াবেটিসজনিত হার্টের সমস্যা','Viral fever, Dengue, Chikungunya, Typhoid\nBody swelling (Edema)\nChest pain (initial evaluation)\nChronic and complex medical conditions\nDizziness and fainting\nFever (acute, chronic, and fever of unknown origin)\nInitial management and follow-up of heart failure\nPalpitations\nUnexplained weakness and weight loss\nVarious infectious diseases\nDiabetes-related eye problems\nDiabetes-related heart problems','doctorghor/doctors/132.webp','https://khulnadoctorfinder.com/doctors/dr-md-rezaul-islam-hitu-medicine-specialist-kushtia/',450,'verified',0,1,'2026-08-12 19:26:35','2026-08-21 10:10:06',NULL,NULL,NULL,'Medicine Specialist','Associate Professor (Medicine)',32),(33,'dr-refaz-uddin','da-refaj-uddin',39,10,NULL,'এমবিবিএস, এমডি (কার্ডিওলজি), মেডিসিন ও হৃদরোগ বিশেষজ্ঞ। সহকারী অধ্যাপক (কার্ডিওলজি)- কুষ্টিয়া মেডিকেল কলেজ হাসপাতাল, কুষ্টিয়া। সহকারী অধ্যাপক ডাঃ রেফাজ উদ্দিন হলেন কুষ্টিয়া জেলার অত্যন্ত অভিজ্ঞ একজন কার্ডিওলজিস্ট। তাঁর শিক্ষাগত যোগ্যতা এমবিবিএস, এমডি (কার্ডিওলজি), মেডিসিন ও হৃদরোগ বিশেষজ্ঞ। সহকারী অধ্যাপক (কার্ডিওলজি)- কুষ্টিয়া মেডিকেল কলেজ হাসপাতাল, কুষ্টিয়া। #dr refaz uddin #কার্ডিওলজি # Cardiology হৃদরোগ বিশেষজ্ঞ বা কার্ডিওলজিস্ট হলেন হার্ট ও রক্তনালীর রোগ নির্ণয় ও চিকিৎসায় বিশেষজ্ঞ চিকিৎসক। বুক ব্যথা, উচ্চ রক্তচাপ, বুক ধড়ফড় বা অল্প পরিশ্রমে হাঁপিয়ে যাওয়ার মতো উপসর্গ দেখা দিলে দ্রুত বিশেষজ্ঞের পরামর্শ নেওয়া উচিত।',0,0,'এমবিবিএস, এমডি (কার্ডিওলজি), মেডিসিন ও হৃদরোগ বিশেষজ্ঞ। সহকারী অধ্যাপক (কার্ডিওলজি)- কুষ্টিয়া মেডিকেল কলেজ হাসপাতাল, কুষ্টিয়া। সহকারী অধ্যাপক ডাঃ রেফাজ উদ্দিন হলেন কুষ্টিয়া জেলার অত্যন্ত অভিজ্ঞ একজন কার্ডিওলজিস্ট। তাঁর শিক্ষাগত যোগ্যতা এমবিবিএস, এমডি (কার্ডিওলজি), মেডিসিন ও হৃদরোগ বিশেষজ্ঞ। সহকারী অধ্যাপক (কার্ডিওলজি)- কুষ্টিয়া মেডিকেল কলেজ হাসপাতাল, কুষ্টিয়া। #dr refaz uddin #কার্ডিওলজি # Cardiology হৃদরোগ বিশেষজ্ঞ বা কার্ডিওলজিস্ট হলেন হার্ট ও রক্তনালীর রোগ নির্ণয় ও চিকিৎসায় বিশেষজ্ঞ চিকিৎসক। বুক ব্যথা, উচ্চ রক্তচাপ, বুক ধড়ফড় বা অল্প পরিশ্রমে হাঁপিয়ে যাওয়ার মতো উপসর্গ দেখা দিলে দ্রুত বিশেষজ্ঞের পরামর্শ নেওয়া উচিত।','এমবিবিএস, এমডি (কার্ডিওলজি), মেডিসিন ও হৃদরোগ বিশেষজ্ঞ। সহকারী অধ্যাপক (কার্ডিওলজি)- কুষ্টিয়া মেডিকেল কলেজ হাসপাতাল, কুষ্টিয়া। সহকারী অধ্যাপক ডাঃ রেফাজ উদ্দিন হলেন কুষ্টিয়া জেলার অত্যন্ত অভিজ্ঞ একজন কার্ডিওলজিস্ট। তাঁর শিক্ষাগত যোগ্যতা এমবিবিএস, এমডি (কার্ডিওলজি), মেডিসিন ও হৃদরোগ বিশেষজ্ঞ। সহকারী অধ্যাপক (কার্ডিওলজি)- কুষ্টিয়া মেডিকেল কলেজ হাসপাতাল, কুষ্টিয়া। #dr refaz uddin #কার্ডিওলজি # Cardiology হৃদরোগ বিশেষজ্ঞ বা কার্ডিওলজিস্ট হলেন হার্ট ও রক্তনালীর রোগ নির্ণয় ও চিকিৎসায় বিশেষজ্ঞ চিকিৎসক। বুক ব্যথা, উচ্চ রক্তচাপ, বুক ধড়ফড় বা অল্প পরিশ্রমে হাঁপিয়ে যাওয়ার মতো উপসর্গ দেখা দিলে দ্রুত বিশেষজ্ঞের পরামর্শ নেওয়া উচিত।','Cardiology (Heart Diseases, Hypertension, Rheumatic Fever) Specialist Assistant Professor, Cardiology Kushtia Medical College & Hospital','বুকে ব্যথা (এনজাইনা)\nকরোনারি আর্টারি রোগ\nহার্ট অ্যাটাক (মায়োকার্ডিয়াল ইনফার্কশন)\nউচ্চ রক্তচাপ (হাইপারটেনশন)\nবুক ধড়ফড় করা ও হার্টবিটের অনিয়ম (অ্যারিদমিয়া)\nহৃদরোগ ও কার্ডিওভাসকুলার সংক্রান্ত সকল রোগ\nহৃদরোগজনিত মাথা ঘোরা ও অজ্ঞান হওয়া\nহার্ট ব্লক / ফেইলিউর\nহৃদরোগজনিত নিম্ন রক্তচাপ\nপা, গোড়ালি বা শরীর ফোলা (কার্ডিয়াক এডিমা)\nহৃদরোগজনিত মাথা ঘোরা ও অজ্ঞান হওয়া\nহার্ট ব্লক / ফেইলিউর','Chest pain (Angina)\nCoronary artery disease\nHeart attack (Myocardial infarction)\nHigh blood pressure (Hypertension)\nPalpitations and irregular heartbeat (Arrhythmia)\nAll types of heart and cardiovascular diseases\nDizziness and fainting due to heart conditions\nHeart block/ failure\nLow blood pressure related to heart disease\nSwelling of legs, ankles, or body (Cardiac edema)\nDizziness and fainting due to heart disease\nHeart block / failure','doctorghor/doctors/139.webp','https://khulnadoctorfinder.com/doctors/dr-refaz-uddin-cardiologist-kushtia/',450,'verified',0,1,'2026-08-12 19:26:40','2026-08-21 10:10:06',NULL,NULL,NULL,'Cardiology (Heart Diseases, Hypertension, Rheumatic Fever) Specialist','Assistant Professor, Cardiology',33),(34,'dr-md-basir-uddin','da-mo-bsir-uddeen',40,10,NULL,'এমবিবিএস, এমআরসিপি (ইউকে), এমডি (কার্ডিওলজি), হৃদরোগ মেডিসিন ও বাতজ্বর বিশেষজ্ঞ, সহকারী অধ্যাপক (কার্ডিওলজি বিভাগ) - কুষ্টিয়া মেডিকেল কলেজ, কুষ্টিয়া। #Dr. Muhammad Bashir Uddin #Assistant Professor #Cardiology হৃদরোগ বিশেষজ্ঞ বা কার্ডিওলজিস্ট হলেন হার্ট ও রক্তনালীর রোগ নির্ণয় ও চিকিৎসায় বিশেষজ্ঞ চিকিৎসক।',0,0,'এমবিবিএস, এমআরসিপি (ইউকে), এমডি (কার্ডিওলজি), হৃদরোগ মেডিসিন ও বাতজ্বর বিশেষজ্ঞ, সহকারী অধ্যাপক (কার্ডিওলজি বিভাগ) - কুষ্টিয়া মেডিকেল কলেজ, কুষ্টিয়া। #Dr. Muhammad Bashir Uddin #Assistant Professor #Cardiology হৃদরোগ বিশেষজ্ঞ বা কার্ডিওলজিস্ট হলেন হার্ট ও রক্তনালীর রোগ নির্ণয় ও চিকিৎসায় বিশেষজ্ঞ চিকিৎসক।','এমবিবিএস, এমআরসিপি (ইউকে), এমডি (কার্ডিওলজি), হৃদরোগ মেডিসিন ও বাতজ্বর বিশেষজ্ঞ, সহকারী অধ্যাপক (কার্ডিওলজি বিভাগ) - কুষ্টিয়া মেডিকেল কলেজ, কুষ্টিয়া। #Dr. Muhammad Bashir Uddin #Assistant Professor #Cardiology হৃদরোগ বিশেষজ্ঞ বা কার্ডিওলজিস্ট হলেন হার্ট ও রক্তনালীর রোগ নির্ণয় ও চিকিৎসায় বিশেষজ্ঞ চিকিৎসক।',NULL,'বুকে ব্যথা (এনজাইনা)\nকরোনারি আর্টারি রোগ\nহার্ট অ্যাটাক (মায়োকার্ডিয়াল ইনফার্কশন)\nউচ্চ রক্তচাপ (হাইপারটেনশন)\nবুক ধড়ফড় করা ও হার্টবিটের অনিয়ম (অ্যারিদমিয়া)\nহৃদরোগ ও কার্ডিওভাসকুলার সংক্রান্ত সকল রোগ\nহৃদরোগজনিত মাথা ঘোরা ও অজ্ঞান হওয়া\nহার্ট ব্লক / ফেইলিউর\nহৃদরোগজনিত নিম্ন রক্তচাপ\nপা, গোড়ালি বা শরীর ফোলা (কার্ডিয়াক এডিমা)\nহৃদরোগজনিত মাথা ঘোরা ও অজ্ঞান হওয়া\nহার্ট ব্লক / ফেইলিউর','Chest pain (Angina)\nCoronary artery disease\nHeart attack (Myocardial infarction)\nHigh blood pressure (Hypertension)\nPalpitations and irregular heartbeat (Arrhythmia)\nAll types of heart and cardiovascular diseases\nDizziness and fainting due to heart conditions\nHeart block/ failure\nLow blood pressure related to heart disease\nSwelling of legs, ankles, or body (Cardiac edema)\nDizziness and fainting due to heart disease\nHeart block / failure','doctorghor/doctors/144.webp','https://doctorghor.com/doctor/%e0%a6%a1%e0%a6%be%e0%a6%83-%e0%a6%ae%e0%a7%8b%e0%a6%83-%e0%a6%ac%e0%a6%b8%e0%a6%bf%e0%a6%b0-%e0%a6%89%e0%a6%a6%e0%a7%8d%e0%a6%a6%e0%a7%80%e0%a6%a8/',450,'verified',0,1,'2026-08-12 19:26:46','2026-08-21 10:10:06',NULL,NULL,NULL,NULL,NULL,34),(35,'dr-malay-krishna-pal','da-mly-krrishn-pal',41,2,NULL,'মেডিসিন বিশেষজ্ঞ ও আল্ট্রাসোনোলজিস্ট (Sonologist) Dr Moloy Krishna Paul কুষ্টিয়ার একজন অত্যন্ত জনপ্রিয় ও নির্ভরযোগ্য মেডিসিন বিশেষজ্ঞ এবং আল্ট্রাসনোলজিস্ট。 তিনি এমবিবিএস ও পিজিটি (PGT) সম্পন্ন করেছেন এবং রোগীদের কাছে তাঁর অসাধারণ ও মানবিক ব্যবহারের জন্য বিশেষভাবে পরিচিত প্রাপ্তবয়স্কদের বিভিন্ন জটিল ও অভ্যন্তরীণ রোগ (যেমন: ডায়াবেটিস, উচ্চ রক্তচাপ, জ্বর, গ্যাস্ট্রিক, হৃদরোগ বা কিডনি সমস্যা) প্রতিরোধ ও চিকিৎসায় মেডিসিন বিশেষজ্ঞগণ কাজ করেন। #dr moloy krishna paul #Medicine #আল্ট্রাসনোলজিস্ট #ডায়াবেটিস',0,0,'মেডিসিন বিশেষজ্ঞ ও আল্ট্রাসোনোলজিস্ট (Sonologist) Dr Moloy Krishna Paul কুষ্টিয়ার একজন অত্যন্ত জনপ্রিয় ও নির্ভরযোগ্য মেডিসিন বিশেষজ্ঞ এবং আল্ট্রাসনোলজিস্ট。 তিনি এমবিবিএস ও পিজিটি (PGT) সম্পন্ন করেছেন এবং রোগীদের কাছে তাঁর অসাধারণ ও মানবিক ব্যবহারের জন্য বিশেষভাবে পরিচিত প্রাপ্তবয়স্কদের বিভিন্ন জটিল ও অভ্যন্তরীণ রোগ (যেমন: ডায়াবেটিস, উচ্চ রক্তচাপ, জ্বর, গ্যাস্ট্রিক, হৃদরোগ বা কিডনি সমস্যা) প্রতিরোধ ও চিকিৎসায় মেডিসিন বিশেষজ্ঞগণ কাজ করেন। #dr moloy krishna paul #Medicine #আল্ট্রাসনোলজিস্ট #ডায়াবেটিস','মেডিসিন বিশেষজ্ঞ ও আল্ট্রাসোনোলজিস্ট (Sonologist) Dr Moloy Krishna Paul কুষ্টিয়ার একজন অত্যন্ত জনপ্রিয় ও নির্ভরযোগ্য মেডিসিন বিশেষজ্ঞ এবং আল্ট্রাসনোলজিস্ট。 তিনি এমবিবিএস ও পিজিটি (PGT) সম্পন্ন করেছেন এবং রোগীদের কাছে তাঁর অসাধারণ ও মানবিক ব্যবহারের জন্য বিশেষভাবে পরিচিত প্রাপ্তবয়স্কদের বিভিন্ন জটিল ও অভ্যন্তরীণ রোগ (যেমন: ডায়াবেটিস, উচ্চ রক্তচাপ, জ্বর, গ্যাস্ট্রিক, হৃদরোগ বা কিডনি সমস্যা) প্রতিরোধ ও চিকিৎসায় মেডিসিন বিশেষজ্ঞগণ কাজ করেন। #dr moloy krishna paul #Medicine #আল্ট্রাসনোলজিস্ট #ডায়াবেটিস',NULL,'ভাইরাল জ্বর, ডেঙ্গু, চিকুনগুনিয়া, টাইফয়েড\nমাথা ঘোরা, অজ্ঞান হওয়া\nবুক ধড়ফড় করা\nবুকে ব্যথা (প্রাথমিক মূল্যায়ন)\nদুর্বলতা, ওজন কমে যাওয়া\nজ্বর (সাধারণ, দীর্ঘস্থায়ী ও অজানা কারণের জ্বর)\nশরীর ফোলা (এডিমা)\nহার্ট ফেইলিউরের প্রাথমিক চিকিৎসা ও ফলো-আপ\nসংক্রমণজনিত বিভিন্ন রোগ\nদীর্ঘমেয়াদি ও জটিল মেডিসিনজনিত রোগ\nডায়াবেটিসজনিত চোখের সমস্যা\nডায়াবেটিসজনিত হার্টের সমস্যা','Viral fever, Dengue, Chikungunya, Typhoid\nBody swelling (Edema)\nChest pain (initial evaluation)\nChronic and complex medical conditions\nDizziness and fainting\nFever (acute, chronic, and fever of unknown origin)\nInitial management and follow-up of heart failure\nPalpitations\nUnexplained weakness and weight loss\nVarious infectious diseases\nDiabetes-related eye problems\nDiabetes-related heart problems','doctorghor/doctors/146.webp','https://doctorghor.com/doctor/%e0%a6%a1%e0%a6%be%e0%a6%83-%e0%a6%ae%e0%a6%b2%e0%a6%af%e0%a6%bc-%e0%a6%95%e0%a7%83%e0%a6%b7%e0%a7%8d%e0%a6%a3-%e0%a6%aa%e0%a6%be%e0%a6%b2/',450,'verified',0,1,'2026-08-12 19:26:51','2026-08-21 10:10:06',NULL,NULL,NULL,NULL,NULL,35),(36,'dr-m-s-nazim-uddin','da-em-es-najim-uddin',42,6,NULL,'এমবিবিএস, বিসিএস (স্বাস্থ্য), এমডি (ইন্টারনাল মেডিসিন) এবং এমএসিপি (মার্কিন যুক্তরাষ্ট্র) নবজাতক, শিশু ও কিশোর রোগ বিশেষজ্ঞ। তিনি ২৫০ শয্যাবিশিষ্ট জেনারেল হাসপাতাল, কুষ্টিয়ায় কনসালটেন্ট (শিশু) হিসেবে কর্মরত আছেন। #dr s m najiuddin #শিশু #নবজাতক #শিশু বিশেষজ্ঞ শিশু ও কিশোর রোগ বিশেষজ্ঞ (পেডিয়াট্রিশিয়ান) হলেন সেই চিকিৎসক যিনি নবজাতক থেকে শুরু করে ১৮ বছর বয়স পর্যন্ত শিশুদের শারীরিক, মানসিক ও আচরণগত স্বাস্থ্যসেবা প্রদান করেন। তারা নিয়মিত টিকা, বিকাশ পর্যবেক্ষণ, রোগ নির্ণয় এবং বয়ঃসন্ধিকালীন স্বাস্থ্য সমস্যাগুলো নিয়ে কাজ করেন।',0,0,'এমবিবিএস, বিসিএস (স্বাস্থ্য), এমডি (ইন্টারনাল মেডিসিন) এবং এমএসিপি (মার্কিন যুক্তরাষ্ট্র) নবজাতক, শিশু ও কিশোর রোগ বিশেষজ্ঞ। তিনি ২৫০ শয্যাবিশিষ্ট জেনারেল হাসপাতাল, কুষ্টিয়ায় কনসালটেন্ট (শিশু) হিসেবে কর্মরত আছেন। #dr s m najiuddin #শিশু #নবজাতক #শিশু বিশেষজ্ঞ শিশু ও কিশোর রোগ বিশেষজ্ঞ (পেডিয়াট্রিশিয়ান) হলেন সেই চিকিৎসক যিনি নবজাতক থেকে শুরু করে ১৮ বছর বয়স পর্যন্ত শিশুদের শারীরিক, মানসিক ও আচরণগত স্বাস্থ্যসেবা প্রদান করেন। তারা নিয়মিত টিকা, বিকাশ পর্যবেক্ষণ, রোগ নির্ণয় এবং বয়ঃসন্ধিকালীন স্বাস্থ্য সমস্যাগুলো নিয়ে কাজ করেন।','এমবিবিএস, বিসিএস (স্বাস্থ্য), এমডি (ইন্টারনাল মেডিসিন) এবং এমএসিপি (মার্কিন যুক্তরাষ্ট্র) নবজাতক, শিশু ও কিশোর রোগ বিশেষজ্ঞ। তিনি ২৫০ শয্যাবিশিষ্ট জেনারেল হাসপাতাল, কুষ্টিয়ায় কনসালটেন্ট (শিশু) হিসেবে কর্মরত আছেন। #dr s m najiuddin #শিশু #নবজাতক #শিশু বিশেষজ্ঞ শিশু ও কিশোর রোগ বিশেষজ্ঞ (পেডিয়াট্রিশিয়ান) হলেন সেই চিকিৎসক যিনি নবজাতক থেকে শুরু করে ১৮ বছর বয়স পর্যন্ত শিশুদের শারীরিক, মানসিক ও আচরণগত স্বাস্থ্যসেবা প্রদান করেন। তারা নিয়মিত টিকা, বিকাশ পর্যবেক্ষণ, রোগ নির্ণয় এবং বয়ঃসন্ধিকালীন স্বাস্থ্য সমস্যাগুলো নিয়ে কাজ করেন।',NULL,'শিশুদের আচরণগত সমস্যা\nনবজাতকের স্বাস্থ্য ও যত্ন\nজন্মগত বা জেনেটিক সমস্যা\nহজমজনিত সমস্যা (বমি, পেটের পীড়া, কোষ্ঠকাঠিন্য)\nশিশুদের জ্বর, সর্দি-কাশি, নিউমোনিয়া ও শ্বাসকষ্ট জনিত সমস্যা\nশিশুদের স্বাস্থ্যগত সমস্যা\nশিশুদের শারীরিক বৃদ্ধি ও ওজনের সমস্যা\nশিশুদের হরমোনজনিত সমস্যা\nসংক্রমণজনিত সমস্যা (যেমন: নিউমোনিয়া, ডায়রিয়া)\nলিভার, কিডনি বা অন্যান্য অঙ্গের সমস্যা\nজন্মগত বা জেনেটিক সমস্যা\nহজমজনিত সমস্যা (বমি, পেটের পীড়া, কোষ্ঠকাঠিন্য)','Behavioral problems in children\nNewborn health and care\nCongenital or genetic disorders\nDigestive issues (vomiting, abdominal pain, constipation)\nFever, cold, cough, pneumonia, and respiratory problems in children\nGeneral health problems in children\nGrowth and weight issues in children\nHormonal or endocrine problems in children\nInfection-related problems (e.g., pneumonia, diarrhea)\nLiver, kidney, or other organ-related problems\nCongenital or genetic problems\nDigestive problems (vomiting, stomach ache, constipation)','doctorghor/doctors/148.webp','https://doctorghor.com/doctor/%e0%a6%a1%e0%a6%be%e0%a6%95%e0%a7%8d%e0%a6%a4%e0%a6%be%e0%a6%b0-%e0%a6%8f%e0%a6%ae-%e0%a6%8f%e0%a6%b8-%e0%a6%a8%e0%a6%be%e0%a6%9c%e0%a6%bf%e0%a6%ae-%e0%a6%89%e0%a6%a6%e0%a7%8d%e0%a6%a6%e0%a6%bf/',450,'verified',0,1,'2026-08-12 19:26:56','2026-08-21 10:10:06',NULL,NULL,NULL,NULL,NULL,36),(37,'dr-farhana-afroze-chaman','da-farhana-afroj-cmn',43,7,NULL,'সহযোগী অধ্যাপক এমবিবিএস, এফসিপিএস (গাইনী এন্ড অবস) প্রসূতি, গাইনী রোগ বিশেষজ্ঞ ও সার্জন সহকারী অধ্যাপক, প্রসূতি ও গাইনী রোগ বিশেষজ্ঞ ও সার্জন কুষ্টিয়া মেডিকেল কলেজ হাসপাতাল। #farhana afroz chomon #গাইনী ##Gynae #স্ত্রীরোগ #Gynecologist প্রসূতি ও স্ত্রীরোগ (গাইনী) বিশেষজ্ঞ এবং সার্জন হলেন নারী প্রজনন স্বাস্থ্য, গর্ভাবস্থা এবং সন্তান প্রসবের চিকিৎসায় দক্ষ চিকিৎসক। তারা প্রসবপূর্ব ও প্রসবোত্তর যত্ন, জরায়ুর সমস্যা, বন্ধ্যাত্ব, এবং গাইনোকোলজিক্যাল সার্জারি বা ল্যাপারস্কোপিক অস্ত্রোপচারের মাধ্যমে নারী স্বাস্থ্যসেবা প্রদান করে থাকেন।',0,0,'সহযোগী অধ্যাপক এমবিবিএস, এফসিপিএস (গাইনী এন্ড অবস) প্রসূতি, গাইনী রোগ বিশেষজ্ঞ ও সার্জন সহকারী অধ্যাপক, প্রসূতি ও গাইনী রোগ বিশেষজ্ঞ ও সার্জন কুষ্টিয়া মেডিকেল কলেজ হাসপাতাল। #farhana afroz chomon #গাইনী ##Gynae #স্ত্রীরোগ #Gynecologist প্রসূতি ও স্ত্রীরোগ (গাইনী) বিশেষজ্ঞ এবং সার্জন হলেন নারী প্রজনন স্বাস্থ্য, গর্ভাবস্থা এবং সন্তান প্রসবের চিকিৎসায় দক্ষ চিকিৎসক। তারা প্রসবপূর্ব ও প্রসবোত্তর যত্ন, জরায়ুর সমস্যা, বন্ধ্যাত্ব, এবং গাইনোকোলজিক্যাল সার্জারি বা ল্যাপারস্কোপিক অস্ত্রোপচারের মাধ্যমে নারী স্বাস্থ্যসেবা প্রদান করে থাকেন।','সহযোগী অধ্যাপক এমবিবিএস, এফসিপিএস (গাইনী এন্ড অবস) প্রসূতি, গাইনী রোগ বিশেষজ্ঞ ও সার্জন সহকারী অধ্যাপক, প্রসূতি ও গাইনী রোগ বিশেষজ্ঞ ও সার্জন কুষ্টিয়া মেডিকেল কলেজ হাসপাতাল। #farhana afroz chomon #গাইনী ##Gynae #স্ত্রীরোগ #Gynecologist প্রসূতি ও স্ত্রীরোগ (গাইনী) বিশেষজ্ঞ এবং সার্জন হলেন নারী প্রজনন স্বাস্থ্য, গর্ভাবস্থা এবং সন্তান প্রসবের চিকিৎসায় দক্ষ চিকিৎসক। তারা প্রসবপূর্ব ও প্রসবোত্তর যত্ন, জরায়ুর সমস্যা, বন্ধ্যাত্ব, এবং গাইনোকোলজিক্যাল সার্জারি বা ল্যাপারস্কোপিক অস্ত্রোপচারের মাধ্যমে নারী স্বাস্থ্যসেবা প্রদান করে থাকেন।','Gynecology, Obstetrics Specialist & Surgeon Assistant Professor, Gynecology & Obstetrics Kushtia Medical College & Hospital','গর্ভপাত ও জরায়ু সংক্রান্ত সমস্যা\nজন্মগত বা গর্ভকালীন সমস্যা\nগাইনোকোলজিক ইনফেকশন ও সংক্রমণ\nহরমোনজনিত সমস্যা\nবন্ধ্যাত্ব ও প্রজননজনিত সমস্যা\nপ্রসবকালীন সমস্যা ও জরুরি পরিস্থিতি\nমাসিক সমস্যা (অসাম্য, ব্যথা, অনিয়মিত রক্তস্রাব)\nপিরিয়ডজনিত পেইন ও অস্বস্তি\nপ্রেগনেন্সি চেকআপ ও ফলো-আপ\nযোনি সংক্রান্ত সমস্যা\nজন্মগত বা গর্ভকালীন সমস্যা\nপ্রসবকালীন সমস্যা ও জরুরি পরিস্থিতি','Miscarriage and uterine problems\nCongenital or pregnancy-related complications\nGynecologic infections\nHormonal disorders\nInfertility and reproductive health problems\nLabor and delivery complications\nMenstrual disorders (irregularity, pain, heavy bleeding)\nPeriod-related pain and discomfort\nPregnancy care and prenatal checkups\nVaginal health issues\nCongenital or pregnancy problems\nDuring childbirth and emergencies','doctorghor/doctors/155.webp','https://khulnadoctorfinder.com/doctors/dr-farhana-afroz-chomon-gynecologist-kushtia/',450,'verified',0,1,'2026-08-12 19:27:02','2026-08-21 10:10:06',NULL,NULL,NULL,'Gynecology, Obstetrics Specialist & Surgeon','Assistant Professor, Gynecology & Obstetrics',37),(38,'dr-ismat-ara-rahman-mala','da-ismt-ara-rhman-mala',44,7,NULL,'প্রসূতি ও গাইনী রোগ বিশেষজ্ঞ ও সার্জন এমবিবিএস (রাজশাহী), ডিজিও (বিএসএমএমইউ), আবসিক সার্জন কুষ্টিয়া মেডিকেল কলেজ হাসপাতাল, কুষ্টিয়া । ডেলিভারি ও সিজারিয়ান অপারেশন অনিয়মিত মাসিক বা হরমোনজনিত সমস্যা বন্ধ্যত্ব বা সন্তান ধারণে জটিলতা সকল ধরণের গাইনোকলজিক সার্জারি #Dr. Ismat Ara rahman #গাইনি #স্ত্রীরোগ #Gynae #Gynecologist প্রসূতি ও স্ত্রীরোগ (গাইনী) বিশেষজ্ঞ এবং সার্জন হলেন নারী প্রজনন স্বাস্থ্য, গর্ভাবস্থা এবং সন্তান প্রসবের চিকিৎসায় দক্ষ চিকিৎসক। তারা প্রসবপূর্ব ও প্রসবোত্তর যত্ন, জরায়ুর সমস্যা, বন্ধ্যাত্ব, এবং গাইনোকোলজিক্যাল সার্জারি বা ল্যাপারস্কোপিক অস্ত্রোপচারের মাধ্যমে নারী স্বাস্থ্যসেবা প্রদান করে থাকেন।',0,0,'প্রসূতি ও গাইনী রোগ বিশেষজ্ঞ ও সার্জন এমবিবিএস (রাজশাহী), ডিজিও (বিএসএমএমইউ), আবসিক সার্জন কুষ্টিয়া মেডিকেল কলেজ হাসপাতাল, কুষ্টিয়া । ডেলিভারি ও সিজারিয়ান অপারেশন অনিয়মিত মাসিক বা হরমোনজনিত সমস্যা বন্ধ্যত্ব বা সন্তান ধারণে জটিলতা সকল ধরণের গাইনোকলজিক সার্জারি #Dr. Ismat Ara rahman #গাইনি #স্ত্রীরোগ #Gynae #Gynecologist প্রসূতি ও স্ত্রীরোগ (গাইনী) বিশেষজ্ঞ এবং সার্জন হলেন নারী প্রজনন স্বাস্থ্য, গর্ভাবস্থা এবং সন্তান প্রসবের চিকিৎসায় দক্ষ চিকিৎসক। তারা প্রসবপূর্ব ও প্রসবোত্তর যত্ন, জরায়ুর সমস্যা, বন্ধ্যাত্ব, এবং গাইনোকোলজিক্যাল সার্জারি বা ল্যাপারস্কোপিক অস্ত্রোপচারের মাধ্যমে নারী স্বাস্থ্যসেবা প্রদান করে থাকেন।','প্রসূতি ও গাইনী রোগ বিশেষজ্ঞ ও সার্জন এমবিবিএস (রাজশাহী), ডিজিও (বিএসএমএমইউ), আবসিক সার্জন কুষ্টিয়া মেডিকেল কলেজ হাসপাতাল, কুষ্টিয়া । ডেলিভারি ও সিজারিয়ান অপারেশন অনিয়মিত মাসিক বা হরমোনজনিত সমস্যা বন্ধ্যত্ব বা সন্তান ধারণে জটিলতা সকল ধরণের গাইনোকলজিক সার্জারি #Dr. Ismat Ara rahman #গাইনি #স্ত্রীরোগ #Gynae #Gynecologist প্রসূতি ও স্ত্রীরোগ (গাইনী) বিশেষজ্ঞ এবং সার্জন হলেন নারী প্রজনন স্বাস্থ্য, গর্ভাবস্থা এবং সন্তান প্রসবের চিকিৎসায় দক্ষ চিকিৎসক। তারা প্রসবপূর্ব ও প্রসবোত্তর যত্ন, জরায়ুর সমস্যা, বন্ধ্যাত্ব, এবং গাইনোকোলজিক্যাল সার্জারি বা ল্যাপারস্কোপিক অস্ত্রোপচারের মাধ্যমে নারী স্বাস্থ্যসেবা প্রদান করে থাকেন।',NULL,'গর্ভপাত ও জরায়ু সংক্রান্ত সমস্যা\nজন্মগত বা গর্ভকালীন সমস্যা\nগাইনোকোলজিক ইনফেকশন ও সংক্রমণ\nহরমোনজনিত সমস্যা\nবন্ধ্যাত্ব ও প্রজননজনিত সমস্যা\nপ্রসবকালীন সমস্যা ও জরুরি পরিস্থিতি\nমাসিক সমস্যা (অসাম্য, ব্যথা, অনিয়মিত রক্তস্রাব)\nপিরিয়ডজনিত পেইন ও অস্বস্তি\nপ্রেগনেন্সি চেকআপ ও ফলো-আপ\nযোনি সংক্রান্ত সমস্যা\nজন্মগত বা গর্ভকালীন সমস্যা\nপ্রসবকালীন সমস্যা ও জরুরি পরিস্থিতি','Miscarriage and uterine problems\nCongenital or pregnancy-related complications\nGynecologic infections\nHormonal disorders\nInfertility and reproductive health problems\nLabor and delivery complications\nMenstrual disorders (irregularity, pain, heavy bleeding)\nPeriod-related pain and discomfort\nPregnancy care and prenatal checkups\nVaginal health issues\nCongenital or pregnancy problems\nDuring childbirth and emergencies','doctorghor/doctors/159.webp','https://doctorghor.com/doctor/%e0%a6%a1%e0%a6%be-%e0%a6%87%e0%a6%b8%e0%a6%ae%e0%a6%a4-%e0%a6%86%e0%a6%b0%e0%a6%be-%e0%a6%b0%e0%a6%b9%e0%a6%ae%e0%a6%be%e0%a6%a8-%e0%a6%ae%e0%a6%be%e0%a6%b2%e0%a6%be/',450,'verified',0,1,'2026-08-12 19:27:09','2026-08-21 10:10:06',NULL,NULL,NULL,NULL,NULL,38),(39,'dr-manorama-sarker','da-mnorma-srkar',45,7,NULL,'প্রসূতি, গাইনী রোগ বিশেষজ্ঞ ও সার্জন সহযোগী অধ্যাপক, কুষ্টিয়া মেডিকেল কলেজ হাসপাতাল, কুষ্টিয়া। এমবিবিএস এমসিপিএস (গাইনী) ডিপ্লোমা ইন গাইনী অ্যান্ড অবস (ডিজিও, ঢাকা) সন্তান সম্ভাবনা, স্ত্রীরোগ, জটিল গাইনী সমস্যা ও সার্জিক্যাল চিকিৎসায় রয়েছে দীর্ঘ অভিজ্ঞতা ও সুনাম । #dr monoroma sorkar #গাইনী ##Gynae #স্ত্রীরোগ #Gynecologist প্রসূতি ও স্ত্রীরোগ (গাইনী) বিশেষজ্ঞ এবং সার্জন হলেন নারী প্রজনন স্বাস্থ্য, গর্ভাবস্থা এবং সন্তান প্রসবের চিকিৎসায় দক্ষ চিকিৎসক। তারা প্রসবপূর্ব ও প্রসবোত্তর যত্ন, জরায়ুর সমস্যা, বন্ধ্যাত্ব, এবং গাইনোকোলজিক্যাল সার্জারি বা ল্যাপারস্কোপিক অস্ত্রোপচারের মাধ্যমে নারী স্বাস্থ্যসেবা প্রদান করে থাকেন।',0,0,'প্রসূতি, গাইনী রোগ বিশেষজ্ঞ ও সার্জন সহযোগী অধ্যাপক, কুষ্টিয়া মেডিকেল কলেজ হাসপাতাল, কুষ্টিয়া। এমবিবিএস এমসিপিএস (গাইনী) ডিপ্লোমা ইন গাইনী অ্যান্ড অবস (ডিজিও, ঢাকা) সন্তান সম্ভাবনা, স্ত্রীরোগ, জটিল গাইনী সমস্যা ও সার্জিক্যাল চিকিৎসায় রয়েছে দীর্ঘ অভিজ্ঞতা ও সুনাম । #dr monoroma sorkar #গাইনী ##Gynae #স্ত্রীরোগ #Gynecologist প্রসূতি ও স্ত্রীরোগ (গাইনী) বিশেষজ্ঞ এবং সার্জন হলেন নারী প্রজনন স্বাস্থ্য, গর্ভাবস্থা এবং সন্তান প্রসবের চিকিৎসায় দক্ষ চিকিৎসক। তারা প্রসবপূর্ব ও প্রসবোত্তর যত্ন, জরায়ুর সমস্যা, বন্ধ্যাত্ব, এবং গাইনোকোলজিক্যাল সার্জারি বা ল্যাপারস্কোপিক অস্ত্রোপচারের মাধ্যমে নারী স্বাস্থ্যসেবা প্রদান করে থাকেন।','প্রসূতি, গাইনী রোগ বিশেষজ্ঞ ও সার্জন সহযোগী অধ্যাপক, কুষ্টিয়া মেডিকেল কলেজ হাসপাতাল, কুষ্টিয়া। এমবিবিএস এমসিপিএস (গাইনী) ডিপ্লোমা ইন গাইনী অ্যান্ড অবস (ডিজিও, ঢাকা) সন্তান সম্ভাবনা, স্ত্রীরোগ, জটিল গাইনী সমস্যা ও সার্জিক্যাল চিকিৎসায় রয়েছে দীর্ঘ অভিজ্ঞতা ও সুনাম । #dr monoroma sorkar #গাইনী ##Gynae #স্ত্রীরোগ #Gynecologist প্রসূতি ও স্ত্রীরোগ (গাইনী) বিশেষজ্ঞ এবং সার্জন হলেন নারী প্রজনন স্বাস্থ্য, গর্ভাবস্থা এবং সন্তান প্রসবের চিকিৎসায় দক্ষ চিকিৎসক। তারা প্রসবপূর্ব ও প্রসবোত্তর যত্ন, জরায়ুর সমস্যা, বন্ধ্যাত্ব, এবং গাইনোকোলজিক্যাল সার্জারি বা ল্যাপারস্কোপিক অস্ত্রোপচারের মাধ্যমে নারী স্বাস্থ্যসেবা প্রদান করে থাকেন।','Gynecology, Obstetrics Specialist & Surgeon Assistant Professor, Gynecology & Obstetrics Kushtia Medical College & Hospital','গর্ভপাত ও জরায়ু সংক্রান্ত সমস্যা\nজন্মগত বা গর্ভকালীন সমস্যা\nগাইনোকোলজিক ইনফেকশন ও সংক্রমণ\nহরমোনজনিত সমস্যা\nবন্ধ্যাত্ব ও প্রজননজনিত সমস্যা\nপ্রসবকালীন সমস্যা ও জরুরি পরিস্থিতি\nমাসিক সমস্যা (অসাম্য, ব্যথা, অনিয়মিত রক্তস্রাব)\nপিরিয়ডজনিত পেইন ও অস্বস্তি\nপ্রেগনেন্সি চেকআপ ও ফলো-আপ\nযোনি সংক্রান্ত সমস্যা\nজন্মগত বা গর্ভকালীন সমস্যা\nপ্রসবকালীন সমস্যা ও জরুরি পরিস্থিতি','Miscarriage and uterine problems\nCongenital or pregnancy-related complications\nGynecologic infections\nHormonal disorders\nInfertility and reproductive health problems\nLabor and delivery complications\nMenstrual disorders (irregularity, pain, heavy bleeding)\nPeriod-related pain and discomfort\nPregnancy care and prenatal checkups\nVaginal health issues\nCongenital or pregnancy problems\nDuring childbirth and emergencies','doctorghor/doctors/157.webp','https://khulnadoctorfinder.com/doctors/dr-manorama-sarker-gynecologist-kushtia/',450,'verified',0,1,'2026-08-12 19:27:14','2026-08-21 10:10:06',NULL,NULL,NULL,'Gynecology, Obstetrics Specialist & Surgeon','Assistant Professor, Gynecology & Obstetrics',39),(40,'dr-m-a-mannan','da-em-e-mannan',46,14,NULL,'এমবিবিএস, ডিএলও (ঢাবি), কনসালটেন্ট (ই.এন.টি) নাক, কান ও গলা রোগের অভিজ্ঞ বিশেষজ্ঞ ও সার্জন তিনি কুষ্টিয়ার ২৫০ শয্যা বিশিষ্ট জেনারেল হাসপাতালে প্রাক্তন পরামর্শদাতা হিসেবে দায়িত্ব পালন করেছেন। #dr m a mannan #m a mannan #নাক, কান ও গলা - e n t #nak kan gola #ই.এন.টি Ear, Nose, and Throat ইএনটি (ENT) বিশেষজ্ঞ হলেন কান, নাক, গলা এবং মাথা-ঘাড়ের রোগের চিকিৎসায় দক্ষ চিকিৎসক। চিকিৎসা পরিভাষায় এদের \'অটোল্যারিঙ্গোলজিস্ট\' বলা হয়। তারা কানের ইনফেকশন, শ্রবণ সমস্যা, সাইনাস, টনসিল এবং থাইরয়েডের মতো জটিল রোগের ওষুধ ও সার্জারির মাধ্যমে চিকিৎসা প্রদান করেন।',0,0,'এমবিবিএস, ডিএলও (ঢাবি), কনসালটেন্ট (ই.এন.টি) নাক, কান ও গলা রোগের অভিজ্ঞ বিশেষজ্ঞ ও সার্জন তিনি কুষ্টিয়ার ২৫০ শয্যা বিশিষ্ট জেনারেল হাসপাতালে প্রাক্তন পরামর্শদাতা হিসেবে দায়িত্ব পালন করেছেন। #dr m a mannan #m a mannan #নাক, কান ও গলা - e n t #nak kan gola #ই.এন.টি Ear, Nose, and Throat ইএনটি (ENT) বিশেষজ্ঞ হলেন কান, নাক, গলা এবং মাথা-ঘাড়ের রোগের চিকিৎসায় দক্ষ চিকিৎসক। চিকিৎসা পরিভাষায় এদের \'অটোল্যারিঙ্গোলজিস্ট\' বলা হয়। তারা কানের ইনফেকশন, শ্রবণ সমস্যা, সাইনাস, টনসিল এবং থাইরয়েডের মতো জটিল রোগের ওষুধ ও সার্জারির মাধ্যমে চিকিৎসা প্রদান করেন।','এমবিবিএস, ডিএলও (ঢাবি), কনসালটেন্ট (ই.এন.টি) নাক, কান ও গলা রোগের অভিজ্ঞ বিশেষজ্ঞ ও সার্জন তিনি কুষ্টিয়ার ২৫০ শয্যা বিশিষ্ট জেনারেল হাসপাতালে প্রাক্তন পরামর্শদাতা হিসেবে দায়িত্ব পালন করেছেন। #dr m a mannan #m a mannan #নাক, কান ও গলা - e n t #nak kan gola #ই.এন.টি Ear, Nose, and Throat ইএনটি (ENT) বিশেষজ্ঞ হলেন কান, নাক, গলা এবং মাথা-ঘাড়ের রোগের চিকিৎসায় দক্ষ চিকিৎসক। চিকিৎসা পরিভাষায় এদের \'অটোল্যারিঙ্গোলজিস্ট\' বলা হয়। তারা কানের ইনফেকশন, শ্রবণ সমস্যা, সাইনাস, টনসিল এবং থাইরয়েডের মতো জটিল রোগের ওষুধ ও সার্জারির মাধ্যমে চিকিৎসা প্রদান করেন।','ENT (Ear, Nose, Throat) Specialist & Head Neck Surgeon Ex. Consultant, ENT 250 Bedded General Hospital, Kushtia','সাইনাস সংক্রান্ত সমস্যা (Sinusitis)\nটনসিল ও গ্ল্যান্ডে সমস্যা\nকান দিয়ে পানি বা পুঁজ পড়া\nকানের সংক্রমণ ও ব্যথা\nকানে কম শোনা / শ্রবণশক্তি কমে যাওয়া\nকানের পর্দা ফেটে যাওয়া ও পর্দা সংযোজন\nকানের বাজনা বা বেজে যাওয়া (Tinnitus)\nগলার ব্যথা ও ইনফেকশন\nনাকে মাংস বৃদ্ধি হওয়া\nগলার ভয়েস পরিবর্তন বা কণ্ঠস্বরে সমস্যা\nকান দিয়ে পানি বা পুঁজ পড়া\nকানের সংক্রমণ ও ব্যথা','Sinus problems (Sinusitis)\nTonsil and gland problems\nEar discharge (fluid or pus)\nEar infections and ear pain\nHearing loss / reduced hearing\nPerforated eardrum and eardrum repair\nRinging in the ears (Tinnitus)\nThroat infections and sore throat\nTissue growth in the nose\nVoice changes and speech-related problems\nEar Fluid or Pus\nEar Infections and Pain','doctorghor/doctors/163.webp','https://khulnadoctorfinder.com/doctors/dr-m-a-mannan-ent-otolaryngologist-kushtia/',450,'verified',0,1,'2026-08-12 19:27:20','2026-08-21 10:10:06',NULL,NULL,NULL,'ENT (Ear, Nose, Throat) Specialist & Head Neck Surgeon','Ex. Consultant, ENT',40),(41,'dr-muhammad-masud-rana','da-muhammd-masud-rana',47,5,NULL,'এমবিবিএস, ঢাকা মেডিকেল কলেজ, বিসিএস (স্বাস্থ্য), এমডি (গ্যাস্ট্রোএন্টারোলজি), এমএসিপি (ইউএসএ), এমএসিজি (ইউএসএ)। গ্যাস্ট্রোএন্টারোলজি, লিভার, মেডিসিন ও ডায়াবেটিস বিশেষজ্ঞ সহকারী অধ্যাপক (গ্যাস্ট্রোএন্টারোলজি) কুষ্টিয়া মেডিকেল কলেজ ও হাসপাতাল সাবেক কনসালটেন্ট ঢাকা মেডিকেল কলেজ হাসপাতাল,ঢাকা। #dr mohammad masud rana #গ্যাস্ট্রোএন্টারোলজি #লিভার #ডায়াবেটিস বিশেষজ্ঞ গ্যাস্ট্রোএন্টারোলজি হলো চিকিৎসা বিজ্ঞানের একটি বিশেষ শাখা যা পরিপাকতন্ত্র (খাদ্যনালী, পাকস্থলী, ক্ষুদ্রান্ত্র ও বৃহদন্ত্র), লিভার, পিত্তথলি এবং অগ্ন্যাশয় সংক্রান্ত রোগ নির্ণয় ও চিকিৎসা প্রদান করে।',0,0,'এমবিবিএস, ঢাকা মেডিকেল কলেজ, বিসিএস (স্বাস্থ্য), এমডি (গ্যাস্ট্রোএন্টারোলজি), এমএসিপি (ইউএসএ), এমএসিজি (ইউএসএ)। গ্যাস্ট্রোএন্টারোলজি, লিভার, মেডিসিন ও ডায়াবেটিস বিশেষজ্ঞ সহকারী অধ্যাপক (গ্যাস্ট্রোএন্টারোলজি) কুষ্টিয়া মেডিকেল কলেজ ও হাসপাতাল সাবেক কনসালটেন্ট ঢাকা মেডিকেল কলেজ হাসপাতাল,ঢাকা। #dr mohammad masud rana #গ্যাস্ট্রোএন্টারোলজি #লিভার #ডায়াবেটিস বিশেষজ্ঞ গ্যাস্ট্রোএন্টারোলজি হলো চিকিৎসা বিজ্ঞানের একটি বিশেষ শাখা যা পরিপাকতন্ত্র (খাদ্যনালী, পাকস্থলী, ক্ষুদ্রান্ত্র ও বৃহদন্ত্র), লিভার, পিত্তথলি এবং অগ্ন্যাশয় সংক্রান্ত রোগ নির্ণয় ও চিকিৎসা প্রদান করে।','এমবিবিএস, ঢাকা মেডিকেল কলেজ, বিসিএস (স্বাস্থ্য), এমডি (গ্যাস্ট্রোএন্টারোলজি), এমএসিপি (ইউএসএ), এমএসিজি (ইউএসএ)। গ্যাস্ট্রোএন্টারোলজি, লিভার, মেডিসিন ও ডায়াবেটিস বিশেষজ্ঞ সহকারী অধ্যাপক (গ্যাস্ট্রোএন্টারোলজি) কুষ্টিয়া মেডিকেল কলেজ ও হাসপাতাল সাবেক কনসালটেন্ট ঢাকা মেডিকেল কলেজ হাসপাতাল,ঢাকা। #dr mohammad masud rana #গ্যাস্ট্রোএন্টারোলজি #লিভার #ডায়াবেটিস বিশেষজ্ঞ গ্যাস্ট্রোএন্টারোলজি হলো চিকিৎসা বিজ্ঞানের একটি বিশেষ শাখা যা পরিপাকতন্ত্র (খাদ্যনালী, পাকস্থলী, ক্ষুদ্রান্ত্র ও বৃহদন্ত্র), লিভার, পিত্তথলি এবং অগ্ন্যাশয় সংক্রান্ত রোগ নির্ণয় ও চিকিৎসা প্রদান করে।','Gastroenterology, Liver, Medicine & Diabetes Specialist Assistant Professor (Gastroenterology) Kushtia Medical College & Hospital','কোলাইটিস ও প্রদাহজনিত অন্ত্রের সমস্যা\nজন্ডিস\nপ্যানক্রিয়াটাইটিস (Pancreatitis)\nপেটে ব্যথা, পেট ফাঁপা ও অজানা অস্বস্তি\nদীর্ঘমেয়াদি ও জটিল গ্যাস্ট্রো-লিভার রোগ\nঅতিরিক্ত এসিডিটি ও হজমজনিত সমস্যা\nপিত্তথলি ও পিত্তপাথর (Gallbladder & Gallstones)\nগ্যাস্ট্রিক সমস্যা (অম্লতার সমস্যা, জ্বালাপোড়া)\nলিভার রোগ (হেপাটাইটিস, লিভার সিরোসিস)\nঅতি বা কম ক্ষুধা, বমি বমি ভাব, বমি হওয়া\nপেটে ব্যথা, পেট ফাঁপা ও অজানা অস্বস্তি\nঅতিরিক্ত এসিডিটি ও হজমজনিত সমস্যা','Colitis and inflammatory bowel disease\nJaundice\nPancreatitis\nAbdominal pain, bloating, and unexplained discomfort\nChronic and complex gastro-liver diseases\nExcess acidity and digestive disorders\nGallbladder disease and gallstones\nGastric problems (acid reflux, heartburn)\nLiver diseases (Hepatitis, Liver Cirrhosis)\nLoss of appetite, nausea, vomiting\nAbdominal pain, flatulence and unknown discomfort\nExcess acidity and digestive problems','doctorghor/doctors/161.webp','https://khulnadoctorfinder.com/doctors/dr-muhammad-masud-rana-gastroenterologist-kushtia/',450,'verified',0,1,'2026-08-12 19:27:24','2026-08-21 10:10:06',NULL,NULL,NULL,'Gastroenterology, Liver, Medicine & Diabetes Specialist','Assistant Professor (Gastroenterology)',41),(42,'demo-doctor-2','reception-managed-doctor',48,1,'DEMO-BMDC-002','MBBS, FCPS',11,0,'Connected local demo doctor','সংযুক্ত লোকাল ডেমো চিকিৎসক',NULL,'ভাইরাল জ্বর, ডেঙ্গু, চিকুনগুনিয়া, টাইফয়েড\nমাথা ঘোরা, অজ্ঞান হওয়া\nবুক ধড়ফড় করা\nবুকে ব্যথা (প্রাথমিক মূল্যায়ন)\nদুর্বলতা, ওজন কমে যাওয়া\nজ্বর (সাধারণ, দীর্ঘস্থায়ী ও অজানা কারণের জ্বর)\nশরীর ফোলা (এডিমা)\nহার্ট ফেইলিউরের প্রাথমিক চিকিৎসা ও ফলো-আপ\nসংক্রমণজনিত বিভিন্ন রোগ\nদীর্ঘমেয়াদি ও জটিল মেডিসিনজনিত রোগ\nডায়াবেটিসজনিত চোখের সমস্যা\nডায়াবেটিসজনিত হার্টের সমস্যা','Viral fever, Dengue, Chikungunya, Typhoid\nBody swelling (Edema)\nChest pain (initial evaluation)\nChronic and complex medical conditions\nDizziness and fainting\nFever (acute, chronic, and fever of unknown origin)\nInitial management and follow-up of heart failure\nPalpitations\nUnexplained weakness and weight loss\nVarious infectious diseases\nDiabetes-related eye problems\nDiabetes-related heart problems',NULL,NULL,450,'verified',0,0,'2026-08-21 11:34:41','2026-08-21 11:34:41','2026-08-19 18:02:22',1,NULL,NULL,NULL,42),(43,'demo-doctor-3','self-managed-doctor',49,17,'DEMO-BMDC-003','MBBS, FCPS',10,0,'Connected local demo doctor','সংযুক্ত লোকাল ডেমো চিকিৎসক',NULL,'বুকে ব্যথা (এনজাইনা)\nকরোনারি আর্টারি রোগ\nহার্ট অ্যাটাক (মায়োকার্ডিয়াল ইনফার্কশন)\nউচ্চ রক্তচাপ (হাইপারটেনশন)\nবুক ধড়ফড় করা ও হার্টবিটের অনিয়ম (অ্যারিদমিয়া)\nহৃদরোগ ও কার্ডিওভাসকুলার সংক্রান্ত সকল রোগ\nহৃদরোগজনিত মাথা ঘোরা ও অজ্ঞান হওয়া\nহার্ট ব্লক / ফেইলিউর\nহৃদরোগজনিত নিম্ন রক্তচাপ\nপা, গোড়ালি বা শরীর ফোলা (কার্ডিয়াক এডিমা)\nহৃদরোগজনিত মাথা ঘোরা ও অজ্ঞান হওয়া\nহার্ট ব্লক / ফেইলিউর','Chest pain (Angina)\nCoronary artery disease\nHeart attack (Myocardial infarction)\nHigh blood pressure (Hypertension)\nPalpitations and irregular heartbeat (Arrhythmia)\nAll types of heart and cardiovascular diseases\nDizziness and fainting due to heart conditions\nHeart block/ failure\nLow blood pressure related to heart disease\nSwelling of legs, ankles, or body (Cardiac edema)\nDizziness and fainting due to heart disease\nHeart block / failure',NULL,NULL,450,'verified',0,0,'2026-08-21 11:34:41','2026-08-21 11:34:41','2026-08-19 18:02:25',1,NULL,NULL,NULL,43),(44,'dr-nasrin-jahan',NULL,59,7,NULL,'MBBS, MCPS, FCPS',0,0,'Obstetrics, Gynecology Specialist & Surgeon Associate Professor, Gynecology & Obstetrics Ad-din Sakina Women\'s Medical College, Jessore',NULL,'Obstetrics, Gynecology Specialist & Surgeon Associate Professor, Gynecology & Obstetrics Ad-din Sakina Women\'s Medical College, Jessore','গর্ভপাত ও জরায়ু সংক্রান্ত সমস্যা\nজন্মগত বা গর্ভকালীন সমস্যা\nগাইনোকোলজিক ইনফেকশন ও সংক্রমণ\nহরমোনজনিত সমস্যা\nবন্ধ্যাত্ব ও প্রজননজনিত সমস্যা\nপ্রসবকালীন সমস্যা ও জরুরি পরিস্থিতি\nমাসিক সমস্যা (অসাম্য, ব্যথা, অনিয়মিত রক্তস্রাব)\nপিরিয়ডজনিত পেইন ও অস্বস্তি\nপ্রেগনেন্সি চেকআপ ও ফলো-আপ\nযোনি সংক্রান্ত সমস্যা\nজন্মগত বা গর্ভকালীন সমস্যা\nপ্রসবকালীন সমস্যা ও জরুরি পরিস্থিতি','Miscarriage and uterine problems\nCongenital or pregnancy-related complications\nGynecologic infections\nHormonal disorders\nInfertility and reproductive health problems\nLabor and delivery complications\nMenstrual disorders (irregularity, pain, heavy bleeding)\nPeriod-related pain and discomfort\nPregnancy care and prenatal checkups\nVaginal health issues\nCongenital or pregnancy problems\nDuring childbirth and emergencies','doctor-profiles/sono/dr-nasrin-jahan.webp','https://khulnadoctorfinder.com/doctors/dr-nasrin-jahan-gynecologist-kushtia/',0,'verified',0,1,'2026-08-21 09:26:07','2026-08-21 10:10:06',NULL,NULL,NULL,'Obstetrics, Gynecology Specialist & Surgeon','Associate Professor, Gynecology & Obstetrics',44),(45,'dr-naznin-akter-zahan',NULL,60,7,NULL,'MBBS, MCPS, FCPS',0,0,'Gynecology, Obstetrics Specialist & Surgeon Consultant, Gynecology & Obstetrics 250 Bedded General Hospital, Kushtia',NULL,'Gynecology, Obstetrics Specialist & Surgeon Consultant, Gynecology & Obstetrics 250 Bedded General Hospital, Kushtia','গর্ভপাত ও জরায়ু সংক্রান্ত সমস্যা\nজন্মগত বা গর্ভকালীন সমস্যা\nগাইনোকোলজিক ইনফেকশন ও সংক্রমণ\nহরমোনজনিত সমস্যা\nবন্ধ্যাত্ব ও প্রজননজনিত সমস্যা\nপ্রসবকালীন সমস্যা ও জরুরি পরিস্থিতি\nমাসিক সমস্যা (অসাম্য, ব্যথা, অনিয়মিত রক্তস্রাব)\nপিরিয়ডজনিত পেইন ও অস্বস্তি\nপ্রেগনেন্সি চেকআপ ও ফলো-আপ\nযোনি সংক্রান্ত সমস্যা\nজন্মগত বা গর্ভকালীন সমস্যা\nপ্রসবকালীন সমস্যা ও জরুরি পরিস্থিতি','Miscarriage and uterine problems\nCongenital or pregnancy-related complications\nGynecologic infections\nHormonal disorders\nInfertility and reproductive health problems\nLabor and delivery complications\nMenstrual disorders (irregularity, pain, heavy bleeding)\nPeriod-related pain and discomfort\nPregnancy care and prenatal checkups\nVaginal health issues\nCongenital or pregnancy problems\nDuring childbirth and emergencies','doctor-profiles/sono/dr-naznin-akter-zahan.webp','https://khulnadoctorfinder.com/doctors/dr-naznin-akter-zahan-gynecologist-kushtia/',0,'verified',0,1,'2026-08-21 09:26:08','2026-08-21 10:10:06',NULL,NULL,NULL,'Gynecology, Obstetrics Specialist & Surgeon','Consultant, Gynecology & Obstetrics',45),(46,'dr-mohsina-haider',NULL,61,7,NULL,'MBBS, MCPS, FCPS',0,0,'Gynecology, Obstetrics Specialist & Surgeon Consultant, Gynecology & Obstetrics 250 Bedded General Hospital, Kushtia',NULL,'Gynecology, Obstetrics Specialist & Surgeon Consultant, Gynecology & Obstetrics 250 Bedded General Hospital, Kushtia','গর্ভপাত ও জরায়ু সংক্রান্ত সমস্যা\nজন্মগত বা গর্ভকালীন সমস্যা\nগাইনোকোলজিক ইনফেকশন ও সংক্রমণ\nহরমোনজনিত সমস্যা\nবন্ধ্যাত্ব ও প্রজননজনিত সমস্যা\nপ্রসবকালীন সমস্যা ও জরুরি পরিস্থিতি\nমাসিক সমস্যা (অসাম্য, ব্যথা, অনিয়মিত রক্তস্রাব)\nপিরিয়ডজনিত পেইন ও অস্বস্তি\nপ্রেগনেন্সি চেকআপ ও ফলো-আপ\nযোনি সংক্রান্ত সমস্যা\nজন্মগত বা গর্ভকালীন সমস্যা\nপ্রসবকালীন সমস্যা ও জরুরি পরিস্থিতি','Miscarriage and uterine problems\nCongenital or pregnancy-related complications\nGynecologic infections\nHormonal disorders\nInfertility and reproductive health problems\nLabor and delivery complications\nMenstrual disorders (irregularity, pain, heavy bleeding)\nPeriod-related pain and discomfort\nPregnancy care and prenatal checkups\nVaginal health issues\nCongenital or pregnancy problems\nDuring childbirth and emergencies','doctor-profiles/sono/dr-mohsina-haider.webp','https://khulnadoctorfinder.com/doctors/dr-mohsina-haider-gynecologist-kushtia/',0,'verified',0,1,'2026-08-21 09:26:09','2026-08-21 10:10:06',NULL,NULL,NULL,'Gynecology, Obstetrics Specialist & Surgeon','Consultant, Gynecology & Obstetrics',46),(47,'dr-mst-ismat-ara-parvin',NULL,62,7,NULL,'MBBS, DGO',0,0,'Gynecology, Obstetrics Specialist & Surgeon Resident Surgeon (Gyne & Obs) Kushtia Medical College & Hospital',NULL,'Gynecology, Obstetrics Specialist & Surgeon Resident Surgeon (Gyne & Obs) Kushtia Medical College & Hospital','গর্ভপাত ও জরায়ু সংক্রান্ত সমস্যা\nজন্মগত বা গর্ভকালীন সমস্যা\nগাইনোকোলজিক ইনফেকশন ও সংক্রমণ\nহরমোনজনিত সমস্যা\nবন্ধ্যাত্ব ও প্রজননজনিত সমস্যা\nপ্রসবকালীন সমস্যা ও জরুরি পরিস্থিতি\nমাসিক সমস্যা (অসাম্য, ব্যথা, অনিয়মিত রক্তস্রাব)\nপিরিয়ডজনিত পেইন ও অস্বস্তি\nপ্রেগনেন্সি চেকআপ ও ফলো-আপ\nযোনি সংক্রান্ত সমস্যা\nজন্মগত বা গর্ভকালীন সমস্যা\nপ্রসবকালীন সমস্যা ও জরুরি পরিস্থিতি','Miscarriage and uterine problems\nCongenital or pregnancy-related complications\nGynecologic infections\nHormonal disorders\nInfertility and reproductive health problems\nLabor and delivery complications\nMenstrual disorders (irregularity, pain, heavy bleeding)\nPeriod-related pain and discomfort\nPregnancy care and prenatal checkups\nVaginal health issues\nCongenital or pregnancy problems\nDuring childbirth and emergencies','doctor-profiles/sono/dr-mst-ismat-ara-parvin.webp','https://khulnadoctorfinder.com/doctors/dr-mst-ismat-ara-parvin-gynecologist-kushtia/',0,'verified',0,1,'2026-08-21 09:26:09','2026-08-21 10:10:06',NULL,NULL,NULL,'Gynecology, Obstetrics Specialist & Surgeon','Resident Surgeon (Gyne & Obs)',47),(48,'dr-quazi-nazmul-hoque-shaun',NULL,63,2,NULL,'MBBS, BCS, FCPS',0,0,'Medicine Specialist Resident Physician, Internal Medicine 250 Bedded General Hospital, Kushtia',NULL,'Medicine Specialist Resident Physician, Internal Medicine 250 Bedded General Hospital, Kushtia','ভাইরাল জ্বর, ডেঙ্গু, চিকুনগুনিয়া, টাইফয়েড\nমাথা ঘোরা, অজ্ঞান হওয়া\nবুক ধড়ফড় করা\nবুকে ব্যথা (প্রাথমিক মূল্যায়ন)\nদুর্বলতা, ওজন কমে যাওয়া\nজ্বর (সাধারণ, দীর্ঘস্থায়ী ও অজানা কারণের জ্বর)\nশরীর ফোলা (এডিমা)\nহার্ট ফেইলিউরের প্রাথমিক চিকিৎসা ও ফলো-আপ\nসংক্রমণজনিত বিভিন্ন রোগ\nদীর্ঘমেয়াদি ও জটিল মেডিসিনজনিত রোগ\nডায়াবেটিসজনিত চোখের সমস্যা\nডায়াবেটিসজনিত হার্টের সমস্যা','Viral fever, Dengue, Chikungunya, Typhoid\nBody swelling (Edema)\nChest pain (initial evaluation)\nChronic and complex medical conditions\nDizziness and fainting\nFever (acute, chronic, and fever of unknown origin)\nInitial management and follow-up of heart failure\nPalpitations\nUnexplained weakness and weight loss\nVarious infectious diseases\nDiabetes-related eye problems\nDiabetes-related heart problems','doctor-profiles/sono/dr-quazi-nazmul-hoque-shaun.webp','https://khulnadoctorfinder.com/doctors/dr-quazi-nazmul-hoque-shaun-medicine-specialist-kushtia/',0,'verified',0,1,'2026-08-21 09:26:15','2026-08-21 10:10:06',NULL,NULL,NULL,'Medicine Specialist','Resident Physician, Internal Medicine',48),(49,'dr-abu-sayed-md-mortoza',NULL,64,2,NULL,'MBBS, D-CARD (NICVD), MD (CARDIOLOGY)',0,0,'Cardiology, Hypertension, Rheumatic Fever & Medicine Specialist Assistant Professor, Cardiology Kushtia Medical College & Hospital',NULL,'Cardiology, Hypertension, Rheumatic Fever & Medicine Specialist Assistant Professor, Cardiology Kushtia Medical College & Hospital','বুকে ব্যথা (এনজাইনা)\nকরোনারি আর্টারি রোগ\nহার্ট অ্যাটাক (মায়োকার্ডিয়াল ইনফার্কশন)\nউচ্চ রক্তচাপ (হাইপারটেনশন)\nবুক ধড়ফড় করা ও হার্টবিটের অনিয়ম (অ্যারিদমিয়া)\nহৃদরোগ ও কার্ডিওভাসকুলার সংক্রান্ত সকল রোগ\nহৃদরোগজনিত মাথা ঘোরা ও অজ্ঞান হওয়া\nহার্ট ব্লক / ফেইলিউর\nহৃদরোগজনিত নিম্ন রক্তচাপ\nপা, গোড়ালি বা শরীর ফোলা (কার্ডিয়াক এডিমা)\nহৃদরোগজনিত মাথা ঘোরা ও অজ্ঞান হওয়া\nহার্ট ব্লক / ফেইলিউর','Chest pain (Angina)\nCoronary artery disease\nHeart attack (Myocardial infarction)\nHigh blood pressure (Hypertension)\nPalpitations and irregular heartbeat (Arrhythmia)\nAll types of heart and cardiovascular diseases\nDizziness and fainting due to heart conditions\nHeart block/ failure\nLow blood pressure related to heart disease\nSwelling of legs, ankles, or body (Cardiac edema)\nDizziness and fainting due to heart disease\nHeart block / failure','doctor-profiles/sono/dr-abu-sayed-md-mortoza.webp','https://khulnadoctorfinder.com/doctors/dr-abu-sayed-md-mortoza-cardiologist-kushtia/',0,'verified',0,1,'2026-08-21 09:26:16','2026-08-21 10:10:06',NULL,NULL,NULL,'Cardiology, Hypertension, Rheumatic Fever & Medicine Specialist','Assistant Professor, Cardiology',49),(50,'dr-naima-sultana-tania',NULL,65,6,NULL,'MBBS, BCS, FCPS',0,0,'Newborn, Adolescent & Child Diseases Specialist Consultant, Pediatrics 250 Bedded General Hospital, Kushtia',NULL,'Newborn, Adolescent & Child Diseases Specialist Consultant, Pediatrics 250 Bedded General Hospital, Kushtia','শিশুদের আচরণগত সমস্যা\nনবজাতকের স্বাস্থ্য ও যত্ন\nজন্মগত বা জেনেটিক সমস্যা\nহজমজনিত সমস্যা (বমি, পেটের পীড়া, কোষ্ঠকাঠিন্য)\nশিশুদের জ্বর, সর্দি-কাশি, নিউমোনিয়া ও শ্বাসকষ্ট জনিত সমস্যা\nশিশুদের স্বাস্থ্যগত সমস্যা\nশিশুদের শারীরিক বৃদ্ধি ও ওজনের সমস্যা\nশিশুদের হরমোনজনিত সমস্যা\nসংক্রমণজনিত সমস্যা (যেমন: নিউমোনিয়া, ডায়রিয়া)\nলিভার, কিডনি বা অন্যান্য অঙ্গের সমস্যা\nজন্মগত বা জেনেটিক সমস্যা\nহজমজনিত সমস্যা (বমি, পেটের পীড়া, কোষ্ঠকাঠিন্য)','Behavioral problems in children\nNewborn health and care\nCongenital or genetic disorders\nDigestive issues (vomiting, abdominal pain, constipation)\nFever, cold, cough, pneumonia, and respiratory problems in children\nGeneral health problems in children\nGrowth and weight issues in children\nHormonal or endocrine problems in children\nInfection-related problems (e.g., pneumonia, diarrhea)\nLiver, kidney, or other organ-related problems\nCongenital or genetic problems\nDigestive problems (vomiting, stomach ache, constipation)','doctor-profiles/sono/dr-naima-sultana-tania.webp','https://khulnadoctorfinder.com/doctors/dr-naima-sultana-tania-pediatrician-kushtia/',0,'verified',0,1,'2026-08-21 09:26:17','2026-08-21 10:10:06',NULL,NULL,NULL,'Newborn, Adolescent & Child Diseases Specialist','Consultant, Pediatrics',50),(51,'dr-hs-kollol',NULL,66,6,NULL,'MBBS, DCH, FCPS',0,0,'Newborn, Adolescent & Child Diseases Specialist Junior Consultant, Pediatrics 250 Bedded General Hospital, Kushtia',NULL,'Newborn, Adolescent & Child Diseases Specialist Junior Consultant, Pediatrics 250 Bedded General Hospital, Kushtia','শিশুদের আচরণগত সমস্যা\nনবজাতকের স্বাস্থ্য ও যত্ন\nজন্মগত বা জেনেটিক সমস্যা\nহজমজনিত সমস্যা (বমি, পেটের পীড়া, কোষ্ঠকাঠিন্য)\nশিশুদের জ্বর, সর্দি-কাশি, নিউমোনিয়া ও শ্বাসকষ্ট জনিত সমস্যা\nশিশুদের স্বাস্থ্যগত সমস্যা\nশিশুদের শারীরিক বৃদ্ধি ও ওজনের সমস্যা\nশিশুদের হরমোনজনিত সমস্যা\nসংক্রমণজনিত সমস্যা (যেমন: নিউমোনিয়া, ডায়রিয়া)\nলিভার, কিডনি বা অন্যান্য অঙ্গের সমস্যা\nজন্মগত বা জেনেটিক সমস্যা\nহজমজনিত সমস্যা (বমি, পেটের পীড়া, কোষ্ঠকাঠিন্য)','Behavioral problems in children\nNewborn health and care\nCongenital or genetic disorders\nDigestive issues (vomiting, abdominal pain, constipation)\nFever, cold, cough, pneumonia, and respiratory problems in children\nGeneral health problems in children\nGrowth and weight issues in children\nHormonal or endocrine problems in children\nInfection-related problems (e.g., pneumonia, diarrhea)\nLiver, kidney, or other organ-related problems\nCongenital or genetic problems\nDigestive problems (vomiting, stomach ache, constipation)','doctor-profiles/sono/dr-hs-kollol.webp','https://khulnadoctorfinder.com/doctors/dr-h-s-kollol-pediatrician-kushtia/',0,'verified',0,1,'2026-08-21 09:26:18','2026-08-21 10:10:06',NULL,NULL,NULL,'Newborn, Adolescent & Child Diseases Specialist','Junior Consultant, Pediatrics',51),(52,'dr-md-abu-bakar-siddique',NULL,67,6,NULL,'MBBS, DCH, FCPS',0,0,'Newborn, Adolescent & Child Diseases Specialist Associate Professor, Pediatrics Kushtia Medical College & Hospital',NULL,'Newborn, Adolescent & Child Diseases Specialist Associate Professor, Pediatrics Kushtia Medical College & Hospital','শিশুদের আচরণগত সমস্যা\nনবজাতকের স্বাস্থ্য ও যত্ন\nজন্মগত বা জেনেটিক সমস্যা\nহজমজনিত সমস্যা (বমি, পেটের পীড়া, কোষ্ঠকাঠিন্য)\nশিশুদের জ্বর, সর্দি-কাশি, নিউমোনিয়া ও শ্বাসকষ্ট জনিত সমস্যা\nশিশুদের স্বাস্থ্যগত সমস্যা\nশিশুদের শারীরিক বৃদ্ধি ও ওজনের সমস্যা\nশিশুদের হরমোনজনিত সমস্যা\nসংক্রমণজনিত সমস্যা (যেমন: নিউমোনিয়া, ডায়রিয়া)\nলিভার, কিডনি বা অন্যান্য অঙ্গের সমস্যা\nজন্মগত বা জেনেটিক সমস্যা\nহজমজনিত সমস্যা (বমি, পেটের পীড়া, কোষ্ঠকাঠিন্য)','Behavioral problems in children\nNewborn health and care\nCongenital or genetic disorders\nDigestive issues (vomiting, abdominal pain, constipation)\nFever, cold, cough, pneumonia, and respiratory problems in children\nGeneral health problems in children\nGrowth and weight issues in children\nHormonal or endocrine problems in children\nInfection-related problems (e.g., pneumonia, diarrhea)\nLiver, kidney, or other organ-related problems\nCongenital or genetic problems\nDigestive problems (vomiting, stomach ache, constipation)','doctor-profiles/sono/dr-md-abu-bakar-siddique.webp','https://khulnadoctorfinder.com/doctors/dr-md-abu-bakar-siddique-pediatrician-kushtia/',0,'verified',0,1,'2026-08-21 09:26:19','2026-08-21 10:10:06',NULL,NULL,NULL,'Newborn, Adolescent & Child Diseases Specialist','Associate Professor, Pediatrics',52),(53,'dr-mohd-sayedul-islam-saju',NULL,68,12,NULL,'MBBS, BCS, MS',0,0,'Orthopedics Specialist & Surgeon Consultant (Ortho Surgery) Kushtia Medical College & Hospital',NULL,'Orthopedics Specialist & Surgeon Consultant (Ortho Surgery) Kushtia Medical College & Hospital','আর্থ্রাইটিস ও জয়েন্টের ব্যথা\nহাড় ও জয়েন্টের ভাঙা / ফ্র্যাকচার\nহাড় এবং জয়েন্ট সংক্রমণ\nহাড়ের বাঁক বা বিকৃতি (deformities)\nপেশী সংক্রমণ ও টিউমার\nস্পোর্টস ইনজুরি\nহাড় ও জয়েন্ট প্রতিস্থাপন / সার্জারি\nহাড়ের স্থানচ্যুতি / ডিসলোকেশন\nহাড় ও টিস্যুর আঘাত (soft tissue injuries)\nস্পাইন বা মেরুদণ্ডের সমস্যা\nহাড় ও জয়েন্ট প্রতিস্থাপন / সার্জারি\nহাড় ও টিস্যুর আঘাত (soft tissue injuries)','Arthritis and joint pain\nBone and joint fractures\nBone and joint infections\nBone deformities\nMuscle infections and tumors\nSports injuries\nBone and joint replacement / surgery\nBone dislocation\nSoft tissue injuries\nSpine problems and back injuries\nBone and joint replacement/surgery\nBone and tissue injuries (soft tissue injuries)','doctor-profiles/sono/dr-mohd-sayedul-islam-saju.webp','https://khulnadoctorfinder.com/doctors/dr-mohd-sayedul-islam-saju-orthopedic-specialist-kushtia/',0,'verified',0,1,'2026-08-21 09:26:20','2026-08-21 10:10:06',NULL,NULL,NULL,'Orthopedics Specialist & Surgeon','Consultant (Ortho Surgery)',53),(54,'dr-md-ahsan-habib',NULL,69,12,NULL,'MBBS, BCS, MS',0,0,'Spine, Orthopedic & Trauma Specialist Surgeon Assistant Professor, Orthopedics Kushtia Medical College & Hospital',NULL,'Spine, Orthopedic & Trauma Specialist Surgeon Assistant Professor, Orthopedics Kushtia Medical College & Hospital','আর্থ্রাইটিস ও জয়েন্টের ব্যথা\nহাড় ও জয়েন্টের ভাঙা / ফ্র্যাকচার\nহাড় এবং জয়েন্ট সংক্রমণ\nহাড়ের বাঁক বা বিকৃতি (deformities)\nপেশী সংক্রমণ ও টিউমার\nস্পোর্টস ইনজুরি\nহাড় ও জয়েন্ট প্রতিস্থাপন / সার্জারি\nহাড়ের স্থানচ্যুতি / ডিসলোকেশন\nহাড় ও টিস্যুর আঘাত (soft tissue injuries)\nস্পাইন বা মেরুদণ্ডের সমস্যা\nহাড় ও জয়েন্ট প্রতিস্থাপন / সার্জারি\nহাড় ও টিস্যুর আঘাত (soft tissue injuries)','Arthritis and joint pain\nBone and joint fractures\nBone and joint infections\nBone deformities\nMuscle infections and tumors\nSports injuries\nBone and joint replacement / surgery\nBone dislocation\nSoft tissue injuries\nSpine problems and back injuries\nBone and joint replacement/surgery\nBone and tissue injuries (soft tissue injuries)','doctor-profiles/sono/dr-md-ahsan-habib.webp','https://khulnadoctorfinder.com/doctors/dr-md-ahsan-habib-ortho-orthopedic-specialist-kushtia/',0,'verified',0,1,'2026-08-21 09:26:21','2026-08-21 10:10:06',NULL,NULL,NULL,'Spine, Orthopedic & Trauma Specialist Surgeon','Assistant Professor, Orthopedics',54),(55,'dr-arman-uddin-ahmad',NULL,70,18,NULL,'MBBS, FCPS, MS',0,0,'Eye Diseases Specialist & Phaco Surgeon Assistant Professor, Eye Kushtia Medical College & Hospital',NULL,'Eye Diseases Specialist & Phaco Surgeon Assistant Professor, Eye Kushtia Medical College & Hospital','মাইগ্রেন বা মাথাব্যথার কারণে চোখে ব্যথা\nচোখ দিয়ে অস্বাভাবিক পানি পড়া\nকৃত্রিম লেন্স স্থাপন\nচোখে ঝাপসা দেখা / অস্পষ্ট দৃষ্টি\nচোখে ছানি পড়া\nচোখের সংক্রমণ ও প্রদাহজনিত সমস্যা\nচোখের নেত্রনালী পেকে যাওয়া\nচোখের সকল ধরনের রোগ বিশেষজ্ঞ\nদৃষ্টি শক্তি কম বা বেশি হওয়া\nচোখ দিয়ে অস্বাভাবিক পানি পড়া\nচোখে ঝাপসা দেখা / অস্পষ্ট দৃষ্টি\nচোখের নেত্রনালী পেকে যাওয়া','Eye pain due to migraine or headache\nAbnormal tearing / watery eyes\nArtificial lens placement\nBlurred or unclear vision\nCataract (clouding of the eye lens)\nEye infections and inflammation\nGlaucoma (optic nerve damage due to pressure)\nSpecialist in all types of eye diseases\nVision problems\nAbnormal watering of the eyes\nBlurred vision\nCataracts','doctor-profiles/sono/dr-arman-uddin-ahmad.webp','https://khulnadoctorfinder.com/doctors/dr-arman-uddin-ahmad-ophthalmologist-kushtia/',0,'verified',0,1,'2026-08-21 09:26:22','2026-08-21 10:10:06',NULL,NULL,NULL,'Eye Diseases Specialist & Phaco Surgeon','Assistant Professor, Eye',55),(56,'dr-kazi-anisur-rahman',NULL,71,18,NULL,'MBBS, BCS, MS',0,0,'Eye Diseases Specialist, Phaco & Micro Surgeon Assistant Professor, Eye Kushtia Medical College & Hospital',NULL,'Eye Diseases Specialist, Phaco & Micro Surgeon Assistant Professor, Eye Kushtia Medical College & Hospital','মাইগ্রেন বা মাথাব্যথার কারণে চোখে ব্যথা\nচোখ দিয়ে অস্বাভাবিক পানি পড়া\nকৃত্রিম লেন্স স্থাপন\nচোখে ঝাপসা দেখা / অস্পষ্ট দৃষ্টি\nচোখে ছানি পড়া\nচোখের সংক্রমণ ও প্রদাহজনিত সমস্যা\nচোখের নেত্রনালী পেকে যাওয়া\nচোখের সকল ধরনের রোগ বিশেষজ্ঞ\nদৃষ্টি শক্তি কম বা বেশি হওয়া\nচোখ দিয়ে অস্বাভাবিক পানি পড়া\nচোখে ঝাপসা দেখা / অস্পষ্ট দৃষ্টি\nচোখের নেত্রনালী পেকে যাওয়া','Eye pain due to migraine or headache\nAbnormal tearing / watery eyes\nArtificial lens placement\nBlurred or unclear vision\nCataract (clouding of the eye lens)\nEye infections and inflammation\nGlaucoma (optic nerve damage due to pressure)\nSpecialist in all types of eye diseases\nVision problems\nAbnormal watering of the eyes\nBlurred vision\nCataracts','doctor-profiles/sono/dr-kazi-anisur-rahman.webp','https://khulnadoctorfinder.com/doctors/dr-kazi-anisur-rahman-ophthalmologist-kushtia/',0,'verified',0,1,'2026-08-21 09:26:23','2026-08-21 10:10:06',NULL,NULL,NULL,'Eye Diseases Specialist, Phaco & Micro Surgeon','Assistant Professor, Eye',56),(57,'dr-taisir-shahriar',NULL,72,5,NULL,'MBBS, MD',0,0,'Gastroenterology (Stomach, Liver, Intestine, Gallbladder) Specialist Consultant, Gastroenterology Sono Hospital Limited, Kushtia',NULL,'Gastroenterology (Stomach, Liver, Intestine, Gallbladder) Specialist Consultant, Gastroenterology Sono Hospital Limited, Kushtia','কোলাইটিস ও প্রদাহজনিত অন্ত্রের সমস্যা\nজন্ডিস\nপ্যানক্রিয়াটাইটিস (Pancreatitis)\nপেটে ব্যথা, পেট ফাঁপা ও অজানা অস্বস্তি\nদীর্ঘমেয়াদি ও জটিল গ্যাস্ট্রো-লিভার রোগ\nঅতিরিক্ত এসিডিটি ও হজমজনিত সমস্যা\nপিত্তথলি ও পিত্তপাথর (Gallbladder & Gallstones)\nগ্যাস্ট্রিক সমস্যা (অম্লতার সমস্যা, জ্বালাপোড়া)\nলিভার রোগ (হেপাটাইটিস, লিভার সিরোসিস)\nঅতি বা কম ক্ষুধা, বমি বমি ভাব, বমি হওয়া\nপেটে ব্যথা, পেট ফাঁপা ও অজানা অস্বস্তি\nঅতিরিক্ত এসিডিটি ও হজমজনিত সমস্যা','Colitis and inflammatory bowel disease\nJaundice\nPancreatitis\nAbdominal pain, bloating, and unexplained discomfort\nChronic and complex gastro-liver diseases\nExcess acidity and digestive disorders\nGallbladder disease and gallstones\nGastric problems (acid reflux, heartburn)\nLiver diseases (Hepatitis, Liver Cirrhosis)\nLoss of appetite, nausea, vomiting\nAbdominal pain, flatulence and unknown discomfort\nExcess acidity and digestive problems','doctor-profiles/sono/dr-taisir-shahriar.webp','https://khulnadoctorfinder.com/doctors/dr-taisir-shahriar-gastroenterologist-kushtia/',0,'verified',0,1,'2026-08-21 09:26:23','2026-08-21 10:10:06',NULL,NULL,NULL,'Gastroenterology (Stomach, Liver, Intestine, Gallbladder) Specialist','Consultant, Gastroenterology',57),(58,'dr-md-shahidul-islam',NULL,73,11,NULL,'MBBS, MD',0,0,'Fellowship in Interventional Neurology & Stroke (India) Kushtia Medical College & Hospital Kushtia',NULL,'Fellowship in Interventional Neurology & Stroke (India) Kushtia Medical College & Hospital Kushtia','মস্তিষ্ক ও স্পাইনাল কর্ডের সংক্রমণ\nমস্তিষ্ক বা স্পাইনাল টিউমার\nমৃগী / খিচুনি রোগ\nমুখ বেকে যাওয়া (Facial palsy / Bell’s palsy)\nমাথার আঘাত / ট্রমা\nসাইনোসাইটিসজনিত মাথাব্যথা\nমাথা ব্যথা, মাথা ঘোরা, মাইগ্রেইন\nস্পাইনাল ইনজুরি\nস্ট্রোক / মস্তিষ্কে রক্তক্ষরণ বা ব্লকেজ\nটেনশন / অনিদ্রা / স্ট্রেসজনিত সমস্যা\nমস্তিষ্ক ও স্পাইনাল কর্ডের সংক্রমণ\nমস্তিষ্ক বা স্পাইনাল টিউমার','Brain and spinal cord infections (Meningitis, Encephalitis)\nBrain or spinal tumors\nEpilepsy / seizure disorders\nFacial palsy / Bell’s palsy\nHead trauma / injury\nHeadache due to sinusitis\nHeadaches, dizziness, migraines\nSpinal cord injury\nStroke / brain hemorrhage or blockage\nTension, stress, and insomnia-related problems\nBrain and Spinal Cord Infection\nBrain or Spinal Tumor','doctor-profiles/sono/dr-md-shahidul-islam.webp','https://khulnadoctorfinder.com/doctors/dr-md-shahidul-islam-neurology-neurologist-kushtia/',0,'verified',0,1,'2026-08-21 09:26:24','2026-08-21 10:10:06',NULL,NULL,NULL,'Fellowship in Interventional Neurology & Stroke (India)','Kushtia Medical College & Hospital',58),(59,'dr-md-mahbubul-alam-biplob',NULL,74,19,NULL,'MBBS, BCS, MS, FACS',0,0,'Pediatric Surgery Specialist Assistant Professor, Pediatric Surgery Kushtia Medical College & Hospital',NULL,'Pediatric Surgery Specialist Assistant Professor, Pediatric Surgery Kushtia Medical College & Hospital','শিশুদের আচরণগত সমস্যা\nনবজাতকের স্বাস্থ্য ও যত্ন\nজন্মগত বা জেনেটিক সমস্যা\nহজমজনিত সমস্যা (বমি, পেটের পীড়া, কোষ্ঠকাঠিন্য)\nশিশুদের জ্বর, সর্দি-কাশি, নিউমোনিয়া ও শ্বাসকষ্ট জনিত সমস্যা\nশিশুদের স্বাস্থ্যগত সমস্যা\nশিশুদের শারীরিক বৃদ্ধি ও ওজনের সমস্যা\nশিশুদের হরমোনজনিত সমস্যা\nসংক্রমণজনিত সমস্যা (যেমন: নিউমোনিয়া, ডায়রিয়া)\nলিভার, কিডনি বা অন্যান্য অঙ্গের সমস্যা\nঅ্যাপেন্ডিসাইটিস অপারেশন\nজেনারেল ও ল্যাপারোস্কোপিক সার্জারি সংক্রান্ত সকল রোগ','Behavioral problems in children\nNewborn health and care\nCongenital or genetic disorders\nDigestive issues (vomiting, abdominal pain, constipation)\nFever, cold, cough, pneumonia, and respiratory problems in children\nGeneral health problems in children\nGrowth and weight issues in children\nHormonal or endocrine problems in children\nInfection-related problems (e.g., pneumonia, diarrhea)\nLiver, kidney, or other organ-related problems\nAppendicitis surgery\nAll diseases related to general and laparoscopic surgery','doctor-profiles/sono/dr-md-mahbubul-alam-biplob.webp','https://khulnadoctorfinder.com/doctors/dr-md-mahbubul-alam-biplob-pediatric-surgeon-kushtia/',0,'verified',0,1,'2026-08-21 09:26:25','2026-08-21 10:10:06',NULL,NULL,NULL,'Pediatric Surgery Specialist','Assistant Professor, Pediatric Surgery',59),(60,'dr-md-samiul-huq-shimon',NULL,75,19,NULL,'MBBS, BCS, MS',0,0,'Pediatric Surgeon Assistant Professor (Paediatric Surgery) Kushtia Medical College & Hospital',NULL,'Pediatric Surgeon Assistant Professor (Paediatric Surgery) Kushtia Medical College & Hospital','শিশুদের আচরণগত সমস্যা\nনবজাতকের স্বাস্থ্য ও যত্ন\nজন্মগত বা জেনেটিক সমস্যা\nহজমজনিত সমস্যা (বমি, পেটের পীড়া, কোষ্ঠকাঠিন্য)\nশিশুদের জ্বর, সর্দি-কাশি, নিউমোনিয়া ও শ্বাসকষ্ট জনিত সমস্যা\nশিশুদের স্বাস্থ্যগত সমস্যা\nশিশুদের শারীরিক বৃদ্ধি ও ওজনের সমস্যা\nশিশুদের হরমোনজনিত সমস্যা\nসংক্রমণজনিত সমস্যা (যেমন: নিউমোনিয়া, ডায়রিয়া)\nলিভার, কিডনি বা অন্যান্য অঙ্গের সমস্যা\nঅ্যাপেন্ডিসাইটিস অপারেশন\nজেনারেল ও ল্যাপারোস্কোপিক সার্জারি সংক্রান্ত সকল রোগ','Behavioral problems in children\nNewborn health and care\nCongenital or genetic disorders\nDigestive issues (vomiting, abdominal pain, constipation)\nFever, cold, cough, pneumonia, and respiratory problems in children\nGeneral health problems in children\nGrowth and weight issues in children\nHormonal or endocrine problems in children\nInfection-related problems (e.g., pneumonia, diarrhea)\nLiver, kidney, or other organ-related problems\nAppendicitis surgery\nAll diseases related to general and laparoscopic surgery','doctor-profiles/sono/dr-md-samiul-huq-shimon.webp','https://khulnadoctorfinder.com/doctors/dr-md-samiul-huq-shimon-pediatric-surgeon-kushtia/',0,'verified',0,1,'2026-08-21 09:26:25','2026-08-21 10:10:06',NULL,NULL,NULL,'Pediatric Surgeon','Assistant Professor (Paediatric Surgery)',60),(61,'dr-shafquat-waheed-shishir',NULL,76,20,NULL,'MBBS (DMC), MCPS (Psychiatry), FCPS (Psychiatry) Fellow of Indian Psychiatry Society',0,0,'Psychiatry (Mental Diseases, Brain, Sex & Drug Addiction) Specialist Assistant Professor (Psychiatry) Rajshahi Medical College & Hospital',NULL,'Psychiatry (Mental Diseases, Brain, Sex & Drug Addiction) Specialist Assistant Professor (Psychiatry) Rajshahi Medical College & Hospital','বয়স্কদের মানসিক সমস্যা\nবয়স্কদের মানসিক সমস্যা\nউদ্বেগজনিত সমস্যা / এংজাইটি\nউদ্বেগজনিত সমস্যা / এংজাইটি\nশিশু ও কিশোর মনোরোগ / আচরণ সমস্য\nশিশু ও কিশোর মনোরোগ / আচরণ সমস্য\nঅবসাদ / ডিপ্রেশন\nঅবসাদ / ডিপ্রেশন\nদীর্ঘমেয়াদি বা জটিল মানসিক রোগ\nদীর্ঘমেয়াদি বা জটিল মানসিক রোগ\nমানসিক রোগ / মানসিক স্বাস্থ্য সমস্যা\nমানসিক রোগ / মানসিক স্বাস্থ্য সমস্যা','Adult and elderly mental health issues\nAdult mental problems\nAnxiety disorders\nAnxiety problems / Anxiety\nChild and adolescent mental illness / behavioral problems\nChild and adolescent psychiatry / behavioral problems\nDepression\nDepression / Depression\nLong-term and complex psychiatric disorders\nLong-term or complex mental illness\nMental illness / Mental health problems\nMental illnesses / mental health problems','doctor-profiles/sono/dr-shafquat-waheed-shishir.webp','https://khulnadoctorfinder.com/doctors/dr-shafqat-wahid-shishir-psychiatrist-pabna/',0,'verified',0,1,'2026-08-21 09:26:26','2026-08-21 10:10:06',NULL,NULL,NULL,'Psychiatry (Mental Diseases, Brain, Sex & Drug Addiction) Specialist','Assistant Professor (Psychiatry)',61),(62,'dr-salemir-hossain-chowdhury',NULL,77,20,NULL,'MBBS, FCPS, FRSH, WHO Fellow',0,0,'Psychiatry (Mental Diseases, Headache, Epilepsy, Drug Addiction) Specialist Professor, Psychiatry Shahabuddin Medical College & Hospital',NULL,'Psychiatry (Mental Diseases, Headache, Epilepsy, Drug Addiction) Specialist Professor, Psychiatry Shahabuddin Medical College & Hospital','বয়স্কদের মানসিক সমস্যা\nবয়স্কদের মানসিক সমস্যা\nউদ্বেগজনিত সমস্যা / এংজাইটি\nউদ্বেগজনিত সমস্যা / এংজাইটি\nশিশু ও কিশোর মনোরোগ / আচরণ সমস্য\nশিশু ও কিশোর মনোরোগ / আচরণ সমস্য\nঅবসাদ / ডিপ্রেশন\nঅবসাদ / ডিপ্রেশন\nদীর্ঘমেয়াদি বা জটিল মানসিক রোগ\nদীর্ঘমেয়াদি বা জটিল মানসিক রোগ\nমানসিক রোগ / মানসিক স্বাস্থ্য সমস্যা\nমানসিক রোগ / মানসিক স্বাস্থ্য সমস্যা','Adult and elderly mental health issues\nAdult mental problems\nAnxiety disorders\nAnxiety problems / Anxiety\nChild and adolescent mental illness / behavioral problems\nChild and adolescent psychiatry / behavioral problems\nDepression\nDepression / Depression\nLong-term and complex psychiatric disorders\nLong-term or complex mental illness\nMental illness / Mental health problems\nMental illnesses / mental health problems','doctor-profiles/sono/dr-salemir-hossain-chowdhury.webp','https://khulnadoctorfinder.com/doctors/prof-dr-salemir-hossain-chowdhury-psychiatrist-kushtia/',0,'verified',0,1,'2026-08-21 09:26:27','2026-08-21 10:10:06',NULL,NULL,NULL,'Psychiatry (Mental Diseases, Headache, Epilepsy, Drug Addiction) Specialist','Professor, Psychiatry',62),(63,'dr-md-sohel-hasan-sujan',NULL,78,21,NULL,'MBBS, BCS, MD',0,0,'Rheumatology (Pain, Arthritis, Lupus, Gout) Specialist Assistant Professor (Rheumatology) 250 Bedded General Hospital, Pabna',NULL,'Rheumatology (Pain, Arthritis, Lupus, Gout) Specialist Assistant Professor (Rheumatology) 250 Bedded General Hospital, Pabna','হাড় বা জয়েন্টের ব্যথা\nপেশী ব্যথা, ফাইবারোমায়ালজিয়া\nঅস্থি ও মাংসপেশীর প্রদাহজনিত ব্যথা\nস্পাইন পেইন ও ডিস্ক সমস্যা\nপেইন মেডিসিন ও রিউমাটোলজি সংক্রান্ত সকল রোগ\nআর্থ্রাইটিস\nদীর্ঘমেয়াদি ব্যথা (মেরুদণ্ড, জয়েন্ট, পেশী)\nপেশী ব্যথা ও চলতে হাঁটতে কষ্ট হওয়া\nহাড়ের বিকৃতি ও অস্থি সংক্রান্ত ব্যথা\nআঘাত বা খেলাধুলার কারণে ব্যথা\nপেইন মেডিসিন ও রিউমাটোলজি সংক্রান্ত সকল রোগ\nআর্থ্রাইটিস','Bone or joint pain\nMuscle pain, Fibromyalgia\nPain due to inflammation of bones and muscles\nSpine pain and disc problems\nAll pain medicine and rheumatology–related disorders\nArthritis (Rheumatoid, Osteoarthritis, Juvenile Arthritis)\nLong-term pain (back, joints, muscles)\nMuscle pain and difficulty in walking or movement\nPain from bone deformities\nPain from injuries or sports activities\nAll diseases related to pain medicine and rheumatology\nArthritis','doctor-profiles/sono/dr-md-sohel-hasan-sujan.webp','https://khulnadoctorfinder.com/doctors/dr-md-sohel-hasan-sujan-rheumatologist-pabna/',0,'verified',0,1,'2026-08-21 09:26:28','2026-08-21 10:10:06',NULL,NULL,NULL,'Rheumatology (Pain, Arthritis, Lupus, Gout) Specialist','Assistant Professor (Rheumatology)',63),(64,'dr-md-obaidur-rahman',NULL,79,13,NULL,'MBBS, BCS, MS',0,0,'Urology (Kidney, Ureter, Bladder, Prostate) Specialist & Surgeon Urologist, Dept of Urology Kushtia Medical College & Hospital',NULL,'Urology (Kidney, Ureter, Bladder, Prostate) Specialist & Surgeon Urologist, Dept of Urology Kushtia Medical College & Hospital','প্রস্রাবে রক্ত পড়া\nডায়ালিসিস এবং কিডনি ট্রান্সপ্ল্যান্ট পরামর্শ\nকিডনি ও প্রস্রাবনালীর টিউমার\nকিডনির সমস্যা (অকস্মিক বা দীর্ঘমেয়াদি)\nকিডনির পাথর / প্রস্রাবের পাথর\nদীর্ঘমেয়াদি ও জটিল কিডনি এবং প্রস্রাবনালীর রোগ\nডায়াবেটিসজনিত কিডনি সমস্যা\nপ্রস্রাবে জ্বালা বা সংক্রমণ\nপ্রস্টেট বা পুরুষদের প্রস্রাবজনিত সমস্যা\nইলেক্ট্রোলাইটের ভারসাম্যহীনতা\nকিডনি ফেইলিউর\nকিডনি স্টোন (পাথর)','Blood in urine\nDialysis and kidney transplant consultation\nKidney and urinary tract tumors\nKidney problems (acute or chronic)\nKidney stones / urinary stones\nLong-term and complex kidney and urinary tract diseases\nKidney disease due to diabetes\nPain or burning while urinating\nProstate problems (men)\nElectrolyte imbalance\nKidney failure\nKidney stones','doctor-profiles/sono/dr-md-obaidur-rahman.webp','https://khulnadoctorfinder.com/doctors/dr-md-obaidur-rahman-urologist-kushtia/',0,'verified',0,1,'2026-08-21 09:26:29','2026-08-21 10:10:06',NULL,NULL,NULL,'Urology (Kidney, Ureter, Bladder, Prostate) Specialist & Surgeon','Urologist, Dept of Urology',64),(65,'dr-md-tousifur-rahman',NULL,80,22,NULL,'MBBS, MD',0,0,'Clinical & Radiation Oncologist (Cancer Specialist) Assistant Professor, Oncology TMSS Cancer Centre, Bogura',NULL,'Clinical & Radiation Oncologist (Cancer Specialist) Assistant Professor, Oncology TMSS Cancer Centre, Bogura','অ্যাপ্লাস্টিক অ্যানিমিয়া\nকেমোথেরাপি\nলিভার বা যকৃতের ক্যান্সার\nরেডিওথেরাপি\nপাকস্থলী ও কোলোরেক্টাল ক্যান্সার\nহাড় ও নরম টিস্যুর ক্যান্সার\nস্তন ক্যান্সার\nকোলন, রেক্টাম ও পায়ুপথের ক্যান্সার\nপাকস্থলী ও খাদ্যনালীর ক্যান্সার\nকিডনি ও মূত্রথলির ক্যান্সার\nলিভার ও পিত্তথলির ক্যান্সার\nফুসফুস ক্যান্সার','Aplastic anemia\nChemotherapy\nLiver cancer\nRadiotherapy\nStomach and colorectal cancer\nBone and soft tissue cancer treatment\nBreast cancer care and treatment\nColon, rectal, and anal cancer management\nComprehensive management of all types of cancer\nKidney and urinary bladder cancer care\nLiver and gallbladder cancer treatment\nLung cancer diagnosis and management','doctor-profiles/sono/dr-md-tousifur-rahman.webp','https://khulnadoctorfinder.com/doctors/dr-md-tousifur-rahman-oncologist-bogura/',0,'verified',0,1,'2026-08-21 09:26:30','2026-08-21 10:10:06',NULL,NULL,NULL,'Clinical & Radiation Oncologist (Cancer Specialist)','Assistant Professor, Oncology',65),(66,'dr-chandan-pal',NULL,81,23,NULL,'BDS, BCS, MS',0,0,'Oral & Dental Diseases Specialist & Surgeon Assistant Professor, Dental Kushtia Medical College & Hospital',NULL,'Oral & Dental Diseases Specialist & Surgeon Assistant Professor, Dental Kushtia Medical College & Hospital','দাঁতের সার্জারি ও মুখের ক্ষত সার্জারি\nদাঁতের ক্যাপ বা ক্রাউন বসানো\nদাঁতের পুডিং ও রুট ক্যানাল (Root Canal)\nদাঁতের মাড়ি সংক্রান্ত সমস্যা ও দাঁতের ক্ষয়\nমুখ ও গহ্বরের আলসার, ফোঁড়া ও ক্ষত\nমুখে ঘা, দাঁত ও দাঁতের মাড়ির ক্ষত\nওরাল ক্যান্সার ও মুখের টিউমার\nদাঁতের শিরশির ভাব / সংবেদনশীল দাঁত\nদাঁত সোজা করা ও কসমেটিক সমস্যার চিকিৎসা\nদাঁত ওয়াস, দাঁত তোলা, দাঁত বাধাই করা\nদাঁতের ক্যাপ বা ক্রাউন বসানো\nদাঁতের মাড়ি সংক্রান্ত সমস্যা ও দাঁতের ক্ষয়','Dental surgery and oral wound surgery\nDental crowns\nDental fillings and root canal treatment\nGum disease and tooth decay\nMouth ulcers, abscesses, and oral wounds\nMouth ulcers, tooth and gum wounds\nOral cancer and mouth tumors\nSensitive teeth / toothache\nTeeth alignment and cosmetic dental problems\nTooth washing, extraction, and braces\nDental cap or crown placement\nGum problems and tooth decay','doctor-profiles/sono/dr-chandan-pal.webp','https://khulnadoctorfinder.com/doctors/dr-chandan-pal-dentist-kushtia/',0,'verified',0,1,'2026-08-21 09:26:31','2026-08-21 10:10:06',NULL,NULL,NULL,'Oral & Dental Diseases Specialist & Surgeon','Assistant Professor, Dental',66),(67,'dr-md-mozaharul-islam',NULL,82,14,NULL,'MBBS, MCPS, DLO',0,0,'Ear, Nose, Throat Diseases Specialist & Surgeon Ex. Associate Professor, ENT Kushtia Medical College & Hospital',NULL,'Ear, Nose, Throat Diseases Specialist & Surgeon Ex. Associate Professor, ENT Kushtia Medical College & Hospital','সাইনাস সংক্রান্ত সমস্যা (Sinusitis)\nটনসিল ও গ্ল্যান্ডে সমস্যা\nকান দিয়ে পানি বা পুঁজ পড়া\nকানের সংক্রমণ ও ব্যথা\nকানে কম শোনা / শ্রবণশক্তি কমে যাওয়া\nকানের পর্দা ফেটে যাওয়া ও পর্দা সংযোজন\nকানের বাজনা বা বেজে যাওয়া (Tinnitus)\nগলার ব্যথা ও ইনফেকশন\nনাকে মাংস বৃদ্ধি হওয়া\nগলার ভয়েস পরিবর্তন বা কণ্ঠস্বরে সমস্যা\nকান দিয়ে পানি বা পুঁজ পড়া\nকানের সংক্রমণ ও ব্যথা','Sinus problems (Sinusitis)\nTonsil and gland problems\nEar discharge (fluid or pus)\nEar infections and ear pain\nHearing loss / reduced hearing\nPerforated eardrum and eardrum repair\nRinging in the ears (Tinnitus)\nThroat infections and sore throat\nTissue growth in the nose\nVoice changes and speech-related problems\nEar Fluid or Pus\nEar Infections and Pain','doctor-profiles/sono/dr-md-mozaharul-islam.webp','https://khulnadoctorfinder.com/doctors/dr-md-mozaharul-islam-otolaryngologist-kushtia/',0,'verified',0,1,'2026-08-21 09:26:31','2026-08-21 10:10:06',NULL,NULL,NULL,'Ear, Nose, Throat Diseases Specialist & Surgeon','Ex. Associate Professor, ENT',67),(68,'dr-md-amirul-islam',NULL,83,24,NULL,'MBBS, MS',0,0,'General & Laparoscopic Surgery Specialist Ex. Associate Professor, Surgery Kushtia Medical College & Hospital',NULL,'General & Laparoscopic Surgery Specialist Ex. Associate Professor, Surgery Kushtia Medical College & Hospital','অ্যাপেন্ডিসাইটিস অপারেশন\nজেনারেল ও ল্যাপারোস্কোপিক সার্জারি সংক্রান্ত সকল রোগ\nমলদ্বার ও অগ্নাশয়ের টিউমার\nকোলন ও রেকটামের এন্ডোস্কপি ও কলোনস্কপি\nহাত, পা ও মলদ্বারের জটিল অপারেশন\nপিত্তথলি ও পিত্তপাথর অপারেশন\nহার্নিয়া সার্জারি\nল্যাপারোস্কোপিক সার্জারি (কম চোটযুক্ত অপারেশন)\nমলদ্বার দিয়ে রক্ত পড়া\nখাদ্যনালীর, পাকস্থলীর, কোলন ও রেকটামের টিউমার\nজেনারেল ও ল্যাপারোস্কোপিক সার্জারি সংক্রান্ত সকল রোগ\nমলদ্বার দিয়ে রক্ত পড়া','Appendicitis surgery\nAll general and laparoscopic surgery–related conditions\nAnal and pancreatic tumors\nColonoscopy and endoscopy\nComplex hand, foot, and anal region surgeries\nGallbladder disease and gallstone surgery\nHernia repair surgery\nLaparoscopic surgery (minimally invasive procedures)\nRectal bleeding\nTumors of esophagus, stomach, colon, and rectum\nAll diseases related to general and laparoscopic surgery\nBleeding from the rectum','doctor-profiles/sono/dr-md-amirul-islam.webp','https://khulnadoctorfinder.com/doctors/dr-md-amirul-islam-surgeon-general-surgeon-kushtia/',0,'verified',0,1,'2026-08-21 09:26:32','2026-08-21 10:10:06',NULL,NULL,NULL,'General & Laparoscopic Surgery Specialist','Ex. Associate Professor, Surgery',68),(69,'dr-faruque-ahmed',NULL,84,25,NULL,'MBBS, BCS (Health), MD (Nephrology)',0,0,'Kidney Diseases Specialist Assistant Professor, Nephrology Shaheed Suhrawardy Medical College & Hospital',NULL,'Kidney Diseases Specialist Assistant Professor, Nephrology Shaheed Suhrawardy Medical College & Hospital','ইলেক্ট্রোলাইটের ভারসাম্যহীনতা\nকিডনি ফেইলিউর\nকিডনি স্টোন (পাথর)\nপ্রস্রাবে প্রোটিন বা রক্ত যাওয়া\nকিডনি রোগ (তীব্র ও দীর্ঘমেয়াদি)\nশরীর ফোলা (এডিমা)\nপ্রস্রাব কম বা বেশি হওয়া\nইউরিক এসিড বৃদ্ধি\nকিডনি সংক্রান্ত জটিলতা সহ মেডিসিনজনিত রোগ\nপ্রস্রাবে জ্বালা ও প্রস্রাবের সংক্রমণ\nশরীর ফোলা (এডিমা)\nপ্রস্রাবে জ্বালা ও প্রস্রাবের সংক্রমণ','Electrolyte imbalance\nKidney failure\nKidney stones\nProtein or blood in urine\nAcute and chronic kidney diseases\nBody swelling- (Edema)\nDecreased or increased urine output\nHigh uric acid\nKidney-related complications with medical disorders\nUrinary tract infection and burning urination\nInitial management and follow-up of heart failure\nBurning urine and urinary tract infections','doctor-profiles/sono/dr-faruque-ahmed.webp','https://khulnadoctorfinder.com/doctors/dr-faruque-ahmed-nephrologist-dhaka/',0,'verified',0,1,'2026-08-21 09:26:33','2026-08-21 10:10:06',NULL,NULL,NULL,'Kidney Diseases Specialist','Assistant Professor, Nephrology',69),(70,'dr-muhammad-kamrul-hassan',NULL,85,26,NULL,'MBBS, FCPS (Physical Medicine)',0,0,'Physical Medicine (Pain, Arthritis, Paralysis, Stroke) Specialist Assistant Professor & Head, Physical Medicine Shahabuddin Medical College & Hospital',NULL,'Physical Medicine (Pain, Arthritis, Paralysis, Stroke) Specialist Assistant Professor & Head, Physical Medicine Shahabuddin Medical College & Hospital','পেশী ও জয়েন্ট ব্যথা\nমেরুদণ্ডের সমস্যা (স্পাইনাল ডিস্ক, ব্যাক পেইন)\nস্ট্রোক / পক্ষাঘাতজনিত পুনর্বাসন\nহাড় বা জয়েন্টের ব্যথা\nপেশী ব্যথা, ফাইবারোমায়ালজিয়া\nঅস্থি ও মাংসপেশীর প্রদাহজনিত ব্যথা\nস্পাইন পেইন ও ডিস্ক সমস্যা\nহাড় ভাঙা ও আঘাতজনিত পুনর্বাসন\nশিরা-উপশিরার ব্যাথা (নার্ভ পেইন, সায়াটিকা)\nনিউরোলজিক্যাল রোগের পুনর্বাসন\nঘাড়, কোমর এবং পিঠ বাকা / ব্যথা বিনা অপারেশনে চিকিৎসা\nকাঁধ, ঘাড়, হাঁটু ব্যথা','Muscle and joint pain\nSpinal problems (spinal disc, back pain)\nStroke / paralysis rehabilitation\nBone or joint pain\nMuscle pain, Fibromyalgia\nPain due to inflammation of bones and muscles\nSpine pain and disc problems\nFracture and trauma rehabilitation\nNeck and back pain caused by muscle and bone problems\nNeurological disorder rehabilitation\nNon-surgical treatment for neck, lower back, and spine problems\nShoulder, neck, and knee pain','doctor-profiles/sono/dr-muhammad-kamrul-hassan.webp','https://khulnadoctorfinder.com/doctors/dr-muhammad-kamrul-hassan-physical-medicine-specialist-dhaka/',0,'verified',0,1,'2026-08-21 09:26:34','2026-08-21 10:10:06',NULL,NULL,NULL,'Physical Medicine (Pain, Arthritis, Paralysis, Stroke) Specialist','Assistant Professor & Head, Physical Medicine',70);

--
-- Table structure for table `failed_jobs`
--

CREATE TABLE `failed_jobs` (
  `id` bigint unsigned NOT NULL AUTO_INCREMENT,
  `uuid` varchar(255) COLLATE utf8mb4_unicode_ci NOT NULL,
  `connection` text COLLATE utf8mb4_unicode_ci NOT NULL,
  `queue` text COLLATE utf8mb4_unicode_ci NOT NULL,
  `payload` longtext COLLATE utf8mb4_unicode_ci NOT NULL,
  `exception` longtext COLLATE utf8mb4_unicode_ci NOT NULL,
  `failed_at` timestamp NOT NULL DEFAULT CURRENT_TIMESTAMP,
  PRIMARY KEY (`id`),
  UNIQUE KEY `failed_jobs_uuid_unique` (`uuid`)
) ENGINE=InnoDB DEFAULT CHARSET=utf8mb4 COLLATE=utf8mb4_unicode_ci;

--
-- Dumping data for table `failed_jobs`
--


--
-- Table structure for table `health_problem_specialities`
--

CREATE TABLE `health_problem_specialities` (
  `health_problem_id` bigint unsigned NOT NULL,
  `speciality_id` bigint unsigned NOT NULL,
  PRIMARY KEY (`health_problem_id`,`speciality_id`),
  KEY `health_problem_specialities_speciality_id_foreign` (`speciality_id`),
  CONSTRAINT `health_problem_specialities_health_problem_id_foreign` FOREIGN KEY (`health_problem_id`) REFERENCES `health_problems` (`id`) ON DELETE CASCADE,
  CONSTRAINT `health_problem_specialities_speciality_id_foreign` FOREIGN KEY (`speciality_id`) REFERENCES `specialities` (`id`) ON DELETE CASCADE
) ENGINE=InnoDB DEFAULT CHARSET=utf8mb4 COLLATE=utf8mb4_unicode_ci;

--
-- Dumping data for table `health_problem_specialities`
--

INSERT INTO `health_problem_specialities` VALUES (1,1),(2,1),(4,13),(3,17);

--
-- Table structure for table `health_problems`
--

CREATE TABLE `health_problems` (
  `id` bigint unsigned NOT NULL AUTO_INCREMENT,
  `name` varchar(255) COLLATE utf8mb4_unicode_ci NOT NULL,
  `name_bn` varchar(255) COLLATE utf8mb4_unicode_ci DEFAULT NULL,
  `name_en` varchar(255) COLLATE utf8mb4_unicode_ci DEFAULT NULL,
  `slug` varchar(255) COLLATE utf8mb4_unicode_ci NOT NULL,
  `guidance` varchar(255) COLLATE utf8mb4_unicode_ci NOT NULL DEFAULT 'This routing guidance is not a diagnosis.',
  `guidance_bn` text COLLATE utf8mb4_unicode_ci,
  `guidance_en` text COLLATE utf8mb4_unicode_ci,
  `active` tinyint(1) NOT NULL DEFAULT '1',
  `created_at` timestamp NULL DEFAULT NULL,
  `updated_at` timestamp NULL DEFAULT NULL,
  `description_bn` text COLLATE utf8mb4_unicode_ci,
  `description_en` text COLLATE utf8mb4_unicode_ci,
  `sort_order` int unsigned NOT NULL DEFAULT '0',
  PRIMARY KEY (`id`),
  UNIQUE KEY `health_problems_slug_unique` (`slug`),
  KEY `health_problems_sort_order_index` (`sort_order`)
) ENGINE=InnoDB AUTO_INCREMENT=5 DEFAULT CHARSET=utf8mb4 COLLATE=utf8mb4_unicode_ci;

--
-- Dumping data for table `health_problems`
--

INSERT INTO `health_problems` VALUES (1,'Fever','জ্বর','Fever','fever','This routing guidance is not a diagnosis.','এটি রোগ নির্ণয় নয়; উপযুক্ত বিশেষজ্ঞ খুঁজতে সহায়তা মাত্র।','This is not a diagnosis; it only helps route you to suitable care.',1,'2026-08-21 11:34:41','2026-08-21 11:34:41',NULL,NULL,0),(2,'Stomach problem','পেটের সমস্যা','Stomach problem','stomach-problem','This routing guidance is not a diagnosis.','এটি রোগ নির্ণয় নয়; উপযুক্ত বিশেষজ্ঞ খুঁজতে সহায়তা মাত্র।','This is not a diagnosis; it only helps route you to suitable care.',1,'2026-08-21 11:34:41','2026-08-21 11:34:41',NULL,NULL,0),(3,'Heart concern','হৃদরোগের সমস্যা','Heart concern','heart-concern','This routing guidance is not a diagnosis.','এটি রোগ নির্ণয় নয়; উপযুক্ত বিশেষজ্ঞ খুঁজতে সহায়তা মাত্র।','This is not a diagnosis; it only helps route you to suitable care.',1,'2026-08-21 11:34:41','2026-08-21 11:34:41',NULL,NULL,0),(4,'Kidni','Kidnite somossa','Kidnite somossa','kidni','This routing guidance is not a diagnosis.',NULL,NULL,1,'2026-08-20 14:07:19','2026-08-20 14:07:19','Kidnite somossa','Kidnite somossa',0);

--
-- Table structure for table `homepage_ad_slides`
--

CREATE TABLE `homepage_ad_slides` (
  `id` bigint unsigned NOT NULL AUTO_INCREMENT,
  `slot` enum('left','right') COLLATE utf8mb4_unicode_ci NOT NULL,
  `image_url` varchar(500) COLLATE utf8mb4_unicode_ci NOT NULL,
  `title_bn` varchar(255) COLLATE utf8mb4_unicode_ci DEFAULT NULL,
  `title_en` varchar(255) COLLATE utf8mb4_unicode_ci DEFAULT NULL,
  `alt_bn` varchar(255) COLLATE utf8mb4_unicode_ci DEFAULT NULL,
  `alt_en` varchar(255) COLLATE utf8mb4_unicode_ci DEFAULT NULL,
  `link_url` varchar(500) COLLATE utf8mb4_unicode_ci DEFAULT NULL,
  `active` tinyint(1) NOT NULL DEFAULT '1',
  `sort_order` tinyint unsigned NOT NULL DEFAULT '0',
  `updated_by` bigint unsigned DEFAULT NULL,
  `created_at` timestamp NULL DEFAULT NULL,
  `updated_at` timestamp NULL DEFAULT NULL,
  PRIMARY KEY (`id`),
  KEY `homepage_ad_slides_updated_by_foreign` (`updated_by`),
  KEY `homepage_ad_slides_slot_active_sort_order_index` (`slot`,`active`,`sort_order`),
  CONSTRAINT `homepage_ad_slides_updated_by_foreign` FOREIGN KEY (`updated_by`) REFERENCES `users` (`id`) ON DELETE SET NULL
) ENGINE=InnoDB AUTO_INCREMENT=12 DEFAULT CHARSET=utf8mb4 COLLATE=utf8mb4_unicode_ci;

--
-- Dumping data for table `homepage_ad_slides`
--

INSERT INTO `homepage_ad_slides` VALUES (1,'left','/images/ads/family-doctor-care.png','পরিবারের বিশ্বস্ত চিকিৎসাসেবা','Trusted care for your family','পরিবারের বিশ্বস্ত চিকিৎসাসেবা','Trusted care for your family',NULL,1,0,NULL,'2026-08-20 02:23:31','2026-08-20 02:23:31'),(4,'right','/images/ads/diagnostic-consultation.png','স্বাস্থ্য পরীক্ষা ও বিশেষজ্ঞ পরামর্শ','Health checks and specialist advice','স্বাস্থ্য পরীক্ষা ও বিশেষজ্ঞ পরামর্শ','Health checks and specialist advice',NULL,1,0,NULL,'2026-08-20 02:23:31','2026-08-20 02:23:31'),(8,'left','http://shastholink.test/storage/homepage-ads/gBNPJd7Jo8LJPhgFv5PupAjppIzqbMRDvtgZeRpu.png','বিজ্ঞাপন দিন, আপনার ব্যবসাকে পৌঁছে দিন আরও বেশি মানুষের কাছে!','Advertise Here — Reach More Customers & Grow Your Business!','বিজ্ঞাপন দিন, আপনার ব্যবসাকে পৌঁছে দিন আরও বেশি মানুষের কাছে!','Advertise Here — Reach More Customers & Grow Your Business!',NULL,1,2,1,'2026-08-20 05:26:07','2026-08-20 05:26:07'),(9,'right','http://shastholink.test/storage/homepage-ads/N6NBDotjaT89l7VT8DY6F7znZxtcBk09iv11xSs3.png','বিজ্ঞাপন দিন, আপনার ব্যবসাকে পৌঁছে দিন আরও বেশি মানুষের কাছে!','Advertise Here — Reach More Customers & Grow Your Business!','বিজ্ঞাপন দিন, আপনার ব্যবসাকে পৌঁছে দিন আরও বেশি মানুষের কাছে!','Advertise Here — Reach More Customers & Grow Your Business!','http://localhost/pages/contact',1,2,1,'2026-08-20 05:26:44','2026-08-20 05:26:44'),(11,'left','http://shastholink.test/storage/homepage-ads/TZylxrRW4gEsZzc5HmvzKWyXOFf6w9TYlbd0M7Nt.png','আপনার প্রয়োজনীয় ডিজিটাল পণ্য ও কোর্স, এখন এক জায়গায়','Digital Products & Courses, All in One Place','আপনার প্রয়োজনীয় ডিজিটাল পণ্য ও কোর্স, এখন এক জায়গায়','Digital Products & Courses, All in One Place','https://bluenill.com/',1,2,1,'2026-08-20 06:05:58','2026-08-20 06:05:58');

--
-- Table structure for table `hospital_reception_profiles`
--

CREATE TABLE `hospital_reception_profiles` (
  `id` bigint unsigned NOT NULL AUTO_INCREMENT,
  `user_id` bigint unsigned NOT NULL,
  `institution_id` bigint unsigned NOT NULL,
  `assigned_by` bigint unsigned DEFAULT NULL,
  `created_at` timestamp NULL DEFAULT NULL,
  `updated_at` timestamp NULL DEFAULT NULL,
  PRIMARY KEY (`id`),
  UNIQUE KEY `hospital_reception_profiles_user_id_unique` (`user_id`),
  KEY `hospital_reception_profiles_assigned_by_foreign` (`assigned_by`),
  KEY `hospital_reception_profiles_institution_id_index` (`institution_id`),
  CONSTRAINT `hospital_reception_profiles_assigned_by_foreign` FOREIGN KEY (`assigned_by`) REFERENCES `users` (`id`) ON DELETE SET NULL,
  CONSTRAINT `hospital_reception_profiles_institution_id_foreign` FOREIGN KEY (`institution_id`) REFERENCES `institutions` (`id`) ON DELETE RESTRICT,
  CONSTRAINT `hospital_reception_profiles_user_id_foreign` FOREIGN KEY (`user_id`) REFERENCES `users` (`id`) ON DELETE CASCADE
) ENGINE=InnoDB AUTO_INCREMENT=2 DEFAULT CHARSET=utf8mb4 COLLATE=utf8mb4_unicode_ci;

--
-- Dumping data for table `hospital_reception_profiles`
--

INSERT INTO `hospital_reception_profiles` VALUES (1,5,2,1,'2026-08-21 11:34:41','2026-08-21 11:34:41');

--
-- Table structure for table `institutions`
--

CREATE TABLE `institutions` (
  `id` bigint unsigned NOT NULL AUTO_INCREMENT,
  `name` varchar(255) COLLATE utf8mb4_unicode_ci NOT NULL,
  `name_bn` varchar(255) COLLATE utf8mb4_unicode_ci DEFAULT NULL,
  `name_en` varchar(255) COLLATE utf8mb4_unicode_ci DEFAULT NULL,
  `description_bn` text COLLATE utf8mb4_unicode_ci,
  `description_en` text COLLATE utf8mb4_unicode_ci,
  `slug` varchar(255) COLLATE utf8mb4_unicode_ci NOT NULL,
  `type` enum('hospital','diagnostic_center','clinic','chamber','other') COLLATE utf8mb4_unicode_ci NOT NULL DEFAULT 'hospital',
  `location_id` bigint unsigned DEFAULT NULL,
  `address` text COLLATE utf8mb4_unicode_ci NOT NULL,
  `services` json DEFAULT NULL,
  `opening_hours` json DEFAULT NULL,
  `latitude` decimal(10,7) DEFAULT NULL,
  `longitude` decimal(10,7) DEFAULT NULL,
  `contact` varchar(255) COLLATE utf8mb4_unicode_ci DEFAULT NULL,
  `image_path` varchar(255) COLLATE utf8mb4_unicode_ci DEFAULT NULL,
  `source_url` varchar(255) COLLATE utf8mb4_unicode_ci DEFAULT NULL,
  `verification_status` enum('pending','verified','rejected') COLLATE utf8mb4_unicode_ci NOT NULL DEFAULT 'pending',
  `active` tinyint(1) NOT NULL DEFAULT '1',
  `created_at` timestamp NULL DEFAULT NULL,
  `updated_at` timestamp NULL DEFAULT NULL,
  `deleted_at` timestamp NULL DEFAULT NULL,
  `deleted_by` bigint unsigned DEFAULT NULL,
  `logo_path` varchar(255) COLLATE utf8mb4_unicode_ci DEFAULT NULL,
  `cover_path` varchar(255) COLLATE utf8mb4_unicode_ci DEFAULT NULL,
  `website` varchar(255) COLLATE utf8mb4_unicode_ci DEFAULT NULL,
  `rating_basis_points` smallint unsigned NOT NULL DEFAULT '0',
  `display_order` int unsigned NOT NULL DEFAULT '0',
  PRIMARY KEY (`id`),
  UNIQUE KEY `institutions_slug_unique` (`slug`),
  KEY `institutions_location_id_foreign` (`location_id`),
  KEY `institutions_display_order_index` (`display_order`),
  KEY `institutions_deleted_by_foreign` (`deleted_by`),
  KEY `institutions_deleted_at_index` (`deleted_at`),
  CONSTRAINT `institutions_deleted_by_foreign` FOREIGN KEY (`deleted_by`) REFERENCES `users` (`id`) ON DELETE SET NULL,
  CONSTRAINT `institutions_location_id_foreign` FOREIGN KEY (`location_id`) REFERENCES `locations` (`id`) ON DELETE SET NULL
) ENGINE=InnoDB AUTO_INCREMENT=7 DEFAULT CHARSET=utf8mb4 COLLATE=utf8mb4_unicode_ci;

--
-- Dumping data for table `institutions`
--

INSERT INTO `institutions` VALUES (1,'Popular Diagnostic Center, Kushtia','পপুলার ডায়াগনস্টিক সেন্টার, কুষ্টিয়া','Popular Diagnostic Center, Kushtia',NULL,NULL,'popular-diagnostic-kushtia','diagnostic_center',4,'Courtpara, Kushtia',NULL,NULL,23.9013000,89.1202000,'01781-385581','institutions/popular-diagnostic-kushtia.webp',NULL,'verified',1,'2026-08-21 11:34:41','2026-08-21 11:34:41','2026-08-20 01:28:51',1,NULL,NULL,NULL,0,1),(2,'পপুলার ডায়াগনস্টিক সেন্টার, কুষ্টিয়া','পপুলার ডায়াগনস্টিক সেন্টার, কুষ্টিয়া','Popular Diagnostic Center, Kushtia',NULL,NULL,'popular-diagonasti-ccenter-kushtia','hospital',1,'সিটি টাওয়ার- বাড়ি নং-১, মীর মশাররফ হোসেন রোড, কলেজ মোড়, কোর্ট পাড়া, কুষ্টিয়া।',NULL,NULL,NULL,NULL,'01781-385581','institutions/popular-diagnostic-kushtia.webp','https://doctorghor.com/hospital/popular-diagonasti-ccenter-kushtia/','verified',1,'2026-08-12 19:17:50','2026-08-18 05:28:02',NULL,NULL,NULL,NULL,NULL,0,2),(3,'Sono Consultation Center, Kushtia','সনো কনসালটেশন সেন্টার, কুষ্টিয়া','Sono Consultation Center, Kushtia',NULL,NULL,'sono-consultation-center-kushtia','diagnostic_center',1,'54 Kazi Nazrul Islam Rd, Kushtia',NULL,NULL,NULL,NULL,'01781-385581','institutions/sono-diagnostic-kushtia.jpg','https://khulnadoctorfinder.com/hospitals/sono-kushtia/','verified',1,'2026-08-12 19:17:53','2026-08-21 09:26:07',NULL,NULL,NULL,NULL,NULL,0,3),(4,'আমিন ডায়াগনস্টিক অ্যান্ড মেডিকেল সার্ভিসেস, কুষ্টিয়া','আমিন ডায়াগনস্টিক অ্যান্ড মেডিকেল সার্ভিসেস, কুষ্টিয়া','Amin Diagnostic and Medical Services, Kushtia',NULL,NULL,'amin-diagnostic-medical-services','hospital',1,'আমিন ভবন, কলেজ মোড়, রাম চন্দ্র রায় চৌধুরী (আর.সি.আর.সি) সড়ক, কোর্টপাড়া, কুষ্টিয়া।',NULL,NULL,NULL,NULL,'01781-385581','institutions/amin-diagnostic-kushtia.webp','https://doctorghor.com/hospital/amin-diagnostic-medical-services/','verified',1,'2026-08-12 19:17:56','2026-08-18 05:28:02',NULL,NULL,NULL,NULL,NULL,0,4),(5,'কুষ্টিয়া ট্রমা সেন্টার এন্ড স্পেশালাইজড হসপিটাল','কুষ্টিয়া ট্রমা সেন্টার এন্ড স্পেশালাইজড হসপিটাল','Kushtia Trauma Center and Specialized Hospital',NULL,NULL,'e0a695e0a781e0a6b7e0a78de0a69fe0a6bfe0a6afe0a6bce0a6be-e0a69fe0a78de0a6b0e0a6aee0a6be-e0a6b8e0a787e0a6a8e0a78de0a69fe0a6bee0a6b0','hospital',1,'ওয়াসি টাওয়ার, ৯৭/৫, রাম চন্দ্র রায় চৌধুরী রোড, কোর্টপাড়া, কুষ্টিয়া',NULL,NULL,NULL,NULL,'01781-385581','institutions/kushtia-trauma-center.webp','https://doctorghor.com/hospital/%e0%a6%95%e0%a7%81%e0%a6%b7%e0%a7%8d%e0%a6%9f%e0%a6%bf%e0%a6%af%e0%a6%bc%e0%a6%be-%e0%a6%9f%e0%a7%8d%e0%a6%b0%e0%a6%ae%e0%a6%be-%e0%a6%b8%e0%a7%87%e0%a6%a8%e0%a7%8d%e0%a6%9f%e0%a6%be%e0%a6%b0/','verified',1,'2026-08-12 19:17:59','2026-08-18 05:28:02',NULL,NULL,NULL,NULL,NULL,0,5),(6,'লালন শাহ ডায়াগনস্টিক সেন্টার, কুষ্টিয়া','লালন শাহ ডায়াগনস্টিক সেন্টার, কুষ্টিয়া','Lalon Shah Diagnostic Center, Kushtia',NULL,NULL,'lalonshahdiagonasticcenter','hospital',1,'পৌর গোরস্তান মসজিদ সংলগ্ন আর.সি.আর.সি রোড কোর্টপাড়া, কুষ্টিয়া',NULL,NULL,NULL,NULL,'01781-385581','institutions/lalon-shah-diagnostic.webp','https://doctorghor.com/hospital/lalonshahdiagonasticcenter/','verified',0,'2026-08-12 19:18:02','2026-08-18 05:28:02',NULL,NULL,NULL,NULL,NULL,0,6);

--
-- Table structure for table `job_batches`
--

CREATE TABLE `job_batches` (
  `id` varchar(255) COLLATE utf8mb4_unicode_ci NOT NULL,
  `name` varchar(255) COLLATE utf8mb4_unicode_ci NOT NULL,
  `total_jobs` int NOT NULL,
  `pending_jobs` int NOT NULL,
  `failed_jobs` int NOT NULL,
  `failed_job_ids` longtext COLLATE utf8mb4_unicode_ci NOT NULL,
  `options` mediumtext COLLATE utf8mb4_unicode_ci,
  `cancelled_at` int DEFAULT NULL,
  `created_at` int NOT NULL,
  `finished_at` int DEFAULT NULL,
  PRIMARY KEY (`id`)
) ENGINE=InnoDB DEFAULT CHARSET=utf8mb4 COLLATE=utf8mb4_unicode_ci;

--
-- Dumping data for table `job_batches`
--


--
-- Table structure for table `jobs`
--

CREATE TABLE `jobs` (
  `id` bigint unsigned NOT NULL AUTO_INCREMENT,
  `queue` varchar(255) COLLATE utf8mb4_unicode_ci NOT NULL,
  `payload` longtext COLLATE utf8mb4_unicode_ci NOT NULL,
  `attempts` tinyint unsigned NOT NULL,
  `reserved_at` int unsigned DEFAULT NULL,
  `available_at` int unsigned NOT NULL,
  `created_at` int unsigned NOT NULL,
  PRIMARY KEY (`id`),
  KEY `jobs_queue_index` (`queue`)
) ENGINE=InnoDB DEFAULT CHARSET=utf8mb4 COLLATE=utf8mb4_unicode_ci;

--
-- Dumping data for table `jobs`
--


--
-- Table structure for table `locations`
--

CREATE TABLE `locations` (
  `id` bigint unsigned NOT NULL AUTO_INCREMENT,
  `parent_id` bigint unsigned DEFAULT NULL,
  `type` enum('division','district','upazila','area') COLLATE utf8mb4_unicode_ci NOT NULL,
  `name` varchar(255) COLLATE utf8mb4_unicode_ci NOT NULL,
  `name_bn` varchar(255) COLLATE utf8mb4_unicode_ci DEFAULT NULL,
  `name_en` varchar(255) COLLATE utf8mb4_unicode_ci DEFAULT NULL,
  `slug` varchar(255) COLLATE utf8mb4_unicode_ci NOT NULL,
  `active` tinyint(1) NOT NULL DEFAULT '1',
  `created_at` timestamp NULL DEFAULT NULL,
  `updated_at` timestamp NULL DEFAULT NULL,
  `sort_order` smallint unsigned NOT NULL DEFAULT '0',
  PRIMARY KEY (`id`),
  UNIQUE KEY `locations_slug_unique` (`slug`),
  KEY `locations_parent_id_foreign` (`parent_id`),
  KEY `locations_sort_order_index` (`sort_order`),
  CONSTRAINT `locations_parent_id_foreign` FOREIGN KEY (`parent_id`) REFERENCES `locations` (`id`) ON DELETE SET NULL
) ENGINE=InnoDB AUTO_INCREMENT=75 DEFAULT CHARSET=utf8mb4 COLLATE=utf8mb4_unicode_ci;

--
-- Dumping data for table `locations`
--

INSERT INTO `locations` VALUES (1,2,'district','Kushtia','কুষ্টিয়া','Kushtia','kushtia',1,'2026-08-21 11:34:41','2026-08-21 11:34:41',0),(2,NULL,'division','Khulna Division','খুলনা বিভাগ','Khulna Division','khulna-division',1,'2026-08-21 11:34:41','2026-08-21 11:34:41',0),(3,1,'upazila','Kushtia Sadar','কুষ্টিয়া সদর','Kushtia Sadar','kushtia-sadar',1,'2026-08-21 11:34:41','2026-08-21 11:34:41',0),(4,3,'area','Courtpara','কোর্টপাড়া','Courtpara','courtpara',1,'2026-08-21 11:34:41','2026-08-21 11:34:41',0),(5,NULL,'division','Barishal Division','বরিশাল বিভাগ','Barishal Division','barishal-division',0,'2026-08-13 06:03:15','2026-08-13 06:09:51',0),(6,5,'district','Barguna','বরগুনা','Barguna','barguna',0,'2026-08-13 06:03:15','2026-08-13 06:09:51',0),(7,5,'district','Barishal','বরিশাল','Barishal','barishal',0,'2026-08-13 06:03:15','2026-08-13 06:09:51',0),(8,5,'district','Bhola','ভোলা','Bhola','bhola',0,'2026-08-13 06:03:15','2026-08-13 06:09:51',0),(9,5,'district','Jhalokati','ঝালকাঠি','Jhalokati','jhalokati',0,'2026-08-13 06:03:15','2026-08-13 06:09:51',0),(10,5,'district','Patuakhali','পটুয়াখালী','Patuakhali','patuakhali',0,'2026-08-13 06:03:15','2026-08-13 06:09:51',0),(11,5,'district','Pirojpur','পিরোজপুর','Pirojpur','pirojpur',0,'2026-08-13 06:03:15','2026-08-13 06:09:51',0),(12,NULL,'division','Chattogram Division','চট্টগ্রাম বিভাগ','Chattogram Division','chattogram-division',0,'2026-08-13 06:03:15','2026-08-13 06:09:51',0),(13,12,'district','Bandarban','বান্দরবান','Bandarban','bandarban',0,'2026-08-13 06:03:15','2026-08-13 06:09:51',0),(14,12,'district','Brahmanbaria','ব্রাহ্মণবাড়িয়া','Brahmanbaria','brahmanbaria',0,'2026-08-13 06:03:15','2026-08-13 06:09:51',0),(15,12,'district','Chandpur','চাঁদপুর','Chandpur','chandpur',0,'2026-08-13 06:03:15','2026-08-13 06:09:51',0),(16,12,'district','Chattogram','চট্টগ্রাম','Chattogram','chattogram',0,'2026-08-13 06:03:15','2026-08-13 06:09:51',0),(17,12,'district','Cox’s Bazar','কক্সবাজার','Cox’s Bazar','coxs-bazar',0,'2026-08-13 06:03:15','2026-08-13 06:09:51',0),(18,12,'district','Cumilla','কুমিল্লা','Cumilla','cumilla',0,'2026-08-13 06:03:15','2026-08-13 06:09:51',0),(19,12,'district','Feni','ফেনী','Feni','feni',0,'2026-08-13 06:03:15','2026-08-13 06:09:51',0),(20,12,'district','Khagrachhari','খাগড়াছড়ি','Khagrachhari','khagrachhari',0,'2026-08-13 06:03:15','2026-08-13 06:09:51',0),(21,12,'district','Lakshmipur','লক্ষ্মীপুর','Lakshmipur','lakshmipur',0,'2026-08-13 06:03:15','2026-08-13 06:09:51',0),(22,12,'district','Noakhali','নোয়াখালী','Noakhali','noakhali',0,'2026-08-13 06:03:15','2026-08-13 06:09:51',0),(23,12,'district','Rangamati','রাঙ্গামাটি','Rangamati','rangamati',0,'2026-08-13 06:03:15','2026-08-13 06:09:51',0),(24,NULL,'division','Dhaka Division','ঢাকা বিভাগ','Dhaka Division','dhaka-division',0,'2026-08-13 06:03:15','2026-08-13 06:09:51',0),(25,24,'district','Dhaka','ঢাকা','Dhaka','dhaka',0,'2026-08-13 06:03:15','2026-08-13 06:09:51',0),(26,24,'district','Faridpur','ফরিদপুর','Faridpur','faridpur',0,'2026-08-13 06:03:15','2026-08-13 06:09:51',0),(27,24,'district','Gazipur','গাজীপুর','Gazipur','gazipur',0,'2026-08-13 06:03:15','2026-08-13 06:09:51',0),(28,24,'district','Gopalganj','গোপালগঞ্জ','Gopalganj','gopalganj',0,'2026-08-13 06:03:15','2026-08-13 06:09:51',0),(29,24,'district','Kishoreganj','কিশোরগঞ্জ','Kishoreganj','kishoreganj',0,'2026-08-13 06:03:15','2026-08-13 06:09:51',0),(30,24,'district','Madaripur','মাদারীপুর','Madaripur','madaripur',0,'2026-08-13 06:03:15','2026-08-13 06:09:51',0),(31,24,'district','Manikganj','মানিকগঞ্জ','Manikganj','manikganj',0,'2026-08-13 06:03:15','2026-08-13 06:09:51',0),(32,24,'district','Munshiganj','মুন্সিগঞ্জ','Munshiganj','munshiganj',0,'2026-08-13 06:03:15','2026-08-13 06:09:51',0),(33,24,'district','Narayanganj','নারায়ণগঞ্জ','Narayanganj','narayanganj',0,'2026-08-13 06:03:15','2026-08-13 06:09:51',0),(34,24,'district','Narsingdi','নরসিংদী','Narsingdi','narsingdi',0,'2026-08-13 06:03:15','2026-08-13 06:09:51',0),(35,24,'district','Rajbari','রাজবাড়ী','Rajbari','rajbari',0,'2026-08-13 06:03:15','2026-08-13 06:09:51',0),(36,24,'district','Shariatpur','শরীয়তপুর','Shariatpur','shariatpur',0,'2026-08-13 06:03:15','2026-08-13 06:09:51',0),(37,24,'district','Tangail','টাঙ্গাইল','Tangail','tangail',0,'2026-08-13 06:03:15','2026-08-13 06:09:51',0),(38,2,'district','Bagerhat','বাগেরহাট','Bagerhat','bagerhat',0,'2026-08-13 06:03:15','2026-08-13 06:09:51',0),(39,2,'district','Chuadanga','চুয়াডাঙ্গা','Chuadanga','chuadanga',0,'2026-08-13 06:03:15','2026-08-13 06:09:51',0),(40,2,'district','Jashore','যশোর','Jashore','jashore',0,'2026-08-13 06:03:15','2026-08-13 06:09:51',0),(41,2,'district','Jhenaidah','ঝিনাইদহ','Jhenaidah','jhenaidah',0,'2026-08-13 06:03:15','2026-08-13 06:09:51',0),(42,2,'district','Khulna','খুলনা','Khulna','khulna',0,'2026-08-13 06:03:15','2026-08-13 06:09:51',0),(43,2,'district','Magura','মাগুরা','Magura','magura',0,'2026-08-13 06:03:15','2026-08-13 06:09:51',0),(44,2,'district','Meherpur','মেহেরপুর','Meherpur','meherpur',0,'2026-08-13 06:03:15','2026-08-13 06:09:51',0),(45,2,'district','Narail','নড়াইল','Narail','narail',0,'2026-08-13 06:03:15','2026-08-13 06:09:51',0),(46,2,'district','Satkhira','সাতক্ষীরা','Satkhira','satkhira',0,'2026-08-13 06:03:15','2026-08-13 06:09:51',0),(47,NULL,'division','Mymensingh Division','ময়মনসিংহ বিভাগ','Mymensingh Division','mymensingh-division',0,'2026-08-13 06:03:15','2026-08-13 06:09:51',0),(48,47,'district','Jamalpur','জামালপুর','Jamalpur','jamalpur',0,'2026-08-13 06:03:15','2026-08-13 06:09:51',0),(49,47,'district','Mymensingh','ময়মনসিংহ','Mymensingh','mymensingh',0,'2026-08-13 06:03:15','2026-08-13 06:09:51',0),(50,47,'district','Netrokona','নেত্রকোনা','Netrokona','netrokona',0,'2026-08-13 06:03:15','2026-08-13 06:09:51',0),(51,47,'district','Sherpur','শেরপুর','Sherpur','sherpur',0,'2026-08-13 06:03:15','2026-08-13 06:09:51',0),(52,NULL,'division','Rajshahi Division','রাজশাহী বিভাগ','Rajshahi Division','rajshahi-division',0,'2026-08-13 06:03:15','2026-08-13 06:09:51',0),(53,52,'district','Bogura','বগুড়া','Bogura','bogura',0,'2026-08-13 06:03:15','2026-08-13 06:09:51',0),(54,52,'district','Joypurhat','জয়পুরহাট','Joypurhat','joypurhat',0,'2026-08-13 06:03:15','2026-08-13 06:09:51',0),(55,52,'district','Naogaon','নওগাঁ','Naogaon','naogaon',0,'2026-08-13 06:03:15','2026-08-13 06:09:51',0),(56,52,'district','Natore','নাটোর','Natore','natore',0,'2026-08-13 06:03:15','2026-08-13 06:09:51',0),(57,52,'district','Chapainawabganj','চাঁপাইনবাবগঞ্জ','Chapainawabganj','chapainawabganj',0,'2026-08-13 06:03:15','2026-08-13 06:09:51',0),(58,52,'district','Pabna','পাবনা','Pabna','pabna',0,'2026-08-13 06:03:15','2026-08-13 06:09:51',0),(59,52,'district','Rajshahi','রাজশাহী','Rajshahi','rajshahi',0,'2026-08-13 06:03:15','2026-08-13 06:09:51',0),(60,52,'district','Sirajganj','সিরাজগঞ্জ','Sirajganj','sirajganj',0,'2026-08-13 06:03:15','2026-08-13 06:09:51',0),(61,NULL,'division','Rangpur Division','রংপুর বিভাগ','Rangpur Division','rangpur-division',0,'2026-08-13 06:03:15','2026-08-13 06:09:51',0),(62,61,'district','Dinajpur','দিনাজপুর','Dinajpur','dinajpur',0,'2026-08-13 06:03:15','2026-08-13 06:09:51',0),(63,61,'district','Gaibandha','গাইবান্ধা','Gaibandha','gaibandha',0,'2026-08-13 06:03:15','2026-08-13 06:09:51',0),(64,61,'district','Kurigram','কুড়িগ্রাম','Kurigram','kurigram',0,'2026-08-13 06:03:15','2026-08-13 06:09:51',0),(65,61,'district','Lalmonirhat','লালমনিরহাট','Lalmonirhat','lalmonirhat',0,'2026-08-13 06:03:15','2026-08-13 06:09:51',0),(66,61,'district','Nilphamari','নীলফামারী','Nilphamari','nilphamari',0,'2026-08-13 06:03:15','2026-08-13 06:09:51',0),(67,61,'district','Panchagarh','পঞ্চগড়','Panchagarh','panchagarh',0,'2026-08-13 06:03:15','2026-08-13 06:09:51',0),(68,61,'district','Rangpur','রংপুর','Rangpur','rangpur',0,'2026-08-13 06:03:15','2026-08-13 06:09:51',0),(69,61,'district','Thakurgaon','ঠাকুরগাঁও','Thakurgaon','thakurgaon',0,'2026-08-13 06:03:15','2026-08-13 06:09:51',0),(70,NULL,'division','Sylhet Division','সিলেট বিভাগ','Sylhet Division','sylhet-division',0,'2026-08-13 06:03:15','2026-08-13 06:09:51',0),(71,70,'district','Habiganj','হবিগঞ্জ','Habiganj','habiganj',0,'2026-08-13 06:03:15','2026-08-13 06:09:51',0),(72,70,'district','Moulvibazar','মৌলভীবাজার','Moulvibazar','moulvibazar',0,'2026-08-13 06:03:15','2026-08-13 06:09:51',0),(73,70,'district','Sunamganj','সুনামগঞ্জ','Sunamganj','sunamganj',0,'2026-08-13 06:03:15','2026-08-13 06:09:51',0),(74,70,'district','Sylhet','সিলেট','Sylhet','sylhet',0,'2026-08-13 06:03:15','2026-08-13 06:09:51',0);

--
-- Table structure for table `medicines`
--

CREATE TABLE `medicines` (
  `id` bigint unsigned NOT NULL AUTO_INCREMENT,
  `pharmacy_id` bigint unsigned NOT NULL,
  `name` varchar(255) COLLATE utf8mb4_unicode_ci NOT NULL,
  `generic_name` varchar(255) COLLATE utf8mb4_unicode_ci DEFAULT NULL,
  `price_minor` bigint unsigned NOT NULL,
  `stock_quantity` int unsigned NOT NULL DEFAULT '0',
  `prescription_required` tinyint(1) NOT NULL DEFAULT '0',
  `active` tinyint(1) NOT NULL DEFAULT '1',
  `created_at` timestamp NULL DEFAULT NULL,
  `updated_at` timestamp NULL DEFAULT NULL,
  PRIMARY KEY (`id`),
  KEY `medicines_pharmacy_id_foreign` (`pharmacy_id`),
  CONSTRAINT `medicines_pharmacy_id_foreign` FOREIGN KEY (`pharmacy_id`) REFERENCES `pharmacies` (`id`) ON DELETE CASCADE
) ENGINE=InnoDB AUTO_INCREMENT=2 DEFAULT CHARSET=utf8mb4 COLLATE=utf8mb4_unicode_ci;

--
-- Dumping data for table `medicines`
--

INSERT INTO `medicines` VALUES (1,1,'Paracetamol 500mg','Paracetamol',200,100,0,1,'2026-08-21 11:34:41','2026-08-21 11:34:41');

--
-- Table structure for table `migrations`
--

CREATE TABLE `migrations` (
  `id` int unsigned NOT NULL AUTO_INCREMENT,
  `migration` varchar(255) COLLATE utf8mb4_unicode_ci NOT NULL,
  `batch` int NOT NULL,
  PRIMARY KEY (`id`)
) ENGINE=InnoDB AUTO_INCREMENT=52 DEFAULT CHARSET=utf8mb4 COLLATE=utf8mb4_unicode_ci;

--
-- Dumping data for table `migrations`
--

INSERT INTO `migrations` VALUES (1,'2026_08_13_000001_create_identity_and_operations_tables',1),(2,'2026_08_13_000002_create_healthcare_directory_tables',1),(3,'2026_08_13_000003_create_appointments_and_finance_tables',1),(4,'2026_08_13_000004_create_integrations_audit_and_import_tables',1),(5,'2026_08_13_000005_add_directory_source_fields',2),(6,'2026_08_13_000006_add_agent_patient_security',3),(7,'2026_08_13_000007_expand_discovery_and_chambers',4),(8,'2026_08_13_000008_expand_completion_requests',5),(9,'2026_08_13_000009_expand_agent_finance',6),(10,'2026_08_13_000010_expand_clinical_queue',7),(11,'2026_08_13_000011_create_partner_marketplaces',8),(12,'2026_08_13_000012_complete_directory_scheduling_and_commerce',9),(13,'2026_08_13_000013_add_notification_delivery_idempotency',10),(14,'2026_08_13_000014_add_partner_commission_ledger',11),(15,'2026_08_13_000015_remove_synthetic_doctorghor_licenses',12),(16,'2026_08_13_000016_add_operational_query_indexes',12),(17,'2026_08_13_000017_backfill_directory_english_names',13),(18,'2026_08_13_000018_add_directory_display_order',14),(19,'2026_08_13_000019_add_patient_age_and_booking_request_date',15),(20,'2026_08_13_000020_create_cms_pages',16),(21,'2026_08_13_000021_seed_bangladesh_divisions_and_districts',16),(22,'2026_08_13_000022_localize_bangladesh_locations',17),(23,'2026_08_13_000023_add_production_seo_and_cms_fields',18),(24,'2026_08_13_000024_add_location_order_and_promotion_workflow',18),(25,'2026_08_13_000025_create_blog_contact_and_admin_operations',19),(26,'2026_08_13_000026_publish_professional_core_pages',20),(27,'2026_08_13_000027_add_appointment_visit_location_and_long_blogs',21),(28,'2026_08_18_000028_add_patient_codes_and_doccarex_brand',22),(29,'2026_08_18_000029_expand_content_smartcare_and_institution_media',23),(30,'2026_08_18_000030_extend_long_form_blog_word_counts',24),(31,'2026_08_18_000031_remove_public_phone_numbers_from_institution_addresses',25),(32,'2026_08_19_000032_add_review_admin_and_operational_controls',26),(33,'2026_08_19_000033_add_directory_visibility_and_guest_reviewers',27),(34,'2026_08_20_000034_add_account_identity_impersonation_and_doctor_badge',28),(35,'2026_08_20_000035_backfill_doctor_profile_slugs',29),(36,'2026_08_20_000036_add_doctor_patient_statistics',30),(37,'2026_08_20_000037_add_patient_reference_agent_commissions',31),(38,'2026_08_20_000038_add_homepage_ads_and_popup',32),(39,'2026_08_20_000039_add_homepage_ad_rotation_setting',33),(40,'2026_08_20_000040_allow_multiple_appointment_managers',34),(41,'2026_08_20_000041_add_serial_number_to_approval_notifications',34),(42,'2026_08_20_000042_add_bilingual_doctor_conditions',35),(43,'2026_08_20_000043_complete_doctor_bilingual_directory_data',36),(44,'2026_08_20_000044_refine_doctor_conditions_by_speciality',37),(45,'2026_08_21_000045_create_symptom_routing_library',38),(46,'2026_08_21_000046_professionalize_doctor_slugs',39),(47,'2026_08_21_000047_create_speciality_treatment_sources_table',40),(48,'2026_08_21_000048_scope_hospital_receptions_and_fill_bangla_doctor_names',41),(49,'2026_08_21_000049_add_bilingual_chamber_content',42),(50,'2026_08_21_000050_add_district_scope_to_users',43),(51,'2026_08_22_000051_optimize_notification_polling',44);

--
-- Table structure for table `notification_deliveries`
--

CREATE TABLE `notification_deliveries` (
  `id` bigint unsigned NOT NULL AUTO_INCREMENT,
  `user_id` bigint unsigned DEFAULT NULL,
  `appointment_id` bigint unsigned DEFAULT NULL,
  `event` varchar(255) COLLATE utf8mb4_unicode_ci NOT NULL,
  `channel` varchar(255) COLLATE utf8mb4_unicode_ci NOT NULL,
  `destination_masked` varchar(255) COLLATE utf8mb4_unicode_ci NOT NULL,
  `provider_reference` varchar(255) COLLATE utf8mb4_unicode_ci DEFAULT NULL,
  `status` enum('queued','sent','delivered','failed') COLLATE utf8mb4_unicode_ci NOT NULL DEFAULT 'queued',
  `error_code` varchar(255) COLLATE utf8mb4_unicode_ci DEFAULT NULL,
  `created_at` timestamp NOT NULL DEFAULT CURRENT_TIMESTAMP,
  `sent_at` timestamp NULL DEFAULT NULL,
  `deduplication_key` varchar(255) COLLATE utf8mb4_unicode_ci DEFAULT NULL,
  PRIMARY KEY (`id`),
  UNIQUE KEY `notification_deliveries_deduplication_key_unique` (`deduplication_key`),
  KEY `notification_deliveries_appointment_id_created_at_index` (`appointment_id`,`created_at`),
  KEY `idx_delivery_user_event_created` (`user_id`,`event`,`created_at`),
  CONSTRAINT `notification_deliveries_appointment_id_foreign` FOREIGN KEY (`appointment_id`) REFERENCES `appointments` (`id`) ON DELETE SET NULL,
  CONSTRAINT `notification_deliveries_user_id_foreign` FOREIGN KEY (`user_id`) REFERENCES `users` (`id`) ON DELETE SET NULL
) ENGINE=InnoDB AUTO_INCREMENT=101 DEFAULT CHARSET=utf8mb4 COLLATE=utf8mb4_unicode_ci;

--
-- Dumping data for table `notification_deliveries`
--

INSERT INTO `notification_deliveries` VALUES (1,NULL,NULL,'otp','sms','015*****750','583029a2-6416-43c4-81b4-cc7029f0e693','sent',NULL,'2026-08-13 05:00:20','2026-08-13 05:00:20',NULL),(2,52,NULL,'account_created','sms','013*****720','mock-fb9a0b69-f7f6-46b1-82a4-485b71e033d9','sent',NULL,'2026-08-13 05:32:13','2026-08-13 05:32:13',NULL),(3,52,NULL,'account_created','whatsapp','013*****720','mock-856d74c5-6ec9-4b6a-ab64-8a74ec7f9dcf','sent',NULL,'2026-08-13 05:32:13','2026-08-13 05:32:13',NULL),(4,53,NULL,'account_created','sms','019*****001','mock-70cd0156-ff26-4b0a-8941-810ca11e3c19','sent',NULL,'2026-08-13 07:05:23','2026-08-13 07:05:23',NULL),(5,53,NULL,'account_created','whatsapp','019*****001','mock-f8a813c0-f7c4-4d6c-be40-2795a3bc5f33','sent',NULL,'2026-08-13 07:05:23','2026-08-13 07:05:23',NULL),(6,53,4,'appointment_requested','sms','019*****001','mock-e8139864-3db3-4fa6-a388-1c2b6ca46907','sent',NULL,'2026-08-13 07:05:24','2026-08-13 07:05:24','appointment_requested:sms:53:4'),(7,53,4,'appointment_requested','whatsapp','019*****001','mock-4f966f31-3c28-440a-9cdd-244f09ac2f71','sent',NULL,'2026-08-13 07:05:24','2026-08-13 07:05:24','appointment_requested:whatsapp:53:4'),(8,54,NULL,'account_created','sms','017*****182','mock-3c08e30e-5af1-4cf9-9d91-4fcbc5726ffa','sent',NULL,'2026-08-13 10:14:56','2026-08-13 10:14:56',NULL),(9,54,NULL,'account_created','whatsapp','017*****182','mock-21d0d032-85dc-45a7-b569-5727a4fdbb82','sent',NULL,'2026-08-13 10:14:56','2026-08-13 10:14:56',NULL),(10,54,5,'appointment_requested','sms','017*****182','mock-e2575bfe-d8cb-4eb6-9ea6-cc7c42224b47','sent',NULL,'2026-08-13 10:14:57','2026-08-13 10:14:57','appointment_requested:sms:54:5'),(11,54,5,'appointment_requested','whatsapp','017*****182','mock-4e90b7c0-ce99-49e0-900a-5f1b2544cb72','sent',NULL,'2026-08-13 10:14:57','2026-08-13 10:14:57','appointment_requested:whatsapp:54:5'),(12,6,1,'appointment_approved','sms','017*****006','mock-8ad09220-13b3-49a2-ab6c-e5d08146fcf1','sent',NULL,'2026-08-13 10:15:58','2026-08-13 10:15:58','appointment_approved:sms:6:1'),(13,6,1,'appointment_approved','email','pa***@shastholink.test','mock-c130122f-09e3-4ce4-8923-2acca4fcd273','sent',NULL,'2026-08-13 10:15:58','2026-08-13 10:15:58','appointment_approved:email:6:1'),(14,6,1,'appointment_approved','whatsapp','017*****006','mock-6fbda7cd-7ef8-42f8-979a-fabb60a2fadb','sent',NULL,'2026-08-13 10:15:58','2026-08-13 10:15:58','appointment_approved:whatsapp:6:1'),(15,7,1,'appointment_approved','sms','017*****007','mock-b58b4b8a-9b53-4956-9245-27a39ea78170','sent',NULL,'2026-08-13 10:15:58','2026-08-13 10:15:58','appointment_approved:sms:7:1'),(16,7,1,'appointment_approved','email','ag***@shastholink.test','mock-48cfa7b7-a9b2-4c44-ae90-808d612566e9','sent',NULL,'2026-08-13 10:15:58','2026-08-13 10:15:58','appointment_approved:email:7:1'),(17,7,1,'appointment_approved','whatsapp','017*****007','mock-bd29d1b5-6b38-48cb-b939-6a34dce620ce','sent',NULL,'2026-08-13 10:15:58','2026-08-13 10:15:58','appointment_approved:whatsapp:7:1'),(18,53,4,'appointment_approved','sms','019*****001','mock-3ba8cb5b-0246-4c10-815e-98dc6fd7376d','sent',NULL,'2026-08-13 10:28:10','2026-08-13 10:28:10','appointment_approved:sms:53:4'),(19,53,4,'appointment_approved','whatsapp','019*****001','mock-52298c85-40ed-4dbd-be7a-fb60f0277258','sent',NULL,'2026-08-13 10:28:10','2026-08-13 10:28:10','appointment_approved:whatsapp:53:4'),(20,54,5,'appointment_approved','sms','017*****182','mock-a8d38473-dae2-4342-8974-719518dfca48','sent',NULL,'2026-08-13 10:28:33','2026-08-13 10:28:33','appointment_approved:sms:54:5'),(21,54,5,'appointment_approved','whatsapp','017*****182','mock-76e9e432-b072-4ff6-9fd8-50bbedd59b75','sent',NULL,'2026-08-13 10:28:33','2026-08-13 10:28:33','appointment_approved:whatsapp:54:5'),(22,54,5,'appointment_cancelled','sms','017*****182','mock-06eb1703-ea95-467f-9080-2db97aa65779','sent',NULL,'2026-08-13 10:29:15','2026-08-13 10:29:15','appointment_cancelled:sms:54:5'),(23,54,5,'appointment_cancelled','whatsapp','017*****182','mock-9fab1b49-db44-44bc-9dc3-3b579422e9d5','sent',NULL,'2026-08-13 10:29:15','2026-08-13 10:29:15','appointment_cancelled:whatsapp:54:5'),(24,54,6,'appointment_requested','sms','017*****182','mock-87c183cf-010e-4169-890d-5a2517338f0d','sent',NULL,'2026-08-13 10:30:54','2026-08-13 10:30:54','appointment_requested:sms:54:6'),(25,54,6,'appointment_requested','whatsapp','017*****182','mock-e3acf28c-4eed-421e-a014-04447c4c7d0f','sent',NULL,'2026-08-13 10:30:54','2026-08-13 10:30:54','appointment_requested:whatsapp:54:6'),(26,4,6,'appointment_requested','sms','017*****004','mock-ad49d86c-8897-4e86-b556-63dec54d1c00','sent',NULL,'2026-08-13 10:30:54','2026-08-13 10:30:54','appointment_requested:sms:4:6'),(27,4,6,'appointment_requested','email','do***@shastholink.test','mock-e196cb62-d6c4-4999-a043-0691f9f29621','sent',NULL,'2026-08-13 10:30:54','2026-08-13 10:30:54','appointment_requested:email:4:6'),(28,4,6,'appointment_requested','whatsapp','017*****004','mock-20113998-b138-4086-a94f-4945d7acd728','sent',NULL,'2026-08-13 10:30:54','2026-08-13 10:30:54','appointment_requested:whatsapp:4:6'),(29,54,6,'appointment_approved','sms','017*****182','mock-a2471451-db1c-45f5-99a4-37510d6bd47a','sent',NULL,'2026-08-13 10:31:28','2026-08-13 10:31:28','appointment_approved:sms:54:6'),(30,54,6,'appointment_approved','whatsapp','017*****182','mock-46ec50a4-ddfc-4ba9-af1d-e1a3839d2ebd','sent',NULL,'2026-08-13 10:31:28','2026-08-13 10:31:28','appointment_approved:whatsapp:54:6'),(31,53,4,'appointment_completed','sms','019*****001','mock-0c90adfd-5c87-4bac-a0cb-01d6fe2e4eba','sent',NULL,'2026-08-13 10:32:32','2026-08-13 10:32:32','appointment_completed:sms:53:4'),(32,53,4,'appointment_completed','whatsapp','019*****001','mock-1d69796f-ed5a-4021-a981-9d5e69a24b8c','sent',NULL,'2026-08-13 10:32:32','2026-08-13 10:32:32','appointment_completed:whatsapp:53:4'),(33,55,NULL,'account_created','sms','015*****341','mock-0e54134c-56ad-4938-8216-f7f889669b3c','sent',NULL,'2026-08-16 16:50:35','2026-08-16 16:50:35',NULL),(34,55,NULL,'account_created','whatsapp','015*****341','mock-3e03eb88-8840-43a6-b900-418bb5590510','sent',NULL,'2026-08-16 16:50:35','2026-08-16 16:50:35',NULL),(35,55,7,'appointment_requested','sms','015*****341','mock-51e5b2f5-d595-4113-b232-ff5ed1d3afb2','sent',NULL,'2026-08-16 16:50:52','2026-08-16 16:50:52','appointment_requested:sms:55:7'),(36,55,7,'appointment_requested','whatsapp','015*****341','mock-f609d43d-ddf0-4d61-b3ec-0ce644b87ea7','sent',NULL,'2026-08-16 16:50:52','2026-08-16 16:50:52','appointment_requested:whatsapp:55:7'),(37,4,7,'appointment_requested','sms','017*****004','mock-6671c9d6-131b-46d8-bb4b-fadaff39a9b4','sent',NULL,'2026-08-16 16:50:52','2026-08-16 16:50:52','appointment_requested:sms:4:7'),(38,4,7,'appointment_requested','email','do***@shastholink.test','mock-905e25f7-2992-4d89-b44d-96978072abfe','sent',NULL,'2026-08-16 16:50:52','2026-08-16 16:50:52','appointment_requested:email:4:7'),(39,4,7,'appointment_requested','whatsapp','017*****004','mock-e5f0b709-8888-4907-ab27-14b97bd1ae99','sent',NULL,'2026-08-16 16:50:52','2026-08-16 16:50:52','appointment_requested:whatsapp:4:7'),(40,56,NULL,'account_created','sms','017*****645','mock-7cffbb2f-e927-4f32-950c-b27b8661b434','sent',NULL,'2026-08-18 16:02:55','2026-08-18 16:02:55',NULL),(41,56,NULL,'account_created','whatsapp','017*****645','mock-68115039-1bbe-4a8b-a0bb-168c625f3d81','sent',NULL,'2026-08-18 16:02:55','2026-08-18 16:02:55',NULL),(42,56,8,'appointment_requested','sms','017*****645','mock-f98ff8ae-f499-449b-9406-3461c3489076','sent',NULL,'2026-08-18 16:02:56','2026-08-18 16:02:56','appointment_requested:sms:56:8'),(43,56,8,'appointment_requested','whatsapp','017*****645','mock-ac623c42-0cf8-4b5a-a6a0-2495f81d8e4f','sent',NULL,'2026-08-18 16:02:56','2026-08-18 16:02:56','appointment_requested:whatsapp:56:8'),(44,4,8,'appointment_requested','sms','017*****004','mock-7803850a-5ec2-4ec2-bb15-8afc774a1e14','sent',NULL,'2026-08-18 16:02:56','2026-08-18 16:02:56','appointment_requested:sms:4:8'),(45,4,8,'appointment_requested','email','do***@shastholink.test','mock-9dabd81b-014f-41e4-95d1-b191becee4f7','sent',NULL,'2026-08-18 16:02:56','2026-08-18 16:02:56','appointment_requested:email:4:8'),(46,4,8,'appointment_requested','whatsapp','017*****004','mock-a207b465-0afe-4f55-a377-b2f4649aec36','sent',NULL,'2026-08-18 16:02:56','2026-08-18 16:02:56','appointment_requested:whatsapp:4:8'),(47,56,8,'appointment_approved','sms','017*****645','mock-1487de47-9e2e-4aa6-ab2a-7e45d0c6ef4e','sent',NULL,'2026-08-18 16:05:45','2026-08-18 16:05:45','appointment_approved:sms:56:8'),(48,56,8,'appointment_approved','whatsapp','017*****645','mock-0dfa66cb-00b1-4bd4-a4c0-b6ef0439066b','sent',NULL,'2026-08-18 16:05:45','2026-08-18 16:05:45','appointment_approved:whatsapp:56:8'),(49,54,9,'appointment_requested','sms','017*****182','mock-667cc5d1-633e-48b9-98d3-5caabf5a6c2d','sent',NULL,'2026-08-18 16:06:33','2026-08-18 16:06:33','appointment_requested:sms:54:9'),(50,54,9,'appointment_requested','whatsapp','017*****182','mock-94354228-5c58-4433-8c5d-e69bc6544a5d','sent',NULL,'2026-08-18 16:06:33','2026-08-18 16:06:33','appointment_requested:whatsapp:54:9'),(51,4,9,'appointment_requested','sms','017*****004','mock-6b6262f3-33f7-4da5-9594-9216dc61f890','sent',NULL,'2026-08-18 16:06:33','2026-08-18 16:06:33','appointment_requested:sms:4:9'),(52,4,9,'appointment_requested','email','do***@shastholink.test','mock-eddc7d1d-021c-459c-86ea-5869d7430926','sent',NULL,'2026-08-18 16:06:33','2026-08-18 16:06:33','appointment_requested:email:4:9'),(53,4,9,'appointment_requested','whatsapp','017*****004','mock-1fb0d009-e201-4419-9bbf-cb97c3034609','sent',NULL,'2026-08-18 16:06:33','2026-08-18 16:06:33','appointment_requested:whatsapp:4:9'),(54,54,9,'appointment_approved','sms','017*****182','mock-6e7c40b9-553c-45dc-b704-f8172c12c06c','sent',NULL,'2026-08-18 16:07:31','2026-08-18 16:07:31','appointment_approved:sms:54:9'),(55,54,9,'appointment_approved','whatsapp','017*****182','mock-291d49e6-caab-4adf-ba16-4629a7e60b3b','sent',NULL,'2026-08-18 16:07:31','2026-08-18 16:07:31','appointment_approved:whatsapp:54:9'),(56,54,9,'appointment_completed','sms','017*****182','mock-230dab07-d91c-4c6f-99fd-9375b58a747f','sent',NULL,'2026-08-18 16:08:32','2026-08-18 16:08:32','appointment_completed:sms:54:9'),(57,54,9,'appointment_completed','whatsapp','017*****182','mock-86d19280-e4f7-4757-a1ca-33eefa6ae4e0','sent',NULL,'2026-08-18 16:08:32','2026-08-18 16:08:32','appointment_completed:whatsapp:54:9'),(58,57,NULL,'account_created','sms','018*****779','mock-c5f41884-40ca-47c6-afc7-ee0d6100d43d','sent',NULL,'2026-08-18 17:56:49','2026-08-18 17:56:50',NULL),(59,57,NULL,'account_created','whatsapp','018*****779','mock-2a1db0e9-0578-4cc4-be9e-139fb03da044','sent',NULL,'2026-08-18 17:56:50','2026-08-18 17:56:50',NULL),(60,57,10,'appointment_requested','sms','018*****779','mock-39a5e533-fa43-48eb-b8f6-feae674bb7c5','sent',NULL,'2026-08-18 17:57:09','2026-08-18 17:57:09','appointment_requested:sms:57:10'),(61,57,10,'appointment_requested','whatsapp','018*****779','mock-b60bbb1c-92a8-493c-8bda-8ed1ba250d19','sent',NULL,'2026-08-18 17:57:09','2026-08-18 17:57:09','appointment_requested:whatsapp:57:10'),(62,4,10,'appointment_requested','sms','017*****004','mock-4a116c28-85ce-4bdb-92aa-78f80fdc237c','sent',NULL,'2026-08-18 17:57:09','2026-08-18 17:57:09','appointment_requested:sms:4:10'),(63,4,10,'appointment_requested','email','do***@shastholink.test','mock-aeca4320-d084-4b7e-8c97-1e75e1aeff38','sent',NULL,'2026-08-18 17:57:09','2026-08-18 17:57:09','appointment_requested:email:4:10'),(64,4,10,'appointment_requested','whatsapp','017*****004','mock-a61fd6c6-cc4a-454b-a4dc-7f38e5fa772b','sent',NULL,'2026-08-18 17:57:09','2026-08-18 17:57:09','appointment_requested:whatsapp:4:10'),(65,57,10,'appointment_approved','sms','018*****779','mock-5ce14eee-e447-4f41-82e6-094a0b248eae','sent',NULL,'2026-08-18 17:58:54','2026-08-18 17:58:54','appointment_approved:sms:57:10'),(66,57,10,'appointment_approved','whatsapp','018*****779','mock-0cc19420-22d8-422f-ad94-ebfdf6a28d34','sent',NULL,'2026-08-18 17:58:54','2026-08-18 17:58:54','appointment_approved:whatsapp:57:10'),(67,57,10,'appointment_completed','sms','018*****779','mock-d7803de4-ddc1-4e3f-968e-d2836779d7e9','sent',NULL,'2026-08-18 17:59:41','2026-08-18 17:59:41','appointment_completed:sms:57:10'),(68,57,10,'appointment_completed','whatsapp','018*****779','mock-d912a0d7-4ace-4adc-aa09-a04fcdae75fc','sent',NULL,'2026-08-18 17:59:41','2026-08-18 17:59:41','appointment_completed:whatsapp:57:10'),(69,58,NULL,'account_created','sms','017*****254','mock-14a8ea97-890e-4a40-8769-4c87938164e2','sent',NULL,'2026-08-20 01:18:05','2026-08-20 01:18:05',NULL),(70,58,NULL,'account_created','whatsapp','017*****254','mock-8b0953e7-c3e7-4a61-90f3-869d0adcc539','sent',NULL,'2026-08-20 01:18:05','2026-08-20 01:18:05',NULL),(71,58,11,'appointment_requested','sms','017*****254','mock-be0f0d8c-8b30-4b5a-85db-7f1fd980ce4f','sent',NULL,'2026-08-20 01:18:35','2026-08-20 01:18:35','appointment_requested:sms:58:11'),(72,58,11,'appointment_requested','whatsapp','017*****254','mock-413458ea-0277-4e69-aee7-eafd7dd9d32c','sent',NULL,'2026-08-20 01:18:35','2026-08-20 01:18:35','appointment_requested:whatsapp:58:11'),(73,4,11,'appointment_requested','sms','017*****004','mock-43f730ab-0495-4c12-8427-4331c55af26e','sent',NULL,'2026-08-20 01:18:35','2026-08-20 01:18:35','appointment_requested:sms:4:11'),(74,4,11,'appointment_requested','email','do***@shastholink.test','mock-e551158c-72ca-4829-b168-f291e2c577cd','sent',NULL,'2026-08-20 01:18:35','2026-08-20 01:18:35','appointment_requested:email:4:11'),(75,4,11,'appointment_requested','whatsapp','017*****004','mock-3570eae1-b224-468e-bd75-0ddedb4736e3','sent',NULL,'2026-08-20 01:18:35','2026-08-20 01:18:35','appointment_requested:whatsapp:4:11'),(76,7,1,'commission_generated','sms','017*****007','mock-4c9873f5-b03d-4980-8fa2-ddde528d1796','sent',NULL,'2026-08-20 01:49:30','2026-08-20 01:49:30','commission_generated:sms:7:1'),(77,7,1,'commission_generated','email','ag***@shastholink.test','mock-6bcc0a27-3947-4288-9ce2-614a6839cd48','sent',NULL,'2026-08-20 01:49:30','2026-08-20 01:49:30','commission_generated:email:7:1'),(78,7,1,'commission_generated','whatsapp','017*****007','mock-ea25e928-7d37-49df-a967-f21f292d4d4c','sent',NULL,'2026-08-20 01:49:30','2026-08-20 01:49:30','commission_generated:whatsapp:7:1'),(79,86,NULL,'account_created','sms','017*****325','mock-a8bbe77b-7a6d-47fb-8975-a45e24b7faf2','sent',NULL,'2026-08-21 14:04:14','2026-08-21 14:04:14',NULL),(80,86,NULL,'account_created','whatsapp','017*****325','mock-797076bf-3919-4416-ae9d-486d17b94aa3','sent',NULL,'2026-08-21 14:04:14','2026-08-21 14:04:14',NULL),(81,86,12,'appointment_requested','sms','017*****325','mock-e9034c10-9c22-4469-a50a-11503b5899ee','sent',NULL,'2026-08-21 14:04:15','2026-08-21 14:04:15','appointment_requested:sms:86:12'),(82,86,12,'appointment_requested','whatsapp','017*****325','mock-d3b7a696-d947-4e0f-8663-1217ea78b636','sent',NULL,'2026-08-21 14:04:15','2026-08-21 14:04:15','appointment_requested:whatsapp:86:12'),(83,5,12,'appointment_requested','sms','017*****005','mock-f1c39119-42c6-49ad-ad0c-c7612575b384','sent',NULL,'2026-08-21 14:04:15','2026-08-21 14:04:15','appointment_requested:sms:5:12'),(84,5,12,'appointment_requested','email','ho***@shastholink.test','mock-6c858754-2fc4-4952-ae73-785dc4cfb172','sent',NULL,'2026-08-21 14:04:15','2026-08-21 14:04:15','appointment_requested:email:5:12'),(85,5,12,'appointment_requested','whatsapp','017*****005','mock-f469ae58-b52e-4b1d-9b35-034fb5dfd96f','sent',NULL,'2026-08-21 14:04:15','2026-08-21 14:04:15','appointment_requested:whatsapp:5:12'),(86,2,12,'appointment_requested','sms','017*****002','mock-0d1418ad-7818-44eb-86d8-3679842d126e','sent',NULL,'2026-08-21 14:04:15','2026-08-21 14:04:15','appointment_requested:sms:2:12'),(87,2,12,'appointment_requested','email','ad***@shastholink.test','mock-e35b9bc4-0ae2-4431-9191-cb1adfe33de2','sent',NULL,'2026-08-21 14:04:15','2026-08-21 14:04:15','appointment_requested:email:2:12'),(88,2,12,'appointment_requested','whatsapp','017*****002','mock-5c0aa53e-935f-43e0-af31-8c552ffded27','sent',NULL,'2026-08-21 14:04:15','2026-08-21 14:04:15','appointment_requested:whatsapp:2:12'),(89,87,NULL,'account_created','sms','017*****158','mock-98c2fe29-91e9-413d-b4f6-211b917228fc','sent',NULL,'2026-08-21 14:05:26','2026-08-21 14:05:26',NULL),(90,87,NULL,'account_created','whatsapp','017*****158','mock-24b3d290-d3d0-43b0-bb82-c73922ad3a78','sent',NULL,'2026-08-21 14:05:26','2026-08-21 14:05:26',NULL),(91,87,13,'appointment_requested','sms','017*****158','mock-199ad598-16ab-4fa3-bd99-8f3bbf97f839','sent',NULL,'2026-08-21 14:05:27','2026-08-21 14:05:27','appointment_requested:sms:87:13'),(92,87,13,'appointment_requested','whatsapp','017*****158','mock-276cd4d2-42b6-4cfb-bfeb-1b163477e04f','sent',NULL,'2026-08-21 14:05:27','2026-08-21 14:05:27','appointment_requested:whatsapp:87:13'),(93,5,13,'appointment_requested','sms','017*****005','mock-742b4460-e2cf-4f70-87af-098037eba26d','sent',NULL,'2026-08-21 14:05:27','2026-08-21 14:05:27','appointment_requested:sms:5:13'),(94,5,13,'appointment_requested','email','ho***@shastholink.test','mock-457b9aff-b18b-4a4a-9013-7e9fc0a26ba5','sent',NULL,'2026-08-21 14:05:27','2026-08-21 14:05:27','appointment_requested:email:5:13'),(95,5,13,'appointment_requested','whatsapp','017*****005','mock-961dfab1-b5c4-48e4-bef7-282487e75fa3','sent',NULL,'2026-08-21 14:05:27','2026-08-21 14:05:27','appointment_requested:whatsapp:5:13'),(96,2,13,'appointment_requested','sms','017*****002','mock-833c7bb8-7161-41fe-82cd-5f09b5255e5a','sent',NULL,'2026-08-21 14:05:27','2026-08-21 14:05:27','appointment_requested:sms:2:13'),(97,2,13,'appointment_requested','email','ad***@shastholink.test','mock-b7a153a8-1165-486b-8492-8c75887a85df','sent',NULL,'2026-08-21 14:05:27','2026-08-21 14:05:27','appointment_requested:email:2:13'),(98,2,13,'appointment_requested','whatsapp','017*****002','mock-58275018-b909-4e6f-a9b7-d7530dbb5904','sent',NULL,'2026-08-21 14:05:27','2026-08-21 14:05:27','appointment_requested:whatsapp:2:13'),(99,86,12,'appointment_cancelled','sms','017*****325','mock-c91adbac-587e-4867-bf6f-9ce57e5fade6','sent',NULL,'2026-08-21 14:05:44','2026-08-21 14:05:44','appointment_cancelled:sms:86:12'),(100,86,12,'appointment_cancelled','whatsapp','017*****325','mock-3cb69949-8c4b-47eb-ab99-3d4222cfd9ec','sent',NULL,'2026-08-21 14:05:44','2026-08-21 14:05:44','appointment_cancelled:whatsapp:86:12');

--
